{"id":38074,"date":"2021-03-15T14:14:43","date_gmt":"2021-03-15T11:14:43","guid":{"rendered":"https:\/\/perfectvenue.es\/?post_type=job_listing&#038;p=38074"},"modified":"2022-11-15T17:18:59","modified_gmt":"2022-11-15T14:18:59","slug":"finca-llucasaldent-gran-menorca","status":"publish","type":"job_listing","link":"https:\/\/perfectvenue.es\/es\/listings\/finca-llucasaldent-gran-menorca\/","title":{"rendered":"Finca Llucasaldent Gran, Menorca"},"content":{"rendered":"<p><\/p>\n<h2>Historia<\/h2>\n<p style=\"text-align: justify;\">Llucasaldent Gran es una finca de propiedad Menorquina ubicada en una zona elevada de terreno que hace que tenga unas vistas panor\u00e1micas pr\u00e1cticamente 360\u00ba. Un privilegio que los hu\u00e9spedes aprecian much\u00edsimo, ya que todas las habitaciones tienen vistas despejadas en el horizonte hacia el mar o hacia el campo menorqu\u00edn.<\/p>\n<p style=\"text-align: justify;\">La sensaci\u00f3n de paz y tranquilidad se respira por cualquier rinc\u00f3n, la sala de masajes y los honesty bar siempre sorprenden y la c\u00e1lida acogida que Germ\u00e1n y Cristina realizan a sus hu\u00e9spedes hacen que estos se encuentren como en casa y quieran repetir la experiencia a\u00f1o tras a\u00f1o.<br \/>\nLa finca cuenta con explotaci\u00f3n agr\u00edcola, (vi\u00f1edos y olivos) adem\u00e1s de terrenos boscosos con cuidados senderos para pasear o ir en bicicleta.<\/p>\n<p style=\"text-align: justify;\">El hotel Agroturismo persigue transmitir todo aquello que Menorca como isla difunde mediante su distinci\u00f3n de reserva de la biosfera.<\/p>\n<p style=\"text-align: justify;\">La sostenibilidad y el apoyo local son los dos ejes principales por los que han comenzado,\u00a0 la instalaci\u00f3n de placas solares y depuradoras de aguas, la utilizaci\u00f3n de materiales ecol\u00f3gicos en los amenities y otros productos, La producci\u00f3n de sus propias frutas y verduras en el huerto e invernadero, la prevalencia de producto Menorqu\u00edn tanto en el restaurante como en la peque\u00f1a tienda boutique de recepci\u00f3n y la clara apuesta por la colaboraci\u00f3n con otros profesionales de la isla para ofrecer experiencias a los hu\u00e9spedes tanto dentro como fuera de la finca son algunas de las acciones que hacen que Llucasaldent Gran sea un referente en la isla y fuera de ella.<\/p>\n<h2>Bodas y Eventos<\/h2>\n<p style=\"text-align: justify;\">La versatilidad de la finca hace que sea id\u00f3nea para la celebraci\u00f3n de bodas y eventos, ya que dispone de diferentes escenarios para utilizar en cada momento, desde el espacio para la ceremonia, el aperitivo, el convite, la discoteca, el shooting etc\u2026<\/p>\n<p style=\"text-align: justify;\">Es una de las fincas mejor preparadas para trabajar con comodidad durante el evento, ya que cuenta con lugares pensados para que caterings externos y otros profesionales puedan dar el servicio durante el evento en las mejores condiciones.<\/p>\n<p>Es posible, realizar espect\u00e1culos ecuestres, lanzar fuegos artificiales o incluso llegar en helic\u00f3ptero a la finca para hacer el evento a\u00fan m\u00e1s especial.<\/p>\n<p>La terraza con la sombra natural de los arboles de morera y su espectacular carpa de 400m2 ambas con vistas panor\u00e1micas hacia el mar, son los 2 espacios m\u00e1s utilizados para cualquier celebraci\u00f3n.<\/p>\n<h3>Detalles:<\/h3>\n<ul>\n<li style=\"text-align: justify;\"><strong>\u00bfQu\u00e9 tipo de eventos se puede organizar en el espacio? <\/strong>Bodas, cumplea\u00f1os, eventos MICE, reuniones, ponencias, congresos, encuentros, retiros, presentaciones de empresa y\/o producto, incentivos etc.<\/li>\n<li style=\"text-align: justify;\"><strong>Precio alquiler (desde y hasta) <\/strong>Para privatizar la finca para una celebraci\u00f3n es necesario la reserva por un m\u00ednimo de noches que depender\u00e1 de las fechas escogidas, siendo el precio de partida unos 18 mil euros por 3 noches en temporada baja y pudiendo llegar hasta\u00a0 los 70 mil euros por una semana en agosto.<\/li>\n<li style=\"text-align: justify;\"><strong>Precio men\u00fa por persona (desde y hasta) <\/strong>El hotel cuenta con restaurante a la carta para el servicio de cenas con un precio de entre 30 y 60\u20ac por persona dependiendo de los platos escogidos.<\/li>\n<li style=\"text-align: justify;\">En el caso de eventos de m\u00e1s de 40 personas es necesario la contrataci\u00f3n de catering externo.<\/li>\n<li style=\"text-align: justify;\">\u00a0<strong>\u00bfTen\u00e9is cocina propia? \u00bfQu\u00e9 tipo de cocina sirves? <\/strong>Si, cocina mediterr\u00e1nea y menorquina con recetas tradicionales pero elaboradas de forma m\u00e1s creativa y con nuevas t\u00e9cnicas y utilizando producto de temporada y de Km 0 en la medida de lo posible, adem\u00e1s del producto de nuestro propio huerto.<\/li>\n<li style=\"text-align: justify;\"><strong>\u00bfTen\u00e9is alojamiento? <\/strong>Si<\/li>\n<li style=\"text-align: justify;\"><strong>\u00bfCu\u00e1ntas habitaciones tiene? (Si, ten\u00e9is alojamiento) <\/strong>12 habitaciones + 1 casa completa<\/li>\n<li style=\"text-align: justify;\"><strong>N\u00ba de invitados (desde y hasta) <\/strong>Hospedados hasta 33 personas, asistentes a eventos hasta 250 \u2013 300 personas.<\/li>\n<li style=\"text-align: justify;\"><strong>\u00bfCu\u00e1l es el recargo en caso de no llegar al m\u00ednimo de invitados? <\/strong>No hay m\u00ednimo de invitados mientras se privatice la finca completa.<\/li>\n<li style=\"text-align: justify;\"><strong>\u00bfSe puede organizar ceremonia simb\u00f3lica? \u00bfQu\u00e9 precio tiene? <\/strong>Si, se puede organizar una ceremonia en la finca, ya sea simb\u00f3lica u oficial con la participaci\u00f3n del alcalde del pueblo de Alaior.<\/li>\n<li style=\"text-align: justify;\"><strong>\u00bfTen\u00e9is l\u00edmite de hora en las celebraciones? <\/strong>Lo normal es hasta las 2 am, pero depender\u00e1 del tipo de evento, que se pueda alargar un poco m\u00e1s o no.<\/li>\n<li style=\"text-align: justify;\"><strong>\u00bfCelebras m\u00e1s de un evento al d\u00eda? <\/strong>Normalmente no.<\/li>\n<li style=\"text-align: justify;\"><strong>\u00bfTen\u00e9is exclusividad fot\u00f3grafo\/m\u00fasica\/florista? <\/strong>No.<\/li>\n<li style=\"text-align: justify;\"><strong>\u00bfC\u00f3mo se efect\u00faa el pago? <\/strong>25% para confirmar la reserva, 50% entre 4 y 6 meses antes del evento y el 25% restante durante el mes previo al evento.<\/li>\n<li style=\"text-align: justify;\"><strong>\u00bfDispones de acceso para discapacitados? <\/strong>Si<\/li>\n<li style=\"text-align: justify;\"><strong>\u00bfAcept\u00e1is mascotas? <\/strong>Si, perros peque\u00f1os ocasionalmente.<\/li>\n<li style=\"text-align: justify;\"><strong>\u00bfEn qu\u00e9 idiomas pod\u00e9is atender a los clientes? <\/strong>Espa\u00f1ol, ingl\u00e9s, e italiano. Aunque en el restaurante contamos con personal que tambi\u00e9n habla franc\u00e9s y alem\u00e1n.<\/li>\n<\/ul>\n<h2>C\u00f3mo llegar a Finca Llucasaldent Gran:<\/h2>\n<p>Direcci\u00f3n: Carretera de Son Bou Km 2,4<\/p>\n<ul>\n<li style=\"text-align: justify;\">La finca tiene 3 accesos directos desde la carretera de Alaior a Son bou, con camino asfaltado hasta la entrada.<\/li>\n<li style=\"text-align: justify;\">\u00a02 de ellos accesibles para minibuses.<\/li>\n<li style=\"text-align: justify;\">Hay varias zonas de parking al aire libre.<\/li>\n<\/ul>\n<p><\/p>","protected":false},"featured_media":38103,"comment_status":"closed","ping_status":"closed","template":"","meta":{"_job_location":"Carretera de Son Bou, 07730, Balearic Islands","_company_website":"","_company_tagline":"Llucasaldent Gran es una finca de propiedad Menorquina ubicada en una zona elevada de terreno que hace que tenga unas vistas panor\u00e1micas pr\u00e1cticamente 360\u00ba.","_company_twitter":"","_filled":0,"_featured":0},"job_listing_region":[107],"job-categories":[819,1368,823,1249,98],"venue_type":[150,142],"wedding_style":[],"class_list":["post-38074","job_listing","type-job_listing","status-publish","has-post-thumbnail","hentry","job_listing_region-balearic-islands","job_listing_category-anniversary","job_listing_category-elopement","job_listing_category-engagement-party","job_listing_category-mice-venues","job_listing_category-wedding","people-211","budget-3940","accommodation-yes","venue_type-boutique-hotel","venue_type-mountain-view","other-outside-space","other-car-parking","other-dog-friendly","job_listing_tag-menorca-bodas","job_listing_tag-menorca-wedding-venue","job_listing_tag-menorca-weddings"],"_links":{"self":[{"href":"https:\/\/perfectvenue.es\/es\/wp-json\/wp\/v2\/job-listings\/38074","targetHints":{"allow":["GET"]}}],"collection":[{"href":"https:\/\/perfectvenue.es\/es\/wp-json\/wp\/v2\/job-listings"}],"about":[{"href":"https:\/\/perfectvenue.es\/es\/wp-json\/wp\/v2\/types\/job_listing"}],"replies":[{"embeddable":true,"href":"https:\/\/perfectvenue.es\/es\/wp-json\/wp\/v2\/comments?post=38074"}],"wp:featuredmedia":[{"embeddable":true,"href":"https:\/\/perfectvenue.es\/es\/wp-json\/wp\/v2\/media\/38103"}],"wp:attachment":[{"href":"https:\/\/perfectvenue.es\/es\/wp-json\/wp\/v2\/media?parent=38074"}],"wp:term":[{"taxonomy":"job_listing_region","embeddable":true,"href":"https:\/\/perfectvenue.es\/es\/wp-json\/wp\/v2\/job_listing_region?post=38074"},{"taxonomy":"job_listing_category","embeddable":true,"href":"https:\/\/perfectvenue.es\/es\/wp-json\/wp\/v2\/job-categories?post=38074"},{"taxonomy":"venue_type","embeddable":true,"href":"https:\/\/perfectvenue.es\/es\/wp-json\/wp\/v2\/venue_type?post=38074"},{"taxonomy":"wedding_style","embeddable":true,"href":"https:\/\/perfectvenue.es\/es\/wp-json\/wp\/v2\/wedding_style?post=38074"}],"curies":[{"name":"wp","href":"https:\/\/api.w.org\/{rel}","templated":true}]}}

<p></p>
<h2>Historia</h2>
<p style="text-align: justify;">Llucasaldent Gran es una finca de propiedad Menorquina ubicada en una zona elevada de terreno que hace que tenga unas vistas panorámicas prácticamente 360º. Un privilegio que los huéspedes aprecian muchísimo, ya que todas las habitaciones tienen vistas despejadas en el horizonte hacia el mar o hacia el campo menorquín.</p>
<p style="text-align: justify;">La sensación de paz y tranquilidad se respira por cualquier rincón, la sala de masajes y los honesty bar siempre sorprenden y la cálida acogida que Germán y Cristina realizan a sus huéspedes hacen que estos se encuentren como en casa y quieran repetir la experiencia año tras año.<br />
La finca cuenta con explotación agrícola, (viñedos y olivos) además de terrenos boscosos con cuidados senderos para pasear o ir en bicicleta.</p>
<p style="text-align: justify;">El hotel Agroturismo persigue transmitir todo aquello que Menorca como isla difunde mediante su distinción de reserva de la biosfera.</p>
<p style="text-align: justify;">La sostenibilidad y el apoyo local son los dos ejes principales por los que han comenzado,  la instalación de placas solares y depuradoras de aguas, la utilización de materiales ecológicos en los amenities y otros productos, La producción de sus propias frutas y verduras en el huerto e invernadero, la prevalencia de producto Menorquín tanto en el restaurante como en la pequeña tienda boutique de recepción y la clara apuesta por la colaboración con otros profesionales de la isla para ofrecer experiencias a los huéspedes tanto dentro como fuera de la finca son algunas de las acciones que hacen que Llucasaldent Gran sea un referente en la isla y fuera de ella.</p>
<h2>Bodas y Eventos</h2>
<p style="text-align: justify;">La versatilidad de la finca hace que sea idónea para la celebración de bodas y eventos, ya que dispone de diferentes escenarios para utilizar en cada momento, desde el espacio para la ceremonia, el aperitivo, el convite, la discoteca, el shooting etc…</p>
<p style="text-align: justify;">Es una de las fincas mejor preparadas para trabajar con comodidad durante el evento, ya que cuenta con lugares pensados para que caterings externos y otros profesionales puedan dar el servicio durante el evento en las mejores condiciones.</p>
<p>Es posible, realizar espectáculos ecuestres, lanzar fuegos artificiales o incluso llegar en helicóptero a la finca para hacer el evento aún más especial.</p>
<p>La terraza con la sombra natural de los arboles de morera y su espectacular carpa de 400m2 ambas con vistas panorámicas hacia el mar, son los 2 espacios más utilizados para cualquier celebración.</p>
<h3>Detalles:</h3>
<ul>
<li style="text-align: justify;"><strong>¿Qué tipo de eventos se puede organizar en el espacio? </strong>Bodas, cumpleaños, eventos MICE, reuniones, ponencias, congresos, encuentros, retiros, presentaciones de empresa y/o producto, incentivos etc.</li>
<li style="text-align: justify;"><strong>Precio alquiler (desde y hasta) </strong>Para privatizar la finca para una celebración es necesario la reserva por un mínimo de noches que dependerá de las fechas escogidas, siendo el precio de partida unos 18 mil euros por 3 noches en temporada baja y pudiendo llegar hasta  los 70 mil euros por una semana en agosto.</li>
<li style="text-align: justify;"><strong>Precio menú por persona (desde y hasta) </strong>El hotel cuenta con restaurante a la carta para el servicio de cenas con un precio de entre 30 y 60€ por persona dependiendo de los platos escogidos.</li>
<li style="text-align: justify;">En el caso de eventos de más de 40 personas es necesario la contratación de catering externo.</li>
<li style="text-align: justify;"> <strong>¿Tenéis cocina propia? ¿Qué tipo de cocina sirves? </strong>Si, cocina mediterránea y menorquina con recetas tradicionales pero elaboradas de forma más creativa y con nuevas técnicas y utilizando producto de temporada y de Km 0 en la medida de lo posible, además del producto de nuestro propio huerto.</li>
<li style="text-align: justify;"><strong>¿Tenéis alojamiento? </strong>Si</li>
<li style="text-align: justify;"><strong>¿Cuántas habitaciones tiene? (Si, tenéis alojamiento) </strong>12 habitaciones + 1 casa completa</li>
<li style="text-align: justify;"><strong>Nº de invitados (desde y hasta) </strong>Hospedados hasta 33 personas, asistentes a eventos hasta 250 – 300 personas.</li>
<li style="text-align: justify;"><strong>¿Cuál es el recargo en caso de no llegar al mínimo de invitados? </strong>No hay mínimo de invitados mientras se privatice la finca completa.</li>
<li style="text-align: justify;"><strong>¿Se puede organizar ceremonia simbólica? ¿Qué precio tiene? </strong>Si, se puede organizar una ceremonia en la finca, ya sea simbólica u oficial con la participación del alcalde del pueblo de Alaior.</li>
<li style="text-align: justify;"><strong>¿Tenéis límite de hora en las celebraciones? </strong>Lo normal es hasta las 2 am, pero dependerá del tipo de evento, que se pueda alargar un poco más o no.</li>
<li style="text-align: justify;"><strong>¿Celebras más de un evento al día? </strong>Normalmente no.</li>
<li style="text-align: justify;"><strong>¿Tenéis exclusividad fotógrafo/música/florista? </strong>No.</li>
<li style="text-align: justify;"><strong>¿Cómo se efectúa el pago? </strong>25% para confirmar la reserva, 50% entre 4 y 6 meses antes del evento y el 25% restante durante el mes previo al evento.</li>
<li style="text-align: justify;"><strong>¿Dispones de acceso para discapacitados? </strong>Si</li>
<li style="text-align: justify;"><strong>¿Aceptáis mascotas? </strong>Si, perros pequeños ocasionalmente.</li>
<li style="text-align: justify;"><strong>¿En qué idiomas podéis atender a los clientes? </strong>Español, inglés, e italiano. Aunque en el restaurante contamos con personal que también habla francés y alemán.</li>
</ul>
<h2>Cómo llegar a Finca Llucasaldent Gran:</h2>
<p>Dirección: Carretera de Son Bou Km 2,4</p>
<ul>
<li style="text-align: justify;">La finca tiene 3 accesos directos desde la carretera de Alaior a Son bou, con camino asfaltado hasta la entrada.</li>
<li style="text-align: justify;"> 2 de ellos accesibles para minibuses.</li>
<li style="text-align: justify;">Hay varias zonas de parking al aire libre.</li>
</ul>
<p></p>

Llucasaldent Gran es una finca de propiedad Menorquina ubicada en una zona elevada de terreno que hace que tenga unas vistas panorámicas prácticamente 360º.
