{"id":34644,"date":"2021-08-26T12:54:17","date_gmt":"2021-08-26T09:54:17","guid":{"rendered":"https:\/\/perfectvenue.es\/?post_type=job_listing&#038;p=34644"},"modified":"2022-11-15T17:07:16","modified_gmt":"2022-11-15T14:07:16","slug":"finca-menorquina-rafal-rubi","status":"publish","type":"job_listing","link":"https:\/\/perfectvenue.es\/es\/listings\/finca-menorquina-rafal-rubi\/","title":{"rendered":"Finca menorquina Rafal Rub\u00ed"},"content":{"rendered":"<p><\/p>\n<div class=\"Qr7Oae\" role=\"listitem\">\n<div class=\"OxAavc NVbRL\" data-required=\"true\" data-item-id=\"1508676172\">\n<div class=\"xMZTse Ih4Dzb\">\n<h2 class=\"Mh5jwe JqSWld yqQS1\" aria-describedby=\"c246\">Historia<\/h2>\n<\/div>\n<div style=\"text-align: justify;\" aria-describedby=\"c246\">\n<p>Charles y Diane han hecho realidad el sue\u00f1o de reformar la finca en una\u00a0<b>propiedad totalmente sostenible con el medioambiente y autosuficiente energ\u00e9ticamente<\/b>.<\/p>\n<p>Su compromiso es firme para que sus hijas vivan en un mundo mejor y siempre pensando en la regla de las\u00a0<b>5R ecol\u00f3gicas: rechazar, reducir, reutilizar, reciclar y recuperar<\/b>.<\/p>\n<p>A su llegada a nuestra finca, les recibiremos en las\u00a0<b>antiguas boyeras<\/b>\u00a0junto a la piscina, rodeada de terrazas. Un espacio com\u00fan y de encuentro. Tambi\u00e9n albergan el bar y el restaurante, donde se servir\u00e1 el desayuno preparado a base de productos locales y el lugar ideal para tomar una copa o un refrigerio.<\/p>\n<p>Diane y nuestro jardinero cuidan con cari\u00f1o del\u00a0<b>vivero<\/b>\u00a0y de las zonas habilitadas para la\u00a0<b>producci\u00f3n de verduras , flores y plantas decorativas<\/b>\u00a0para la finca y de nuestras gallinas. Los c\u00edtricos destacan por su gran calidad. El cultivo de fresas es una de las especialidades de la casa, y estamos convencidos que, en un futuro pr\u00f3ximo,\u00a0<b>la plantaci\u00f3n de m\u00e1s de 350 olivos<\/b>\u00a0nos deleitar\u00e1 con sus frutos y podremos producir y\u00a0<b>degustar nuestro propio aceite<\/b>.<\/p>\n<p>Descubra los\u00a0<b>caminos y jardines<\/b>\u00a0que rodean las casas, y disfrute del jard\u00edn rom\u00e1ntico, el lugar preferido de encuentro de toda nuestra familia, con sus canales de riego de inspiraci\u00f3n y herencia \u00e1rabe. El lugar ideal para perderse entre los aromas de una\u00a0<b>amplia diversidad de plantas arom\u00e1ticas y gran variedad de flores<\/b>.<\/p>\n<\/div>\n<h2 aria-describedby=\"c246\">Bodas y Eventos<\/h2>\n<div class=\"xMZTse Ih4Dzb\">\n<div aria-describedby=\"c246\"><\/div>\n<\/div>\n<div aria-describedby=\"c246\">\n<p style=\"text-align: justify;\">Hermosa finca menorquina Rafal Rub\u00ed es el lugar ideal, un lugar de descanso y paz en completa armon\u00eda con la naturaleza. Un \u201clloc\u201d menorquin aut\u00e9ntico. Aproveche los jardines, el campo y cualquiera de los espacios de la finca para personalizar y celebrar su evento. Privatizaremos toda la finca para su celebraci\u00f3n.<\/p>\n<p style=\"text-align: justify;\">Nuestro chef idear\u00e1 un men\u00fa adaptado a sus gustos y necesidades.<\/p>\n<h3>Detalles<\/h3>\n<ul>\n<li style=\"text-align: justify;\"><span style=\"font-weight: 400;\">\u00bfQu\u00e9 tipo de eventos se puede celebrar en el espacio?: Bodas ( m\u00e1ximo 100 personas) pero no hay carpas, team building, incentivos, presentaciones de empresa o productos, shootings, eventos privados, coworking retiros de yoga, meditaci\u00f3n, encuentros familiares.<\/span><\/li>\n<li style=\"text-align: justify;\"><span style=\"font-weight: 400;\">Precio alquiler desde: Alquiler todas las habitaciones del hotel a partir de 3.500 \u20ac por noche. Los precios cambian seg\u00fan la temporada.<\/span><\/li>\n<li style=\"text-align: justify;\"><span style=\"font-weight: 400;\">Precio men\u00fa por persona (desde y hasta): A partir de 35 euros aprox.<\/span><\/li>\n<li style=\"text-align: justify;\"><span style=\"font-weight: 400;\">\u00bfTen\u00e9is cocina propia? \u00bfQu\u00e9 tipo de cocina sirves?: Si. Cocina menorquina con productos de la finca<\/span><\/li>\n<li style=\"text-align: justify;\"><span style=\"font-weight: 400;\">\u00bfTen\u00e9is alojamiento?: S\u00ed<\/span><\/li>\n<li>\n<div class=\"freebirdFormviewerViewItemsItemItemHeader\">\n<div class=\"freebirdFormviewerViewItemsItemItemTitleDescContainer\">\n<div class=\"freebirdFormviewerViewItemsItemItemTitleContainer\">\n<div class=\"freebirdFormviewerViewItemsItemItemTitle exportItemTitle freebirdCustomFont\" role=\"heading\" aria-level=\"3\" aria-describedby=\"i.desc.1327184303\">\u00bfCu\u00e1ntas habitaciones tiene? <span style=\"color: inherit; font-family: inherit;\">13 habitaciones con capacidad m\u00e1xima para 28 personas. Piscina, bar, restaurante, jardines, huerto ecol\u00f3gico, \u00e1rboles frutales, olivos.<\/span><\/div>\n<\/div>\n<\/div>\n<\/div>\n<\/li>\n<li style=\"text-align: justify;\"><span style=\"font-weight: 400;\">N\u00ba de invitados (desde y hasta): m\u00e1ximo 100 personas<\/span><\/li>\n<li style=\"text-align: justify;\"><span style=\"font-weight: 400;\">\u00bfCu\u00e1l es el recargo en caso de no llegar al m\u00ednimo de invitados?: Ninguno. Cada evento es diferente.<\/span><\/li>\n<li>\n<div class=\"Qr7Oae\" role=\"listitem\">\n<div class=\"OxAavc NVbRL\" data-item-id=\"21452213\">\n<div class=\"xMZTse Ih4Dzb\">\n<div class=\"Mh5jwe JqSWld yqQS1\" aria-describedby=\"c273\"><span style=\"color: inherit; font-family: inherit;\">\u00bfTen\u00e9is \u00a0l\u00edmite de hora en las celebraciones? No. Hora razonable<\/span><\/div>\n<\/div>\n<\/div>\n<\/div>\n<\/li>\n<li style=\"text-align: justify;\"><span style=\"font-weight: 400;\">\u00bfCelebras m\u00e1s de un evento al d\u00eda?: Nunca<\/span><\/li>\n<li style=\"text-align: justify;\"><span style=\"font-weight: 400;\">\u00bfTen\u00e9is exclusividad fot\u00f3grafo\/m\u00fasica\/florista?: No<\/span><\/li>\n<li>\u00bfEn que idiomas pod\u00e9is atender a los clientes?: Ingl\u00e9s, franc\u00e9s, espa\u00f1ol, alem\u00e1n e italiano<\/li>\n<li>\u00bfC\u00f3mo se efect\u00faa el pago?: 40% de dep\u00f3sito en el momento de la reserva. 30% 6 meses antes y 30% dos meses antes del evento<\/li>\n<li>\n<div class=\"freebirdFormviewerViewItemsItemItemHeader\">\n<div class=\"freebirdFormviewerViewItemsItemItemTitleDescContainer\">\n<div class=\"freebirdFormviewerViewItemsItemItemTitleContainer\">\n<div class=\"freebirdFormviewerViewItemsItemItemTitle exportItemTitle freebirdCustomFont\" role=\"heading\" aria-level=\"3\" aria-describedby=\"i.desc.1823366370\"><span style=\"color: inherit; font-family: inherit; font-size: inherit;\">\u00bfDispones de acceso para discapacitados?: S<\/span><span style=\"color: inherit; font-family: inherit; font-size: inherit;\">\u00ed, pero no toda la finca.<\/span><\/div>\n<\/div>\n<\/div>\n<\/div>\n<\/li>\n<li style=\"text-align: justify;\"><span style=\"font-weight: 400;\">\u00bfAcept\u00e1is mascotas?: No<\/span><\/li>\n<\/ul>\n<h2 style=\"text-align: justify;\">C\u00f3mo llegar a finca menorquina Rafal Rub\u00ed<\/h2>\n<p style=\"text-align: justify;\">Cam\u00ed de Rafal Rub\u00ed, s\/n 07730 Alaior &#8211; Menorca Islas Baleares, Espa\u00f1a<\/p>\n<\/div>\n<\/div>\n<\/div>\n<div class=\"Qr7Oae\" role=\"listitem\">\n<div class=\"OxAavc\" data-other-input=\"qSV85\" data-other-hidden=\"MfYA1e\" data-item-id=\"624651255\">\n<div data-input=\"L9xHkb\">\n<div class=\"lLfZXe fnxRtf cNDBpf\" role=\"radiogroup\" aria-labelledby=\"c298\" aria-describedby=\"i.desc.624651255 i.err.624651255\" data-field-index=\"0\" data-value=\"__other_option__\">\n<div class=\"gEPCre D5c69b\">\n<div class=\"yUJIWb\">\n<div class=\"O4MBef uVlXif\">\n<div class=\"kojxzc\">\n<div class=\"rg3hrb\"><\/div>\n<\/div>\n<\/div>\n<\/div>\n<\/div>\n<\/div>\n<\/div>\n<\/div>\n<\/div>\n<p><\/p>","protected":false},"featured_media":34666,"comment_status":"closed","ping_status":"closed","template":"","meta":{"_job_location":"Cam\u00ed de Rafal Rub\u00ed, s\/n 07730 Alaior - Menorca Islas Baleares, Espa\u00f1a","_company_website":"","_company_tagline":"En finca menorquina Rafal Rub\u00ed podr\u00e1 hacer realidad su evento o celebraci\u00f3n y convertirlo en una experiencia \u00fanica. Capacidad 100 invitados.","_company_twitter":"","_filled":0,"_featured":0},"job_listing_region":[107],"job-categories":[819,1368,823,822,98],"venue_type":[],"wedding_style":[],"class_list":["post-34644","job_listing","type-job_listing","status-publish","has-post-thumbnail","hentry","job_listing_region-balearic-islands","job_listing_category-anniversary","job_listing_category-elopement","job_listing_category-engagement-party","job_listing_category-kids-party-venues","job_listing_category-wedding","people-172","budget-4131","accommodation-yes","other-outside-space","other-car-parking","job_listing_tag-agroturismo-menorca","job_listing_tag-bodas-islas-baleares","job_listing_tag-bodas-menorca","job_listing_tag-finca-menorca","job_listing_tag-finca-menorquina"],"_links":{"self":[{"href":"https:\/\/perfectvenue.es\/es\/wp-json\/wp\/v2\/job-listings\/34644","targetHints":{"allow":["GET"]}}],"collection":[{"href":"https:\/\/perfectvenue.es\/es\/wp-json\/wp\/v2\/job-listings"}],"about":[{"href":"https:\/\/perfectvenue.es\/es\/wp-json\/wp\/v2\/types\/job_listing"}],"replies":[{"embeddable":true,"href":"https:\/\/perfectvenue.es\/es\/wp-json\/wp\/v2\/comments?post=34644"}],"wp:featuredmedia":[{"embeddable":true,"href":"https:\/\/perfectvenue.es\/es\/wp-json\/wp\/v2\/media\/34666"}],"wp:attachment":[{"href":"https:\/\/perfectvenue.es\/es\/wp-json\/wp\/v2\/media?parent=34644"}],"wp:term":[{"taxonomy":"job_listing_region","embeddable":true,"href":"https:\/\/perfectvenue.es\/es\/wp-json\/wp\/v2\/job_listing_region?post=34644"},{"taxonomy":"job_listing_category","embeddable":true,"href":"https:\/\/perfectvenue.es\/es\/wp-json\/wp\/v2\/job-categories?post=34644"},{"taxonomy":"venue_type","embeddable":true,"href":"https:\/\/perfectvenue.es\/es\/wp-json\/wp\/v2\/venue_type?post=34644"},{"taxonomy":"wedding_style","embeddable":true,"href":"https:\/\/perfectvenue.es\/es\/wp-json\/wp\/v2\/wedding_style?post=34644"}],"curies":[{"name":"wp","href":"https:\/\/api.w.org\/{rel}","templated":true}]}}

Finca menorquina Rafal Rubí

<p></p>
<div class="Qr7Oae" role="listitem">
<div class="OxAavc NVbRL" data-required="true" data-item-id="1508676172">
<div class="xMZTse Ih4Dzb">
<h2 class="Mh5jwe JqSWld yqQS1" aria-describedby="c246">Historia</h2>
</div>
<div style="text-align: justify;" aria-describedby="c246">
<p>Charles y Diane han hecho realidad el sueño de reformar la finca en una <b>propiedad totalmente sostenible con el medioambiente y autosuficiente energéticamente</b>.</p>
<p>Su compromiso es firme para que sus hijas vivan en un mundo mejor y siempre pensando en la regla de las <b>5R ecológicas: rechazar, reducir, reutilizar, reciclar y recuperar</b>.</p>
<p>A su llegada a nuestra finca, les recibiremos en las <b>antiguas boyeras</b> junto a la piscina, rodeada de terrazas. Un espacio común y de encuentro. También albergan el bar y el restaurante, donde se servirá el desayuno preparado a base de productos locales y el lugar ideal para tomar una copa o un refrigerio.</p>
<p>Diane y nuestro jardinero cuidan con cariño del <b>vivero</b> y de las zonas habilitadas para la <b>producción de verduras , flores y plantas decorativas</b> para la finca y de nuestras gallinas. Los cítricos destacan por su gran calidad. El cultivo de fresas es una de las especialidades de la casa, y estamos convencidos que, en un futuro próximo, <b>la plantación de más de 350 olivos</b> nos deleitará con sus frutos y podremos producir y <b>degustar nuestro propio aceite</b>.</p>
<p>Descubra los <b>caminos y jardines</b> que rodean las casas, y disfrute del jardín romántico, el lugar preferido de encuentro de toda nuestra familia, con sus canales de riego de inspiración y herencia árabe. El lugar ideal para perderse entre los aromas de una <b>amplia diversidad de plantas aromáticas y gran variedad de flores</b>.</p>
</div>
<h2 aria-describedby="c246">Bodas y Eventos</h2>
<div class="xMZTse Ih4Dzb">
<div aria-describedby="c246"></div>
</div>
<div aria-describedby="c246">
<p style="text-align: justify;">Hermosa finca menorquina Rafal Rubí es el lugar ideal, un lugar de descanso y paz en completa armonía con la naturaleza. Un “lloc” menorquin auténtico. Aproveche los jardines, el campo y cualquiera de los espacios de la finca para personalizar y celebrar su evento. Privatizaremos toda la finca para su celebración.</p>
<p style="text-align: justify;">Nuestro chef ideará un menú adaptado a sus gustos y necesidades.</p>
<h3>Detalles</h3>
<ul>
<li style="text-align: justify;"><span style="font-weight: 400;">¿Qué tipo de eventos se puede celebrar en el espacio?: Bodas ( máximo 100 personas) pero no hay carpas, team building, incentivos, presentaciones de empresa o productos, shootings, eventos privados, coworking retiros de yoga, meditación, encuentros familiares.</span></li>
<li style="text-align: justify;"><span style="font-weight: 400;">Precio alquiler desde: Alquiler todas las habitaciones del hotel a partir de 3.500 € por noche. Los precios cambian según la temporada.</span></li>
<li style="text-align: justify;"><span style="font-weight: 400;">Precio menú por persona (desde y hasta): A partir de 35 euros aprox.</span></li>
<li style="text-align: justify;"><span style="font-weight: 400;">¿Tenéis cocina propia? ¿Qué tipo de cocina sirves?: Si. Cocina menorquina con productos de la finca</span></li>
<li style="text-align: justify;"><span style="font-weight: 400;">¿Tenéis alojamiento?: Sí</span></li>
<li>
<div class="freebirdFormviewerViewItemsItemItemHeader">
<div class="freebirdFormviewerViewItemsItemItemTitleDescContainer">
<div class="freebirdFormviewerViewItemsItemItemTitleContainer">
<div class="freebirdFormviewerViewItemsItemItemTitle exportItemTitle freebirdCustomFont" role="heading" aria-level="3" aria-describedby="i.desc.1327184303">¿Cuántas habitaciones tiene? <span style="color: inherit; font-family: inherit;">13 habitaciones con capacidad máxima para 28 personas. Piscina, bar, restaurante, jardines, huerto ecológico, árboles frutales, olivos.</span></div>
</div>
</div>
</div>
</li>
<li style="text-align: justify;"><span style="font-weight: 400;">Nº de invitados (desde y hasta): máximo 100 personas</span></li>
<li style="text-align: justify;"><span style="font-weight: 400;">¿Cuál es el recargo en caso de no llegar al mínimo de invitados?: Ninguno. Cada evento es diferente.</span></li>
<li>
<div class="Qr7Oae" role="listitem">
<div class="OxAavc NVbRL" data-item-id="21452213">
<div class="xMZTse Ih4Dzb">
<div class="Mh5jwe JqSWld yqQS1" aria-describedby="c273"><span style="color: inherit; font-family: inherit;">¿Tenéis  límite de hora en las celebraciones? No. Hora razonable</span></div>
</div>
</div>
</div>
</li>
<li style="text-align: justify;"><span style="font-weight: 400;">¿Celebras más de un evento al día?: Nunca</span></li>
<li style="text-align: justify;"><span style="font-weight: 400;">¿Tenéis exclusividad fotógrafo/música/florista?: No</span></li>
<li>¿En que idiomas podéis atender a los clientes?: Inglés, francés, español, alemán e italiano</li>
<li>¿Cómo se efectúa el pago?: 40% de depósito en el momento de la reserva. 30% 6 meses antes y 30% dos meses antes del evento</li>
<li>
<div class="freebirdFormviewerViewItemsItemItemHeader">
<div class="freebirdFormviewerViewItemsItemItemTitleDescContainer">
<div class="freebirdFormviewerViewItemsItemItemTitleContainer">
<div class="freebirdFormviewerViewItemsItemItemTitle exportItemTitle freebirdCustomFont" role="heading" aria-level="3" aria-describedby="i.desc.1823366370"><span style="color: inherit; font-family: inherit; font-size: inherit;">¿Dispones de acceso para discapacitados?: S</span><span style="color: inherit; font-family: inherit; font-size: inherit;">í, pero no toda la finca.</span></div>
</div>
</div>
</div>
</li>
<li style="text-align: justify;"><span style="font-weight: 400;">¿Aceptáis mascotas?: No</span></li>
</ul>
<h2 style="text-align: justify;">Cómo llegar a finca menorquina Rafal Rubí</h2>
<p style="text-align: justify;">Camí de Rafal Rubí, s/n 07730 Alaior &#8211; Menorca Islas Baleares, España</p>
</div>
</div>
</div>
<div class="Qr7Oae" role="listitem">
<div class="OxAavc" data-other-input="qSV85" data-other-hidden="MfYA1e" data-item-id="624651255">
<div data-input="L9xHkb">
<div class="lLfZXe fnxRtf cNDBpf" role="radiogroup" aria-labelledby="c298" aria-describedby="i.desc.624651255 i.err.624651255" data-field-index="0" data-value="__other_option__">
<div class="gEPCre D5c69b">
<div class="yUJIWb">
<div class="O4MBef uVlXif">
<div class="kojxzc">
<div class="rg3hrb"></div>
</div>
</div>
</div>
</div>
</div>
</div>
</div>
</div>
<p></p>

Camí de Rafal Rubí, s/n 07730 Alaior - Menorca Islas Baleares, España

En finca menorquina Rafal Rubí podrá hacer realidad su evento o celebración y convertirlo en una experiencia única. Capacidad 100 invitados.
