{"id":22611,"date":"2020-03-02T19:15:49","date_gmt":"2020-03-02T16:15:49","guid":{"rendered":"https:\/\/perfectvenue.es\/?post_type=job_listing&#038;p=22611"},"modified":"2021-02-26T16:07:08","modified_gmt":"2021-02-26T13:07:08","slug":"bodegas-francisco-gomez","status":"publish","type":"job_listing","link":"https:\/\/perfectvenue.es\/es\/listings\/bodegas-francisco-gomez\/","title":{"rendered":"Bodegas Francisco G\u00f3mez"},"content":{"rendered":"<p><\/p>\n<h2 style=\"text-align: justify;\">Historia<\/h2>\n<p style=\"text-align: justify;\"><span style=\"font-weight: 400;\"><strong>Bodegas Francisco G\u00f3mez<\/strong> es una finca para bodas en Alicante, situadas concretamente en <strong>Villena<\/strong>, con <strong>3.500 hect\u00e1reas<\/strong> de terreno donde se cultivan vi\u00f1as y olivos siguiendo todav\u00eda el m\u00e9todo biodin\u00e1mico, es decir, respetando el sistema tradicional de siembra.\u00a0<\/span><\/p>\n<p style=\"text-align: justify;\"><span style=\"font-weight: 400;\">La impresionante fachada de su edificio principal pertenece a una palacete de Jerez de 1792, que fue trasladado all\u00ed, y posteriormente, montado piedra a piedra. Adem\u00e1s, los adoquines de la explanada pertenecer a una plaza de un pueblo de Extremadura.\u00a0<\/span><\/p>\n<h2 style=\"text-align: justify;\">Bodas y Eventos<\/h2>\n<p style=\"text-align: justify;\"><span style=\"font-weight: 400;\">Estas bodegas son un lugar excepcional para realizar cualquier boda o evento en un entorno y ambiente enol\u00f3gico de ensue\u00f1o. Dispone de varios espacios, tanto exteriores como interiores, para realizar ceremonias, banquetes o aperitivos. Trabajan con una empresa de catering, cuyos men\u00fas y platos se adaptan a las necesidades de los clientes y su presupuesto.\u00a0<\/span><\/p>\n<h3 style=\"text-align: justify;\">Detalles<\/h3>\n<ul>\n<li style=\"text-align: justify;\"><span style=\"font-weight: 400;\">\u00bfQu\u00e9 tipo de eventos se puede celebrar en el espacio?: Eventos sociales, corporativos y bodas\u00a0<\/span><\/li>\n<li style=\"text-align: justify;\"><span style=\"font-weight: 400;\">Precio alquiler (desde y hasta): 1.500\u20ac &#8211; 3.000\u20ac (Aproximadamente)<\/span><\/li>\n<li style=\"text-align: justify;\"><span style=\"font-weight: 400;\">Precio men\u00fa por persona (desde y hasta): 80 &#8211; 200 euros<\/span><\/li>\n<li style=\"text-align: justify;\"><span style=\"font-weight: 400;\">\u00bfTen\u00e9is cocina propia? \u00bfQu\u00e9 tipo de cocina sirves?: Trabajamos con catering\/ Seg\u00fan necesidades del cliente\u00a0<\/span><\/li>\n<li style=\"text-align: justify;\"><span style=\"font-weight: 400;\">\u00bfTen\u00e9is alojamiento?: No<\/span><\/li>\n<li style=\"text-align: justify;\"><span style=\"font-weight: 400;\">N\u00ba de invitados (desde y hasta): 100 &#8211; 600<\/span><\/li>\n<li style=\"text-align: justify;\"><span style=\"font-weight: 400;\">\u00bfTen\u00e9is l\u00edmite de hora en las celebraciones?: 4:00<\/span><\/li>\n<li style=\"text-align: justify;\"><span style=\"font-weight: 400;\">\u00bfCelebras m\u00e1s de un evento al d\u00eda?: Si<\/span><\/li>\n<li style=\"text-align: justify;\"><span style=\"font-weight: 400;\">\u00bfTen\u00e9is exclusividad fot\u00f3grafo\/m\u00fasica\/florista?: No<\/span><\/li>\n<li style=\"text-align: justify;\"><span style=\"font-weight: 400;\">\u00bfC\u00f3mo se efect\u00faa el pago?: Transferencia\/Efectivo\u00a0<\/span><\/li>\n<li style=\"text-align: justify;\"><span style=\"font-weight: 400;\">\u00bfDispones de acceso para discapacitados?: Si<\/span><\/li>\n<li style=\"text-align: justify;\"><span style=\"font-weight: 400;\">\u00bfAcept\u00e1is mascotas?: No<\/span><\/li>\n<\/ul>\n<h2 style=\"text-align: justify;\">C\u00f3mo llegar a Bodegas Francisco G\u00f3mez<\/h2>\n<p style=\"text-align: justify;\"><span style=\"font-weight: 400;\">Las bodegas Francisco G\u00f3mez est\u00e1n situadas en Villena, a escasos kil\u00f3metros de la ciudad de Alicante, en un entorno privilegiado y lleno de naturaleza.\u00a0<\/span><\/p>\n<ul>\n<li style=\"text-align: justify;\"><span style=\"font-weight: 400;\">Latitud: 38\u00ba 38\u2019 9.948\u2019\u2019<\/span><\/li>\n<li style=\"text-align: justify;\"><span style=\"font-weight: 400;\">Longitud: 51\u2019 57.508\u2019\u2019<\/span><\/li>\n<li style=\"text-align: justify;\"><span style=\"font-weight: 400;\">Altitud: 531 metros<\/span><\/li>\n<\/ul>\n<p><\/p>","protected":false},"featured_media":25088,"comment_status":"open","ping_status":"closed","template":"","meta":{"_job_location":"Ctra. Villena \u2013 Pinoso, Km 8.8, 03400 Villena, Alicante","_company_website":"","_company_tagline":"Bodegas Francisco G\u00f3mez es una finca para bodas en Alicante, con m\u00e1s de 3.500 hect\u00e1reas y varios espacios perfectos para organizar cualquier evento.","_company_twitter":"@perfectvenue_es","_filled":0,"_featured":0},"job_listing_region":[120],"job-categories":[819,823,1249,98],"venue_type":[140,145],"wedding_style":[],"class_list":["post-22611","job_listing","type-job_listing","status-publish","has-post-thumbnail","hentry","job_listing_region-valencian-community","job_listing_category-anniversary","job_listing_category-engagement-party","job_listing_category-mice-venues","job_listing_category-wedding","people-234","budget-3-000","accommodation-no","venue_type-vineyardwinery","venue_type-gardensmarquee-site","other-outside-space","job_listing_tag-boda-en-valencia","job_listing_tag-bodega","job_listing_tag-finca-bodas","job_listing_tag-finca-para-bodas-en-alicante","job_listing_tag-vineyard-wedding-venues","job_listing_tag-wedding-venue-in-alicante","job_listing_tag-1471"],"_links":{"self":[{"href":"https:\/\/perfectvenue.es\/es\/wp-json\/wp\/v2\/job-listings\/22611","targetHints":{"allow":["GET"]}}],"collection":[{"href":"https:\/\/perfectvenue.es\/es\/wp-json\/wp\/v2\/job-listings"}],"about":[{"href":"https:\/\/perfectvenue.es\/es\/wp-json\/wp\/v2\/types\/job_listing"}],"replies":[{"embeddable":true,"href":"https:\/\/perfectvenue.es\/es\/wp-json\/wp\/v2\/comments?post=22611"}],"wp:featuredmedia":[{"embeddable":true,"href":"https:\/\/perfectvenue.es\/es\/wp-json\/wp\/v2\/media\/25088"}],"wp:attachment":[{"href":"https:\/\/perfectvenue.es\/es\/wp-json\/wp\/v2\/media?parent=22611"}],"wp:term":[{"taxonomy":"job_listing_region","embeddable":true,"href":"https:\/\/perfectvenue.es\/es\/wp-json\/wp\/v2\/job_listing_region?post=22611"},{"taxonomy":"job_listing_category","embeddable":true,"href":"https:\/\/perfectvenue.es\/es\/wp-json\/wp\/v2\/job-categories?post=22611"},{"taxonomy":"venue_type","embeddable":true,"href":"https:\/\/perfectvenue.es\/es\/wp-json\/wp\/v2\/venue_type?post=22611"},{"taxonomy":"wedding_style","embeddable":true,"href":"https:\/\/perfectvenue.es\/es\/wp-json\/wp\/v2\/wedding_style?post=22611"}],"curies":[{"name":"wp","href":"https:\/\/api.w.org\/{rel}","templated":true}]}}

Bodegas Francisco Gómez

<p></p>
<h2 style="text-align: justify;">Historia</h2>
<p style="text-align: justify;"><span style="font-weight: 400;"><strong>Bodegas Francisco Gómez</strong> es una finca para bodas en Alicante, situadas concretamente en <strong>Villena</strong>, con <strong>3.500 hectáreas</strong> de terreno donde se cultivan viñas y olivos siguiendo todavía el método biodinámico, es decir, respetando el sistema tradicional de siembra. </span></p>
<p style="text-align: justify;"><span style="font-weight: 400;">La impresionante fachada de su edificio principal pertenece a una palacete de Jerez de 1792, que fue trasladado allí, y posteriormente, montado piedra a piedra. Además, los adoquines de la explanada pertenecer a una plaza de un pueblo de Extremadura. </span></p>
<h2 style="text-align: justify;">Bodas y Eventos</h2>
<p style="text-align: justify;"><span style="font-weight: 400;">Estas bodegas son un lugar excepcional para realizar cualquier boda o evento en un entorno y ambiente enológico de ensueño. Dispone de varios espacios, tanto exteriores como interiores, para realizar ceremonias, banquetes o aperitivos. Trabajan con una empresa de catering, cuyos menús y platos se adaptan a las necesidades de los clientes y su presupuesto. </span></p>
<h3 style="text-align: justify;">Detalles</h3>
<ul>
<li style="text-align: justify;"><span style="font-weight: 400;">¿Qué tipo de eventos se puede celebrar en el espacio?: Eventos sociales, corporativos y bodas </span></li>
<li style="text-align: justify;"><span style="font-weight: 400;">Precio alquiler (desde y hasta): 1.500€ &#8211; 3.000€ (Aproximadamente)</span></li>
<li style="text-align: justify;"><span style="font-weight: 400;">Precio menú por persona (desde y hasta): 80 &#8211; 200 euros</span></li>
<li style="text-align: justify;"><span style="font-weight: 400;">¿Tenéis cocina propia? ¿Qué tipo de cocina sirves?: Trabajamos con catering/ Según necesidades del cliente </span></li>
<li style="text-align: justify;"><span style="font-weight: 400;">¿Tenéis alojamiento?: No</span></li>
<li style="text-align: justify;"><span style="font-weight: 400;">Nº de invitados (desde y hasta): 100 &#8211; 600</span></li>
<li style="text-align: justify;"><span style="font-weight: 400;">¿Tenéis límite de hora en las celebraciones?: 4:00</span></li>
<li style="text-align: justify;"><span style="font-weight: 400;">¿Celebras más de un evento al día?: Si</span></li>
<li style="text-align: justify;"><span style="font-weight: 400;">¿Tenéis exclusividad fotógrafo/música/florista?: No</span></li>
<li style="text-align: justify;"><span style="font-weight: 400;">¿Cómo se efectúa el pago?: Transferencia/Efectivo </span></li>
<li style="text-align: justify;"><span style="font-weight: 400;">¿Dispones de acceso para discapacitados?: Si</span></li>
<li style="text-align: justify;"><span style="font-weight: 400;">¿Aceptáis mascotas?: No</span></li>
</ul>
<h2 style="text-align: justify;">Cómo llegar a Bodegas Francisco Gómez</h2>
<p style="text-align: justify;"><span style="font-weight: 400;">Las bodegas Francisco Gómez están situadas en Villena, a escasos kilómetros de la ciudad de Alicante, en un entorno privilegiado y lleno de naturaleza. </span></p>
<ul>
<li style="text-align: justify;"><span style="font-weight: 400;">Latitud: 38º 38’ 9.948’’</span></li>
<li style="text-align: justify;"><span style="font-weight: 400;">Longitud: 51’ 57.508’’</span></li>
<li style="text-align: justify;"><span style="font-weight: 400;">Altitud: 531 metros</span></li>
</ul>
<p></p>

Bodegas Francisco Gómez es una finca para bodas en Alicante, con más de 3.500 hectáreas y varios espacios perfectos para organizar cualquier evento.
