{"id":22383,"date":"2019-03-10T14:01:54","date_gmt":"2019-03-10T11:01:54","guid":{"rendered":"https:\/\/perfectvenue.es\/?post_type=job_listing&#038;p=22383"},"modified":"2021-10-26T15:38:39","modified_gmt":"2021-10-26T12:38:39","slug":"finca-santa-eufemia","status":"publish","type":"job_listing","link":"https:\/\/perfectvenue.es\/es\/listings\/finca-santa-eufemia\/","title":{"rendered":"Finca Santa Eufemia"},"content":{"rendered":"<p><\/p>\n<h2 style=\"text-align: justify;\">Historia<\/h2>\n<p style=\"text-align: justify;\"><span style=\"font-weight: 400;\">La Finca Santa Eufemia est\u00e1 ubicada en la conocida <\/span><strong><i>Toscana palentina <\/i><\/strong><span style=\"font-weight: 400;\">en Castilla y Le\u00f3n. La mas\u00eda cuenta con tres amplias salas perfectas para celebrar en ellas cualquier tipo de evento o boda. Adem\u00e1s, la finca goza de un entorno privilegiado con un espectacular jard\u00edn de frondosos \u00e1rboles en el que se pueden instalar carpas para realizar en \u00e9l alg\u00fan festejo.\u00a0<\/span><\/p>\n<p style=\"text-align: justify;\"><span style=\"font-weight: 400;\">Todas las casa que componen la <strong>finca Santa Eufemia<\/strong> est\u00e1n ubicadas en el que, hace a\u00f1os,\u00a0 fue el monasterio femenino de Frailas Comendadoras de la Orden Militar, del que a\u00fan queda la iglesia rom\u00e1nica de Santa Eufemia de Cozollos, considerado Monumento Nacional. Santa Eufemia se encuentra a tan solo 19 km del famoso Parador de Cervera de Pisuerga.\u00a0<\/span><\/p>\n<h2 style=\"text-align: justify;\">Bodas y Eventos<\/h2>\n<p style=\"text-align: justify;\"><span style=\"font-weight: 400;\">Un lugar \u00fanico e \u00edntimo para celebrar tu boda civil o religiosa, tu convenci\u00f3n o tu fiesta. Localizaci\u00f3n perfecta para tu rodaje de publicidad, para tu pel\u00edcula, para tu\u00a0<\/span><span style=\"font-weight: 400;\">anunc<\/span><span style=\"font-weight: 400;\">io <\/span><span style=\"font-weight: 400;\">de calidad. Escenario ideal para serie hist\u00f3rica&#8230;\u00a0<\/span><\/p>\n<p style=\"text-align: justify;\"><span style=\"font-weight: 400;\">La finca dispone de todas las comodidades necesarias para poder celebrar en su interior bodas, comuniones o eventos de empresa. Cuenta con un equipo de profesionales que se encargan de todos los detalles para que un d\u00eda tan especial sea perfecto. En ella se pueden realizar, tanto bodas religiosas como civiles, en sus amplios jardines o en su iglesia.\u00a0<\/span><\/p>\n<p style=\"text-align: justify;\"><span style=\"font-weight: 400;\">Para el banquete o c\u00f3ctel, esta finca para bodas cuenta con varias salas: Sala de Serbales (capacidad para 270 personas), Sala templaria (capacidad para 90 personas) y Sala La Panera (capacidad para 55 personas).\u00a0<\/span><\/p>\n<h2 style=\"text-align: justify;\">Detalles<\/h2>\n<ul>\n<li style=\"text-align: justify;\"><span style=\"font-weight: 400;\">\u00bfQu\u00e9 tipo de eventos se puede celebrar en el espacio?: bodas,eventos corporativos ,rodaje de spot, etc..<\/span><\/li>\n<li style=\"text-align: justify;\"><span style=\"font-weight: 400;\">Precio alquiler (desde y hasta): Depende el tipo de evento<\/span><\/li>\n<li style=\"text-align: justify;\"><span style=\"font-weight: 400;\">Precio men\u00fa por persona (desde y hasta): Hay varios precios<\/span><\/li>\n<li style=\"text-align: justify;\"><span style=\"font-weight: 400;\">\u00bfTen\u00e9is cocina propia? \u00bfQu\u00e9 tipo de cocina sirves?: si<\/span><\/li>\n<li style=\"text-align: justify;\"><span style=\"font-weight: 400;\">\u00bfTen\u00e9is alojamiento?: si<\/span><\/li>\n<li style=\"text-align: justify;\"><span style=\"font-weight: 400;\">\u00bfCu\u00e1ntas habitaciones tiene? (Si, ten\u00e9is alojamiento): 7<\/span><\/li>\n<li style=\"text-align: justify;\"><span style=\"font-weight: 400;\">N\u00ba de invitados (desde y hasta): de 30 a 250<\/span><\/li>\n<li style=\"text-align: justify;\"><span style=\"font-weight: 400;\">\u00bfCu\u00e1l es el recargo en caso de no llegar al m\u00ednimo de invitados?: Depende<\/span><\/li>\n<li style=\"text-align: justify;\"><span style=\"font-weight: 400;\">\u00bfTen\u00e9is l\u00edmite de hora en las celebraciones?: si<\/span><\/li>\n<li style=\"text-align: justify;\"><span style=\"font-weight: 400;\">\u00bfCelebras m\u00e1s de un evento al d\u00eda?: no<\/span><\/li>\n<li style=\"text-align: justify;\"><span style=\"font-weight: 400;\">\u00bfTen\u00e9is exclusividad fot\u00f3grafo\/m\u00fasica\/florista?: S\u00f3lo m\u00fasica\u00a0<\/span><\/li>\n<li style=\"text-align: justify;\"><span style=\"font-weight: 400;\">\u00bfC\u00f3mo se efect\u00faa el pago?: <\/span><span style=\"font-weight: 400;\">1.000 \u20ac a la adjudicaci\u00f3n de fecha,50% en la prueba de la degustaci\u00f3n y el resto al d\u00eda siguiente del banquete<\/span><\/li>\n<li style=\"text-align: justify;\"><span style=\"font-weight: 400;\">\u00bfDispones de acceso para discapacitados?: Si\u00a0<\/span><\/li>\n<\/ul>\n<h2 style=\"text-align: justify;\">C\u00f3mo llegar a Santa Eufemia<\/h2>\n<p style=\"text-align: justify;\"><span style=\"font-weight: 400;\">La Finca Santa Eufemia se encuentra ubicada en Palencia, a solo 15 minutos de famoso Parador de Cervera de Pisuerga.\u00a0<\/span><\/p>\n<ul>\n<li style=\"text-align: justify;\"><span style=\"font-weight: 400;\">Latitud: 42\u00ba 0\u2019 39.188\u2019\u2019<\/span><\/li>\n<li style=\"text-align: justify;\"><span style=\"font-weight: 400;\">Longitud: 4\u00ba 31\u2019 58.344\u2019\u2019<\/span><\/li>\n<li style=\"text-align: justify;\"><span style=\"font-weight: 400;\">Altitud: 749 metros<\/span><\/li>\n<\/ul>\n<p><\/p>","protected":false},"featured_media":22409,"comment_status":"open","ping_status":"closed","template":"","meta":{"_job_location":"34486 Olmos de Ojeda, Palencia","_company_website":"","_company_tagline":"La Finca Santa Eufemia est\u00e1 ubicada en la conocida Toscana palentina en Castilla y Le\u00f3n. La mas\u00eda cuenta con tres amplias salas perfectas para celebrar en ellas cualquier tipo de evento o boda.","_company_twitter":"@perfectvenue_es","_filled":0,"_featured":0},"job_listing_region":[112],"job-categories":[819,1368,823,1249,98],"venue_type":[142,145],"wedding_style":[],"class_list":["post-22383","job_listing","type-job_listing","status-publish","has-post-thumbnail","hentry","job_listing_region-castilla-y-leon","job_listing_category-anniversary","job_listing_category-elopement","job_listing_category-engagement-party","job_listing_category-mice-venues","job_listing_category-wedding","people-175","budget-163","accommodation-yes","venue_type-mountain-view","venue_type-gardensmarquee-site","other-outside-space","other-dog-friendly","job_listing_tag-country-house","job_listing_tag-finca-bodas","job_listing_tag-finca-con-encanto","job_listing_tag-finca-con-historia","job_listing_tag-wedding-in-spain","job_listing_tag-wedding-venue","job_listing_tag-1403"],"_links":{"self":[{"href":"https:\/\/perfectvenue.es\/es\/wp-json\/wp\/v2\/job-listings\/22383","targetHints":{"allow":["GET"]}}],"collection":[{"href":"https:\/\/perfectvenue.es\/es\/wp-json\/wp\/v2\/job-listings"}],"about":[{"href":"https:\/\/perfectvenue.es\/es\/wp-json\/wp\/v2\/types\/job_listing"}],"replies":[{"embeddable":true,"href":"https:\/\/perfectvenue.es\/es\/wp-json\/wp\/v2\/comments?post=22383"}],"wp:featuredmedia":[{"embeddable":true,"href":"https:\/\/perfectvenue.es\/es\/wp-json\/wp\/v2\/media\/22409"}],"wp:attachment":[{"href":"https:\/\/perfectvenue.es\/es\/wp-json\/wp\/v2\/media?parent=22383"}],"wp:term":[{"taxonomy":"job_listing_region","embeddable":true,"href":"https:\/\/perfectvenue.es\/es\/wp-json\/wp\/v2\/job_listing_region?post=22383"},{"taxonomy":"job_listing_category","embeddable":true,"href":"https:\/\/perfectvenue.es\/es\/wp-json\/wp\/v2\/job-categories?post=22383"},{"taxonomy":"venue_type","embeddable":true,"href":"https:\/\/perfectvenue.es\/es\/wp-json\/wp\/v2\/venue_type?post=22383"},{"taxonomy":"wedding_style","embeddable":true,"href":"https:\/\/perfectvenue.es\/es\/wp-json\/wp\/v2\/wedding_style?post=22383"}],"curies":[{"name":"wp","href":"https:\/\/api.w.org\/{rel}","templated":true}]}}

<p></p>
<h2 style="text-align: justify;">Historia</h2>
<p style="text-align: justify;"><span style="font-weight: 400;">La Finca Santa Eufemia está ubicada en la conocida </span><strong><i>Toscana palentina </i></strong><span style="font-weight: 400;">en Castilla y León. La masía cuenta con tres amplias salas perfectas para celebrar en ellas cualquier tipo de evento o boda. Además, la finca goza de un entorno privilegiado con un espectacular jardín de frondosos árboles en el que se pueden instalar carpas para realizar en él algún festejo. </span></p>
<p style="text-align: justify;"><span style="font-weight: 400;">Todas las casa que componen la <strong>finca Santa Eufemia</strong> están ubicadas en el que, hace años,  fue el monasterio femenino de Frailas Comendadoras de la Orden Militar, del que aún queda la iglesia románica de Santa Eufemia de Cozollos, considerado Monumento Nacional. Santa Eufemia se encuentra a tan solo 19 km del famoso Parador de Cervera de Pisuerga. </span></p>
<h2 style="text-align: justify;">Bodas y Eventos</h2>
<p style="text-align: justify;"><span style="font-weight: 400;">Un lugar único e íntimo para celebrar tu boda civil o religiosa, tu convención o tu fiesta. Localización perfecta para tu rodaje de publicidad, para tu película, para tu </span><span style="font-weight: 400;">anunc</span><span style="font-weight: 400;">io </span><span style="font-weight: 400;">de calidad. Escenario ideal para serie histórica&#8230; </span></p>
<p style="text-align: justify;"><span style="font-weight: 400;">La finca dispone de todas las comodidades necesarias para poder celebrar en su interior bodas, comuniones o eventos de empresa. Cuenta con un equipo de profesionales que se encargan de todos los detalles para que un día tan especial sea perfecto. En ella se pueden realizar, tanto bodas religiosas como civiles, en sus amplios jardines o en su iglesia. </span></p>
<p style="text-align: justify;"><span style="font-weight: 400;">Para el banquete o cóctel, esta finca para bodas cuenta con varias salas: Sala de Serbales (capacidad para 270 personas), Sala templaria (capacidad para 90 personas) y Sala La Panera (capacidad para 55 personas). </span></p>
<h2 style="text-align: justify;">Detalles</h2>
<ul>
<li style="text-align: justify;"><span style="font-weight: 400;">¿Qué tipo de eventos se puede celebrar en el espacio?: bodas,eventos corporativos ,rodaje de spot, etc..</span></li>
<li style="text-align: justify;"><span style="font-weight: 400;">Precio alquiler (desde y hasta): Depende el tipo de evento</span></li>
<li style="text-align: justify;"><span style="font-weight: 400;">Precio menú por persona (desde y hasta): Hay varios precios</span></li>
<li style="text-align: justify;"><span style="font-weight: 400;">¿Tenéis cocina propia? ¿Qué tipo de cocina sirves?: si</span></li>
<li style="text-align: justify;"><span style="font-weight: 400;">¿Tenéis alojamiento?: si</span></li>
<li style="text-align: justify;"><span style="font-weight: 400;">¿Cuántas habitaciones tiene? (Si, tenéis alojamiento): 7</span></li>
<li style="text-align: justify;"><span style="font-weight: 400;">Nº de invitados (desde y hasta): de 30 a 250</span></li>
<li style="text-align: justify;"><span style="font-weight: 400;">¿Cuál es el recargo en caso de no llegar al mínimo de invitados?: Depende</span></li>
<li style="text-align: justify;"><span style="font-weight: 400;">¿Tenéis límite de hora en las celebraciones?: si</span></li>
<li style="text-align: justify;"><span style="font-weight: 400;">¿Celebras más de un evento al día?: no</span></li>
<li style="text-align: justify;"><span style="font-weight: 400;">¿Tenéis exclusividad fotógrafo/música/florista?: Sólo música </span></li>
<li style="text-align: justify;"><span style="font-weight: 400;">¿Cómo se efectúa el pago?: </span><span style="font-weight: 400;">1.000 € a la adjudicación de fecha,50% en la prueba de la degustación y el resto al día siguiente del banquete</span></li>
<li style="text-align: justify;"><span style="font-weight: 400;">¿Dispones de acceso para discapacitados?: Si </span></li>
</ul>
<h2 style="text-align: justify;">Cómo llegar a Santa Eufemia</h2>
<p style="text-align: justify;"><span style="font-weight: 400;">La Finca Santa Eufemia se encuentra ubicada en Palencia, a solo 15 minutos de famoso Parador de Cervera de Pisuerga. </span></p>
<ul>
<li style="text-align: justify;"><span style="font-weight: 400;">Latitud: 42º 0’ 39.188’’</span></li>
<li style="text-align: justify;"><span style="font-weight: 400;">Longitud: 4º 31’ 58.344’’</span></li>
<li style="text-align: justify;"><span style="font-weight: 400;">Altitud: 749 metros</span></li>
</ul>
<p></p>

La Finca Santa Eufemia está ubicada en la conocida Toscana palentina en Castilla y León. La masía cuenta con tres amplias salas perfectas para celebrar en ellas cualquier tipo de evento o boda.
