{"id":22083,"date":"2022-09-19T16:52:27","date_gmt":"2022-09-19T13:52:27","guid":{"rendered":"https:\/\/perfectvenue.es\/?post_type=job_listing&#038;p=22083"},"modified":"2023-08-16T14:25:44","modified_gmt":"2023-08-16T11:25:44","slug":"cortijo-sabila","status":"publish","type":"job_listing","link":"https:\/\/perfectvenue.es\/es\/listings\/cortijo-sabila\/","title":{"rendered":"Cortijo Sabila"},"content":{"rendered":"<p><\/p>\n<h2 style=\"text-align: justify;\">Historia<\/h2>\n<p style=\"text-align: justify;\"><span style=\"font-weight: 400;\"><strong>El Cortijo Sabila<\/strong>, situado en Antequera, a tan solo <strong>35 minutos de M\u00e1laga<\/strong> y a menos de 20 del famoso Parque Nacional Torca, es un lugar ideal para realizar cualquier tipo de evento o celebraci\u00f3n. <\/span><span style=\"font-weight: 400;\">Est\u00e1 restaurado como una <strong>boutique familiar<\/strong> con todas las comodidades necesarias para un fin de semana inolvidable, rodeada de campo perfecto para realizar actividades de senderismo y equitaci\u00f3n. <\/span><\/p>\n<p style=\"text-align: justify;\"><span style=\"font-weight: 400;\">Este cortijo para bodas dispone de<strong> 8 amplias habitaciones<\/strong> con impresionantes vistas a la monta\u00f1a, 7 jardines con una espectacular piscina natural y jacuzzi y 4 comedores. <\/span><\/p>\n<h2 style=\"text-align: justify;\">Bodas y Eventos<\/h2>\n<p style=\"text-align: justify;\"><span style=\"font-weight: 400;\">Cortijo Sabila goza de todas las comodidades necesarias para celebrar una boda perfecta llena de naturaleza y en un enclave de ensue\u00f1o. Cuentan con una <strong>cocinera propia<\/strong> que se encarga de elaborar todos los men\u00fas, muy influenciados por los productos espa\u00f1oles, pero inspirados en viajes alrededor del mundo. Para realizarlos disponen de los mejores <strong>ingredientes frescos de la regi\u00f3n<\/strong> y crean un men\u00fa de cena de tres platos diariamente, con varias opciones. <\/span><\/p>\n<h2 style=\"text-align: justify;\">Detalles<\/h2>\n<ul>\n<li style=\"text-align: justify;\"><span style=\"font-weight: 400;\">\u00bfQu\u00e9 tipo de eventos se puede celebrar en el espacio?: Bodas, aniversarios, conferencias, cumplea\u00f1os\u2026.<\/span><\/li>\n<li style=\"text-align: justify;\"><span style=\"font-weight: 400;\">Precio alquiler (desde y hasta): Estancia m\u00ednima de 3 noches entre los 2.000 y 3.000 euros por 13 habitaciones<\/span><\/li>\n<li style=\"text-align: justify;\"><span style=\"font-weight: 400;\">Precio men\u00fa por persona (desde y hasta): 35 euros &#8211; 150 euros<\/span><\/li>\n<li style=\"text-align: justify;\"><span style=\"font-weight: 400;\">\u00bfTen\u00e9is cocina propia? \u00bfQu\u00e9 tipo de cocina sirves?: S\u00ed, comida internacional<\/span><\/li>\n<li style=\"text-align: justify;\"><span style=\"font-weight: 400;\">\u00bfTen\u00e9is alojamiento?: S\u00ed<\/span><\/li>\n<li style=\"text-align: justify;\"><span style=\"font-weight: 400;\">\u00bfCu\u00e1ntas habitaciones tiene? (Si, ten\u00e9is alojamiento): 13 habitaciones<\/span><\/li>\n<li style=\"text-align: justify;\"><span style=\"font-weight: 400;\">N\u00ba de invitados (desde y hasta): 2 &#8211; 30<\/span><\/li>\n<li style=\"text-align: justify;\"><span style=\"font-weight: 400;\">\u00bfCu\u00e1l es el recargo en caso de no llegar al m\u00ednimo de invitados?: El alquiler m\u00ednimo por noche es de 2000 euros para toda la propiedad, los grupos m\u00e1s peque\u00f1os pueden ser alojados con cita previa.<\/span><\/li>\n<li style=\"text-align: justify;\"><span style=\"font-weight: 400;\">\u00bfTen\u00e9is l\u00edmite de hora en las celebraciones?: No, pero hay un suplemento para mantener el bar abierto despu\u00e9s de las 01:00.<\/span><\/li>\n<li style=\"text-align: justify;\"><span style=\"font-weight: 400;\">\u00bfCelebras m\u00e1s de un evento al d\u00eda?: No <\/span><\/li>\n<li style=\"text-align: justify;\"><span style=\"font-weight: 400;\">\u00bfTen\u00e9is exclusividad fot\u00f3grafo\/m\u00fasica\/florista?: Si, pero hay un cargo<\/span><\/li>\n<li style=\"text-align: justify;\"><span style=\"font-weight: 400;\">\u00bfC\u00f3mo se efect\u00faa el pago?: Dep\u00f3sito de 2000 euros por transferencia bancaria o saldo de tarjeta a pagar 60 d\u00edas antes del evento<\/span><\/li>\n<li style=\"text-align: justify;\"><span style=\"font-weight: 400;\">\u00bfDispones de acceso para discapacitados?: No<\/span><\/li>\n<li style=\"text-align: justify;\"><span style=\"font-weight: 400;\">\u00bfAcept\u00e1is mascotas?: No, porque tenemos perros aqu\u00ed<\/span><\/li>\n<\/ul>\n<h2 style=\"text-align: justify;\">C\u00f3mo llegar a Cortijo Sabila<\/h2>\n<p style=\"text-align: justify;\"><span style=\"font-weight: 400;\">El Cortijo Sabila est\u00e1 ubicado en Villanueva del Rosario, a tan solo 20 minutos en coche de Antequera.<\/span><\/p>\n<ul>\n<li style=\"text-align: justify;\"><span style=\"font-weight: 400;\">Latitud: 37\u00ba 1\u2019 6.115\u2019\u2019<\/span><\/li>\n<li style=\"text-align: justify;\"><span style=\"font-weight: 400;\">Longitud: 4\u00ba 33\u2019 34.793\u2019\u2019<\/span><\/li>\n<li style=\"text-align: justify;\"><span style=\"font-weight: 400;\">Altitud: 502 metros<\/span><\/li>\n<\/ul>\n<p><\/p>","protected":false},"featured_media":23530,"comment_status":"open","ping_status":"closed","template":"","meta":{"_job_location":"A-7203, 29200, M\u00e1laga","_company_website":"","_company_tagline":"Sabila es un cortijo para bodas ubicada a muy pocos kil\u00f3metros de Antequera y M\u00e1laga, con una capacidad para 30 personas.","_company_twitter":"","_filled":0,"_featured":0},"job_listing_region":[104],"job-categories":[819,1368,823,98],"venue_type":[142,192,145],"wedding_style":[],"class_list":["post-22083","job_listing","type-job_listing","status-publish","has-post-thumbnail","hentry","job_listing_region-andalusia","job_listing_category-anniversary","job_listing_category-elopement","job_listing_category-engagement-party","job_listing_category-wedding","people-222","budget-3-000","accommodation-yes","venue_type-mountain-view","venue_type-espacio-unico","venue_type-gardensmarquee-site","other-outside-space","job_listing_tag-cortijo-for-weddings","job_listing_tag-cortijo-para-bodas","job_listing_tag-malaga-wedding-venue","job_listing_tag-wedding-in-malaga"],"_links":{"self":[{"href":"https:\/\/perfectvenue.es\/es\/wp-json\/wp\/v2\/job-listings\/22083","targetHints":{"allow":["GET"]}}],"collection":[{"href":"https:\/\/perfectvenue.es\/es\/wp-json\/wp\/v2\/job-listings"}],"about":[{"href":"https:\/\/perfectvenue.es\/es\/wp-json\/wp\/v2\/types\/job_listing"}],"replies":[{"embeddable":true,"href":"https:\/\/perfectvenue.es\/es\/wp-json\/wp\/v2\/comments?post=22083"}],"wp:featuredmedia":[{"embeddable":true,"href":"https:\/\/perfectvenue.es\/es\/wp-json\/wp\/v2\/media\/23530"}],"wp:attachment":[{"href":"https:\/\/perfectvenue.es\/es\/wp-json\/wp\/v2\/media?parent=22083"}],"wp:term":[{"taxonomy":"job_listing_region","embeddable":true,"href":"https:\/\/perfectvenue.es\/es\/wp-json\/wp\/v2\/job_listing_region?post=22083"},{"taxonomy":"job_listing_category","embeddable":true,"href":"https:\/\/perfectvenue.es\/es\/wp-json\/wp\/v2\/job-categories?post=22083"},{"taxonomy":"venue_type","embeddable":true,"href":"https:\/\/perfectvenue.es\/es\/wp-json\/wp\/v2\/venue_type?post=22083"},{"taxonomy":"wedding_style","embeddable":true,"href":"https:\/\/perfectvenue.es\/es\/wp-json\/wp\/v2\/wedding_style?post=22083"}],"curies":[{"name":"wp","href":"https:\/\/api.w.org\/{rel}","templated":true}]}}

<p></p>
<h2 style="text-align: justify;">Historia</h2>
<p style="text-align: justify;"><span style="font-weight: 400;"><strong>El Cortijo Sabila</strong>, situado en Antequera, a tan solo <strong>35 minutos de Málaga</strong> y a menos de 20 del famoso Parque Nacional Torca, es un lugar ideal para realizar cualquier tipo de evento o celebración. </span><span style="font-weight: 400;">Está restaurado como una <strong>boutique familiar</strong> con todas las comodidades necesarias para un fin de semana inolvidable, rodeada de campo perfecto para realizar actividades de senderismo y equitación. </span></p>
<p style="text-align: justify;"><span style="font-weight: 400;">Este cortijo para bodas dispone de<strong> 8 amplias habitaciones</strong> con impresionantes vistas a la montaña, 7 jardines con una espectacular piscina natural y jacuzzi y 4 comedores. </span></p>
<h2 style="text-align: justify;">Bodas y Eventos</h2>
<p style="text-align: justify;"><span style="font-weight: 400;">Cortijo Sabila goza de todas las comodidades necesarias para celebrar una boda perfecta llena de naturaleza y en un enclave de ensueño. Cuentan con una <strong>cocinera propia</strong> que se encarga de elaborar todos los menús, muy influenciados por los productos españoles, pero inspirados en viajes alrededor del mundo. Para realizarlos disponen de los mejores <strong>ingredientes frescos de la región</strong> y crean un menú de cena de tres platos diariamente, con varias opciones. </span></p>
<h2 style="text-align: justify;">Detalles</h2>
<ul>
<li style="text-align: justify;"><span style="font-weight: 400;">¿Qué tipo de eventos se puede celebrar en el espacio?: Bodas, aniversarios, conferencias, cumpleaños….</span></li>
<li style="text-align: justify;"><span style="font-weight: 400;">Precio alquiler (desde y hasta): Estancia mínima de 3 noches entre los 2.000 y 3.000 euros por 13 habitaciones</span></li>
<li style="text-align: justify;"><span style="font-weight: 400;">Precio menú por persona (desde y hasta): 35 euros &#8211; 150 euros</span></li>
<li style="text-align: justify;"><span style="font-weight: 400;">¿Tenéis cocina propia? ¿Qué tipo de cocina sirves?: Sí, comida internacional</span></li>
<li style="text-align: justify;"><span style="font-weight: 400;">¿Tenéis alojamiento?: Sí</span></li>
<li style="text-align: justify;"><span style="font-weight: 400;">¿Cuántas habitaciones tiene? (Si, tenéis alojamiento): 13 habitaciones</span></li>
<li style="text-align: justify;"><span style="font-weight: 400;">Nº de invitados (desde y hasta): 2 &#8211; 30</span></li>
<li style="text-align: justify;"><span style="font-weight: 400;">¿Cuál es el recargo en caso de no llegar al mínimo de invitados?: El alquiler mínimo por noche es de 2000 euros para toda la propiedad, los grupos más pequeños pueden ser alojados con cita previa.</span></li>
<li style="text-align: justify;"><span style="font-weight: 400;">¿Tenéis límite de hora en las celebraciones?: No, pero hay un suplemento para mantener el bar abierto después de las 01:00.</span></li>
<li style="text-align: justify;"><span style="font-weight: 400;">¿Celebras más de un evento al día?: No </span></li>
<li style="text-align: justify;"><span style="font-weight: 400;">¿Tenéis exclusividad fotógrafo/música/florista?: Si, pero hay un cargo</span></li>
<li style="text-align: justify;"><span style="font-weight: 400;">¿Cómo se efectúa el pago?: Depósito de 2000 euros por transferencia bancaria o saldo de tarjeta a pagar 60 días antes del evento</span></li>
<li style="text-align: justify;"><span style="font-weight: 400;">¿Dispones de acceso para discapacitados?: No</span></li>
<li style="text-align: justify;"><span style="font-weight: 400;">¿Aceptáis mascotas?: No, porque tenemos perros aquí</span></li>
</ul>
<h2 style="text-align: justify;">Cómo llegar a Cortijo Sabila</h2>
<p style="text-align: justify;"><span style="font-weight: 400;">El Cortijo Sabila está ubicado en Villanueva del Rosario, a tan solo 20 minutos en coche de Antequera.</span></p>
<ul>
<li style="text-align: justify;"><span style="font-weight: 400;">Latitud: 37º 1’ 6.115’’</span></li>
<li style="text-align: justify;"><span style="font-weight: 400;">Longitud: 4º 33’ 34.793’’</span></li>
<li style="text-align: justify;"><span style="font-weight: 400;">Altitud: 502 metros</span></li>
</ul>
<p></p>

A-7203, 29200, Málaga

Sabila es un cortijo para bodas ubicada a muy pocos kilómetros de Antequera y Málaga, con una capacidad para 30 personas.
