{"id":21987,"date":"2019-01-05T15:33:31","date_gmt":"2019-01-05T12:33:31","guid":{"rendered":"https:\/\/perfectvenue.es\/?post_type=job_listing&#038;p=21987"},"modified":"2021-05-21T15:48:29","modified_gmt":"2021-05-21T12:48:29","slug":"paris-madrid-space","status":"publish","type":"job_listing","link":"https:\/\/perfectvenue.es\/es\/listings\/paris-madrid-space\/","title":{"rendered":"MICE espacio Paris-Madrid"},"content":{"rendered":"<p><\/p>\n<h2 style=\"text-align: justify;\">Historia<\/h2>\n<p style=\"text-align: justify;\"><span style=\"font-weight: 400;\">Ubicado en la famosa <strong>Gran V\u00eda de Madrid<\/strong>, el MICE espacio\u00a0 Paris-Madrid est\u00e1 destinado a la organizaci\u00f3n de <strong>eventos corporativos<\/strong> por parte de distintas empresas. El lugar comprende 180 m2 repartidos en dos plantes y una impresionante terraza. El espacio se encuentra en la decimocuarta planta del edificio, por tanto, posee unos <strong>incre\u00edbles ventanales<\/strong> que van desde el suelo hasta el techo, ofreciendo de esta manera una espectacular panor\u00e1mica de la ciudad. <\/span><\/p>\n<p style=\"text-align: justify;\"><span style=\"font-weight: 400;\">Su aforo es de alrededor de <strong>70 personas<\/strong> en formato c\u00f3ctel, aunque depender\u00e1 siempre del tipo de evento. Adem\u00e1s, la arquitectura e historia del edificio han sido fusionadas a la perfecci\u00f3n con la modernidad de nuestros d\u00edas, ya que en este espacio puedes encontrarte estilos de diferentes \u00e9pocas, creando un dise\u00f1o que encaja perfectamente con todo tipo de celebraci\u00f3n o evento. <\/span><\/p>\n<h2 style=\"text-align: justify;\">Detalles<\/h2>\n<ul>\n<li style=\"text-align: justify;\"><strong>Tarifas media jornada:<\/strong> <span style=\"font-weight: 400;\">1650 euros \u00a0<\/span><\/li>\n<li style=\"text-align: justify;\"><b>Mobiliario:<\/b><span style=\"font-weight: 400;\"> Incluido en el precio.<\/span><\/li>\n<li style=\"text-align: justify;\"><b>Flipchart:<\/b><span style=\"font-weight: 400;\"> 60 euros unidad<\/span><\/li>\n<li style=\"text-align: justify;\"><b>Audio-visuales: <\/b><span style=\"font-weight: 400;\">No tenemos exclusividad, <\/span><span style=\"font-weight: 400;\">pod\u00e9is<\/span><span style=\"font-weight: 400;\"> traer los vuestros, pero desde el espacio se ofrecen los siguientes paquetes:\u00a0<\/span><span style=\"font-weight: 400;\">2 tv de 65&#8243; + sonido en sala 350 euros<\/span><\/li>\n<li style=\"text-align: justify;\"><b>Catering: <\/b><span style=\"font-weight: 400;\">Podemos recomendaros alguno de los que conoce la sala, pero no tenemos problema si prefer\u00eds traer vuestro propio proveedor.<\/span><\/li>\n<li style=\"text-align: justify;\"><b>STAFF: <\/b><span style=\"font-weight: 400;\">Durante la preparaci\u00f3n y arranque del evento, \u00a0pod\u00e9is apoyaros en los miembros del equipo de <\/span>INN\u00c9DITO16 <span style=\"font-weight: 400;\">que permanecer\u00e1n en las instalaciones todo el tiempo <\/span><\/li>\n<li style=\"text-align: justify;\"><b>Pre-bloqueo y bloqueo:<\/b><span style=\"font-weight: 400;\"> Se realizan pre-reservas de 7 d\u00edas. Es necesario el dep\u00f3sito del 50% en concepto de reserva y el 50% restante 24h antes del evento.<\/span><\/li>\n<li style=\"text-align: justify;\"><b>Parking:<\/b><span style=\"font-weight: 400;\"> acuerdo con parking a 50 metros de la sala. <\/span><\/li>\n<\/ul>\n<h2 style=\"text-align: justify;\">C\u00f3mo llegar a Espacio Paris-Madrid<\/h2>\n<p style=\"text-align: justify;\">Espacio est\u00e1 situado en el coraz\u00f3n de Madrid, en una de las calles m\u00e1s famosas de la capital Gran V\u00eda.<\/p>\n<ul>\n<li style=\"text-align: justify;\">Latitud: 40\u00ba 25&#8242; 18.16&#8221;<\/li>\n<li style=\"text-align: justify;\">Longitud: 3\u00ba 42&#8242; 29.522&#8221;<\/li>\n<li style=\"text-align: justify;\">Altitud: 698 metros<\/li>\n<\/ul>\n<p><\/p>","protected":false},"featured_media":22233,"comment_status":"open","ping_status":"closed","template":"","meta":{"_job_location":"Calle Gran V\u00eda, 28013 Madrid","_company_website":"","_company_tagline":"El espacio se encuentra en la decimocuarta planta del edificio, por tanto, posee unos incre\u00edbles ventanales que van desde el suelo hasta el techo","_company_twitter":"@perfectvenue_es","_filled":0,"_featured":0},"job_listing_region":[116],"job-categories":[823,1249],"venue_type":[141,192],"wedding_style":[],"class_list":["post-21987","job_listing","type-job_listing","status-publish","has-post-thumbnail","hentry","job_listing_region-madrid","job_listing_category-engagement-party","job_listing_category-mice-venues","people-188","budget-1-650","accommodation-no","venue_type-in-the-city","venue_type-espacio-unico","job_listing_tag-corporate-space-in-madrid","job_listing_tag-espacio-corporativo-en-madrid","job_listing_tag-mice-espacio-madrid","job_listing_tag-mice-madrid-venue","job_listing_tag-1382"],"_links":{"self":[{"href":"https:\/\/perfectvenue.es\/es\/wp-json\/wp\/v2\/job-listings\/21987","targetHints":{"allow":["GET"]}}],"collection":[{"href":"https:\/\/perfectvenue.es\/es\/wp-json\/wp\/v2\/job-listings"}],"about":[{"href":"https:\/\/perfectvenue.es\/es\/wp-json\/wp\/v2\/types\/job_listing"}],"replies":[{"embeddable":true,"href":"https:\/\/perfectvenue.es\/es\/wp-json\/wp\/v2\/comments?post=21987"}],"wp:featuredmedia":[{"embeddable":true,"href":"https:\/\/perfectvenue.es\/es\/wp-json\/wp\/v2\/media\/22233"}],"wp:attachment":[{"href":"https:\/\/perfectvenue.es\/es\/wp-json\/wp\/v2\/media?parent=21987"}],"wp:term":[{"taxonomy":"job_listing_region","embeddable":true,"href":"https:\/\/perfectvenue.es\/es\/wp-json\/wp\/v2\/job_listing_region?post=21987"},{"taxonomy":"job_listing_category","embeddable":true,"href":"https:\/\/perfectvenue.es\/es\/wp-json\/wp\/v2\/job-categories?post=21987"},{"taxonomy":"venue_type","embeddable":true,"href":"https:\/\/perfectvenue.es\/es\/wp-json\/wp\/v2\/venue_type?post=21987"},{"taxonomy":"wedding_style","embeddable":true,"href":"https:\/\/perfectvenue.es\/es\/wp-json\/wp\/v2\/wedding_style?post=21987"}],"curies":[{"name":"wp","href":"https:\/\/api.w.org\/{rel}","templated":true}]}}

<p></p>
<h2 style="text-align: justify;">Historia</h2>
<p style="text-align: justify;"><span style="font-weight: 400;">Ubicado en la famosa <strong>Gran Vía de Madrid</strong>, el MICE espacio  Paris-Madrid está destinado a la organización de <strong>eventos corporativos</strong> por parte de distintas empresas. El lugar comprende 180 m2 repartidos en dos plantes y una impresionante terraza. El espacio se encuentra en la decimocuarta planta del edificio, por tanto, posee unos <strong>increíbles ventanales</strong> que van desde el suelo hasta el techo, ofreciendo de esta manera una espectacular panorámica de la ciudad. </span></p>
<p style="text-align: justify;"><span style="font-weight: 400;">Su aforo es de alrededor de <strong>70 personas</strong> en formato cóctel, aunque dependerá siempre del tipo de evento. Además, la arquitectura e historia del edificio han sido fusionadas a la perfección con la modernidad de nuestros días, ya que en este espacio puedes encontrarte estilos de diferentes épocas, creando un diseño que encaja perfectamente con todo tipo de celebración o evento. </span></p>
<h2 style="text-align: justify;">Detalles</h2>
<ul>
<li style="text-align: justify;"><strong>Tarifas media jornada:</strong> <span style="font-weight: 400;">1650 euros  </span></li>
<li style="text-align: justify;"><b>Mobiliario:</b><span style="font-weight: 400;"> Incluido en el precio.</span></li>
<li style="text-align: justify;"><b>Flipchart:</b><span style="font-weight: 400;"> 60 euros unidad</span></li>
<li style="text-align: justify;"><b>Audio-visuales: </b><span style="font-weight: 400;">No tenemos exclusividad, </span><span style="font-weight: 400;">podéis</span><span style="font-weight: 400;"> traer los vuestros, pero desde el espacio se ofrecen los siguientes paquetes: </span><span style="font-weight: 400;">2 tv de 65&#8243; + sonido en sala 350 euros</span></li>
<li style="text-align: justify;"><b>Catering: </b><span style="font-weight: 400;">Podemos recomendaros alguno de los que conoce la sala, pero no tenemos problema si preferís traer vuestro propio proveedor.</span></li>
<li style="text-align: justify;"><b>STAFF: </b><span style="font-weight: 400;">Durante la preparación y arranque del evento,  podéis apoyaros en los miembros del equipo de </span>INNÉDITO16 <span style="font-weight: 400;">que permanecerán en las instalaciones todo el tiempo </span></li>
<li style="text-align: justify;"><b>Pre-bloqueo y bloqueo:</b><span style="font-weight: 400;"> Se realizan pre-reservas de 7 días. Es necesario el depósito del 50% en concepto de reserva y el 50% restante 24h antes del evento.</span></li>
<li style="text-align: justify;"><b>Parking:</b><span style="font-weight: 400;"> acuerdo con parking a 50 metros de la sala. </span></li>
</ul>
<h2 style="text-align: justify;">Cómo llegar a Espacio Paris-Madrid</h2>
<p style="text-align: justify;">Espacio está situado en el corazón de Madrid, en una de las calles más famosas de la capital Gran Vía.</p>
<ul>
<li style="text-align: justify;">Latitud: 40º 25&#8242; 18.16&#8221;</li>
<li style="text-align: justify;">Longitud: 3º 42&#8242; 29.522&#8221;</li>
<li style="text-align: justify;">Altitud: 698 metros</li>
</ul>
<p></p>

Calle Gran Vía, 28013 Madrid

El espacio se encuentra en la decimocuarta planta del edificio, por tanto, posee unos increíbles ventanales que van desde el suelo hasta el techo
