{"id":21855,"date":"2020-07-22T14:03:25","date_gmt":"2020-07-22T11:03:25","guid":{"rendered":"https:\/\/perfectvenue.es\/?post_type=job_listing&#038;p=21855"},"modified":"2021-02-26T16:02:21","modified_gmt":"2021-02-26T13:02:21","slug":"la-fabrica-del-canal","status":"publish","type":"job_listing","link":"https:\/\/perfectvenue.es\/es\/listings\/la-fabrica-del-canal\/","title":{"rendered":"La F\u00e1brica del Canal"},"content":{"rendered":"<p><\/p>\n<h2><span style=\"font-weight: 400;\">Historia<\/span><\/h2>\n<p style=\"text-align: justify;\"><span style=\"font-weight: 400;\">La F\u00e1brica del Canal est\u00e1 situada en Abarca de Campos, en la provincia de Palencia. En 1854 fue explotada como f\u00e1brica de harina, aunque empez\u00f3 a funcionar como tal en 1979. Entre 1994 y 2002 se convirti\u00f3 en un aut\u00e9ntico centro de arte, pero despu\u00e9s fue abandonado.<\/span><\/p>\n<p style=\"text-align: justify;\"><span style=\"font-weight: 400;\">En la actualidad, est\u00e1 completamente restaurado y posee la declaraci\u00f3n de Bien de Inter\u00e9s Cultural. Se ha convertido en uno de los graneros para bodas m\u00e1s exclusivos y solicitados de la zona, pudiendo acoger cualquier tipo de evento. La conservaci\u00f3n de su maquinaria y la originalidad del edificio, junto con todo el pueblo, ha sido galardonada con el premio Europa Nostra.<\/span><\/p>\n<h2><span style=\"font-weight: 400;\">Bodas y eventos<\/span><\/h2>\n<p style=\"text-align: justify;\"><span style=\"font-weight: 400;\">La F\u00e1brica del Canal cuenta con un equipo de profesionales que te ayudar\u00e1 en todo momento con los preparativos de tu boda o evento. Si quieres celebrar una ceremonia civil puedes organizarla en el jard\u00edn o en la terraza, as\u00ed como en uno de los salones del interior del complejo. El restaurante de La F\u00e1brica se encargar\u00e1 de crear un men\u00fa personalizado al gusto de los novios, con ingredientes t\u00edpicos de la zona y de gran calidad.<\/span><\/p>\n<p style=\"text-align: justify;\"><span style=\"font-weight: 400;\">El complejo cuenta con una incre\u00edble terraza y un imponente jard\u00edn que puede albergar hasta 350 personas en la celebraci\u00f3n de eventos. Adem\u00e1s, tiene unas vistas espectaculares al Canal de Castilla y est\u00e1 rodeado de un recinto natural inmejorable, lleno de naturaleza y de barcos para pasear por el canal.<\/span><\/p>\n<h3><span style=\"font-weight: 400;\">Detalles<\/span><\/h3>\n<ul>\n<li style=\"text-align: justify;\"><span style=\"font-weight: 400;\"> \u00a0 <\/span> <span style=\"font-weight: 400;\">Tipos de eventos: Eventos sociales (bodas, comuniones, cumplea\u00f1os\u2026) y empresariales (consejos de administraci\u00f3n, presentaci\u00f3n de productos, charlas\u2026)<\/span><\/li>\n<li style=\"text-align: justify;\"><span style=\"font-weight: 400;\"> \u00a0 <\/span> <span style=\"font-weight: 400;\">N\u00ba de invitados: 160 en banquete, 200 en c\u00f3ctel<\/span><\/li>\n<li style=\"text-align: justify;\"><span style=\"font-weight: 400;\"> \u00a0 <\/span> <span style=\"font-weight: 400;\">Recargo en caso de no llegar al m\u00ednimo de invitados: Depende de la facturaci\u00f3n. En algunas bodas peque\u00f1as, si se solicitan extras no cobran un recargo<\/span><\/li>\n<li style=\"text-align: justify;\"><span style=\"font-weight: 400;\"> \u00a0 <\/span> <span style=\"font-weight: 400;\">Precio alquiler: Depende del tipo de evento, del n\u00famero de invitados, de los espacios que se utilicen y de si se solicita exclusividad<\/span><\/li>\n<li style=\"text-align: justify;\"><span style=\"font-weight: 400;\"> \u00a0 <\/span> <span style=\"font-weight: 400;\">Precio men\u00fa bodas (por persona): Entre 139\u20ac y 159\u20ac (IVA incluido)<\/span><\/li>\n<li style=\"text-align: justify;\"><span style=\"font-weight: 400;\"> \u00a0 <\/span> <span style=\"font-weight: 400;\">Precio men\u00fa eventos de empresa: Depende del tipo de evento<\/span><\/li>\n<li style=\"text-align: justify;\"><span style=\"font-weight: 400;\"> \u00a0 <\/span> <span style=\"font-weight: 400;\">M\u00e9todo de pago: Transferencia bancaria o en efectivo<\/span><\/li>\n<li style=\"text-align: justify;\"><span style=\"font-weight: 400;\"> \u00a0 <\/span> <span style=\"font-weight: 400;\">Celebraci\u00f3n de m\u00e1s de un evento al d\u00eda: Depende del evento<\/span><\/li>\n<li style=\"text-align: justify;\"><span style=\"font-weight: 400;\"> \u00a0 <\/span> <span style=\"font-weight: 400;\">Cocina propia: S\u00ed<\/span><\/li>\n<li style=\"text-align: justify;\"><span style=\"font-weight: 400;\"> \u00a0 <\/span> <span style=\"font-weight: 400;\">Tipo de cocina: Independiente y vanguardista<\/span><\/li>\n<li style=\"text-align: justify;\"><span style=\"font-weight: 400;\"> \u00a0 <\/span> <span style=\"font-weight: 400;\">Alojamiento: S\u00ed<\/span><\/li>\n<li style=\"text-align: justify;\"><span style=\"font-weight: 400;\"> \u00a0 <\/span> <span style=\"font-weight: 400;\">Habitaciones: 10<\/span><\/li>\n<li style=\"text-align: justify;\"><span style=\"font-weight: 400;\"> \u00a0 <\/span> <span style=\"font-weight: 400;\">Fot\u00f3grafo, m\u00fasica o florista propios: S\u00ed, pero est\u00e1n abiertos a valorar otras opciones con los novios<\/span><\/li>\n<li style=\"text-align: justify;\"><span style=\"font-weight: 400;\"> \u00a0 <\/span> <span style=\"font-weight: 400;\">Espacio accesible para personas con discapacidad: S\u00ed<\/span><\/li>\n<li style=\"text-align: justify;\"><span style=\"font-weight: 400;\"> \u00a0 <\/span> <span style=\"font-weight: 400;\">L\u00edmite horario para celebraciones: Depende de si alquilan las habitaciones del hotel o no<\/span><\/li>\n<li style=\"text-align: justify;\"><span style=\"font-weight: 400;\"> \u00a0 <\/span> <span style=\"font-weight: 400;\">Mascotas: No<\/span><\/li>\n<\/ul>\n<h2><span style=\"font-weight: 400;\">Ubicaci\u00f3n<\/span><\/h2>\n<p style=\"text-align: justify;\"><span style=\"font-weight: 400;\">La F\u00e1brica del Canal se encuentra en Abarca de Campos, a pocos kil\u00f3metros de la ciudad de Palencia, en Castilla y Le\u00f3n.<\/span><\/p>\n<ul>\n<li><span style=\"font-weight: 400;\"> \u00a0 <\/span> <span style=\"font-weight: 400;\">Latitud: 42\u00b0 3\u2032 37\u2033<\/span><\/li>\n<li><span style=\"font-weight: 400;\"> \u00a0 <\/span> <span style=\"font-weight: 400;\">Longitud: 4\u00b0 50\u2032 36\u2033<\/span><\/li>\n<li><span style=\"font-weight: 400;\"> \u00a0 <\/span> <span style=\"font-weight: 400;\">Altitud: 758 metros<\/span><\/li>\n<\/ul>\n<p><\/p>","protected":false},"featured_media":21906,"comment_status":"open","ping_status":"closed","template":"","meta":{"_job_location":"Barrio Puente Rio, 8, 34338 Abarca de Campos, Palencia","_company_website":"","_company_tagline":"La F\u00e1brica del Canal es un espectacular finca para bodas ubicada en Palencia con un gran n\u00famero de espacios e incre\u00edbles vistas al Canal de Castilla","_company_twitter":"@perfectvenue_es","_filled":0,"_featured":0},"job_listing_region":[112],"job-categories":[819,823,817,1249,98],"venue_type":[192,145],"wedding_style":[],"class_list":["post-21855","job_listing","type-job_listing","status-publish","has-post-thumbnail","hentry","job_listing_region-castilla-y-leon","job_listing_category-anniversary","job_listing_category-engagement-party","job_listing_category-fashion-show","job_listing_category-mice-venues","job_listing_category-wedding","people-167","budget-1333","accommodation-yes","venue_type-espacio-unico","venue_type-gardensmarquee-site","other-outside-space","other-car-parking","job_listing_tag-barn-wedding-venue","job_listing_tag-boda-en-finca","job_listing_tag-exclusive-wedding-venue","job_listing_tag-fincas-con-historia","job_listing_tag-wedding-in-spain","job_listing_tag-wedding-venue","job_listing_tag-1218"],"_links":{"self":[{"href":"https:\/\/perfectvenue.es\/es\/wp-json\/wp\/v2\/job-listings\/21855","targetHints":{"allow":["GET"]}}],"collection":[{"href":"https:\/\/perfectvenue.es\/es\/wp-json\/wp\/v2\/job-listings"}],"about":[{"href":"https:\/\/perfectvenue.es\/es\/wp-json\/wp\/v2\/types\/job_listing"}],"replies":[{"embeddable":true,"href":"https:\/\/perfectvenue.es\/es\/wp-json\/wp\/v2\/comments?post=21855"}],"wp:featuredmedia":[{"embeddable":true,"href":"https:\/\/perfectvenue.es\/es\/wp-json\/wp\/v2\/media\/21906"}],"wp:attachment":[{"href":"https:\/\/perfectvenue.es\/es\/wp-json\/wp\/v2\/media?parent=21855"}],"wp:term":[{"taxonomy":"job_listing_region","embeddable":true,"href":"https:\/\/perfectvenue.es\/es\/wp-json\/wp\/v2\/job_listing_region?post=21855"},{"taxonomy":"job_listing_category","embeddable":true,"href":"https:\/\/perfectvenue.es\/es\/wp-json\/wp\/v2\/job-categories?post=21855"},{"taxonomy":"venue_type","embeddable":true,"href":"https:\/\/perfectvenue.es\/es\/wp-json\/wp\/v2\/venue_type?post=21855"},{"taxonomy":"wedding_style","embeddable":true,"href":"https:\/\/perfectvenue.es\/es\/wp-json\/wp\/v2\/wedding_style?post=21855"}],"curies":[{"name":"wp","href":"https:\/\/api.w.org\/{rel}","templated":true}]}}

La Fábrica del Canal

<p></p>
<h2><span style="font-weight: 400;">Historia</span></h2>
<p style="text-align: justify;"><span style="font-weight: 400;">La Fábrica del Canal está situada en Abarca de Campos, en la provincia de Palencia. En 1854 fue explotada como fábrica de harina, aunque empezó a funcionar como tal en 1979. Entre 1994 y 2002 se convirtió en un auténtico centro de arte, pero después fue abandonado.</span></p>
<p style="text-align: justify;"><span style="font-weight: 400;">En la actualidad, está completamente restaurado y posee la declaración de Bien de Interés Cultural. Se ha convertido en uno de los graneros para bodas más exclusivos y solicitados de la zona, pudiendo acoger cualquier tipo de evento. La conservación de su maquinaria y la originalidad del edificio, junto con todo el pueblo, ha sido galardonada con el premio Europa Nostra.</span></p>
<h2><span style="font-weight: 400;">Bodas y eventos</span></h2>
<p style="text-align: justify;"><span style="font-weight: 400;">La Fábrica del Canal cuenta con un equipo de profesionales que te ayudará en todo momento con los preparativos de tu boda o evento. Si quieres celebrar una ceremonia civil puedes organizarla en el jardín o en la terraza, así como en uno de los salones del interior del complejo. El restaurante de La Fábrica se encargará de crear un menú personalizado al gusto de los novios, con ingredientes típicos de la zona y de gran calidad.</span></p>
<p style="text-align: justify;"><span style="font-weight: 400;">El complejo cuenta con una increíble terraza y un imponente jardín que puede albergar hasta 350 personas en la celebración de eventos. Además, tiene unas vistas espectaculares al Canal de Castilla y está rodeado de un recinto natural inmejorable, lleno de naturaleza y de barcos para pasear por el canal.</span></p>
<h3><span style="font-weight: 400;">Detalles</span></h3>
<ul>
<li style="text-align: justify;"><span style="font-weight: 400;">   </span> <span style="font-weight: 400;">Tipos de eventos: Eventos sociales (bodas, comuniones, cumpleaños…) y empresariales (consejos de administración, presentación de productos, charlas…)</span></li>
<li style="text-align: justify;"><span style="font-weight: 400;">   </span> <span style="font-weight: 400;">Nº de invitados: 160 en banquete, 200 en cóctel</span></li>
<li style="text-align: justify;"><span style="font-weight: 400;">   </span> <span style="font-weight: 400;">Recargo en caso de no llegar al mínimo de invitados: Depende de la facturación. En algunas bodas pequeñas, si se solicitan extras no cobran un recargo</span></li>
<li style="text-align: justify;"><span style="font-weight: 400;">   </span> <span style="font-weight: 400;">Precio alquiler: Depende del tipo de evento, del número de invitados, de los espacios que se utilicen y de si se solicita exclusividad</span></li>
<li style="text-align: justify;"><span style="font-weight: 400;">   </span> <span style="font-weight: 400;">Precio menú bodas (por persona): Entre 139€ y 159€ (IVA incluido)</span></li>
<li style="text-align: justify;"><span style="font-weight: 400;">   </span> <span style="font-weight: 400;">Precio menú eventos de empresa: Depende del tipo de evento</span></li>
<li style="text-align: justify;"><span style="font-weight: 400;">   </span> <span style="font-weight: 400;">Método de pago: Transferencia bancaria o en efectivo</span></li>
<li style="text-align: justify;"><span style="font-weight: 400;">   </span> <span style="font-weight: 400;">Celebración de más de un evento al día: Depende del evento</span></li>
<li style="text-align: justify;"><span style="font-weight: 400;">   </span> <span style="font-weight: 400;">Cocina propia: Sí</span></li>
<li style="text-align: justify;"><span style="font-weight: 400;">   </span> <span style="font-weight: 400;">Tipo de cocina: Independiente y vanguardista</span></li>
<li style="text-align: justify;"><span style="font-weight: 400;">   </span> <span style="font-weight: 400;">Alojamiento: Sí</span></li>
<li style="text-align: justify;"><span style="font-weight: 400;">   </span> <span style="font-weight: 400;">Habitaciones: 10</span></li>
<li style="text-align: justify;"><span style="font-weight: 400;">   </span> <span style="font-weight: 400;">Fotógrafo, música o florista propios: Sí, pero están abiertos a valorar otras opciones con los novios</span></li>
<li style="text-align: justify;"><span style="font-weight: 400;">   </span> <span style="font-weight: 400;">Espacio accesible para personas con discapacidad: Sí</span></li>
<li style="text-align: justify;"><span style="font-weight: 400;">   </span> <span style="font-weight: 400;">Límite horario para celebraciones: Depende de si alquilan las habitaciones del hotel o no</span></li>
<li style="text-align: justify;"><span style="font-weight: 400;">   </span> <span style="font-weight: 400;">Mascotas: No</span></li>
</ul>
<h2><span style="font-weight: 400;">Ubicación</span></h2>
<p style="text-align: justify;"><span style="font-weight: 400;">La Fábrica del Canal se encuentra en Abarca de Campos, a pocos kilómetros de la ciudad de Palencia, en Castilla y León.</span></p>
<ul>
<li><span style="font-weight: 400;">   </span> <span style="font-weight: 400;">Latitud: 42° 3′ 37″</span></li>
<li><span style="font-weight: 400;">   </span> <span style="font-weight: 400;">Longitud: 4° 50′ 36″</span></li>
<li><span style="font-weight: 400;">   </span> <span style="font-weight: 400;">Altitud: 758 metros</span></li>
</ul>
<p></p>

La Fábrica del Canal es un espectacular finca para bodas ubicada en Palencia con un gran número de espacios e increíbles vistas al Canal de Castilla
