{"id":21739,"date":"2019-05-14T20:50:32","date_gmt":"2019-05-14T17:50:32","guid":{"rendered":"https:\/\/perfectvenue.es\/?post_type=job_listing&#038;p=21739"},"modified":"2023-05-18T12:49:06","modified_gmt":"2023-05-18T09:49:06","slug":"villa-delia","status":"publish","type":"job_listing","link":"https:\/\/perfectvenue.es\/es\/listings\/villa-delia\/","title":{"rendered":"Villa Delia"},"content":{"rendered":"<p><\/p>\n<h2>Historia<\/h2>\n<p style=\"text-align: justify;\"><span style=\"font-weight: 400;\">Villa Delia es una preciosa finca situada en el municipio de Picanya, a tan solo 6 kil\u00f3metros del centro de Valencia. Esta incre\u00edble edificaci\u00f3n fue construida en el a\u00f1o 1829 con un espectacular estilo neog\u00f3tico, que no deja indiferente a nadie. A\u00f1os despu\u00e9s, la familia Barral Navarro restaur\u00f3 por completo la finca manteniendo su gran valor arquitect\u00f3nico y muchos detalles y elementos barrocos de sus or\u00edgenes. El espacio goza de jardines ingleses, estanques y hasta posee una gruta y bosques con distintos tipos de vegetaci\u00f3n. <\/span><\/p>\n<h2>Bodas y Eventos<\/h2>\n<p style=\"text-align: justify;\"><span style=\"font-weight: 400;\">Villa Delia cuenta con un sinf\u00edn de espacios y servicios perfectos para realizar en ella cualquier tipo de evento o boda en Valencia. Tiene una capilla en su interior para poder realizar enlaces religiosos y varios patios y bodegas conectadas para poder celebrar bodas civiles. Uno de sus espacios m\u00e1s solicitados es su inmenso jard\u00edn, con una espectacular vegetaci\u00f3n, ideal para aperitivos o c\u00f3cteles de bienvenida al aire libre. Tambi\u00e9n goza de una amplia zona ajardinada situada cerca del estanque y con una capacidad de hasta 500 comensales. En el a\u00f1o 2013, como gran novedad, Villa Delia incorpora a sus instalaciones un impresionante espacio acristalado de 450 m2 con vistas a los jardines que rodean la finca. <\/span><\/p>\n<p style=\"text-align: justify;\"><span style=\"font-weight: 400;\">En 2013, la empresa Ancora asume la labor de elaborar los men\u00fas de esta Villa. La cocina se encuentra bajo la direcci\u00f3n de varios chefs que cuentan con estrellas Michelin: Nacho Manzano, Manuel de la Osa y Alejandro. <\/span><\/p>\n<h3>Detalles<\/h3>\n<ul>\n<li style=\"text-align: justify;\"><span style=\"font-weight: 400;\">\u00bfQue tipo de eventos se puede celebrar en el espacio?: Eventos sociales y Bodas<\/span><\/li>\n<li style=\"text-align: justify;\"><span style=\"font-weight: 400;\">Precio alquiler (desde y hasta): El precio del alquiler depende del tipo de evento, n\u00famero de personas, zonas que utilice y si necesitan exclusividad, por lo cual se presupuesta por tipolog\u00eda de evento<\/span><\/li>\n<li style=\"text-align: justify;\"><span style=\"font-weight: 400;\">Precio men\u00fa por persona (desde y hasta): \u00a0De 96 hasta 150 euros<\/span><\/li>\n<li style=\"text-align: justify;\"><span style=\"font-weight: 400;\">\u00bfTen\u00e9is cocina propia? \u00bfQu\u00e9 tipo de cocina sirves?: Si, de mercado<\/span><\/li>\n<li style=\"text-align: justify;\"><span style=\"font-weight: 400;\">\u00bfTen\u00e9is alojamiento?: Si<\/span><\/li>\n<li style=\"text-align: justify;\"><span style=\"font-weight: 400;\">\u00bfCu\u00e1ntas habitaciones tiene? (Si, ten\u00e9is alojamiento): 10<\/span><\/li>\n<li style=\"text-align: justify;\"><span style=\"font-weight: 400;\">N\u00ba de invitados (desde y hasta): 500<\/span><\/li>\n<li style=\"text-align: justify;\"><span style=\"font-weight: 400;\">\u00bfTen\u00e9is l\u00edmite de hora en las celebraciones?: \u00a0No<\/span><\/li>\n<li style=\"text-align: justify;\"><span style=\"font-weight: 400;\">\u00bfCelebras m\u00e1s de un evento al d\u00eda?: Depende del evento<\/span><\/li>\n<li style=\"text-align: justify;\"><span style=\"font-weight: 400;\">\u00bfTen\u00e9is exclusividad fot\u00f3grafo\/m\u00fasica\/florista?: Solo de catering y m\u00fasica <\/span><\/li>\n<li style=\"text-align: justify;\"><span style=\"font-weight: 400;\">\u00bfC\u00f3mo se efect\u00faa el pago?: <\/span><span style=\"font-weight: 400;\">El lunes de la semana de la boda 90% del total de la factura y el 10% restante m\u00e1s las posibles modificaciones el lunes posterior a la boda<\/span><\/li>\n<li style=\"text-align: justify;\"><span style=\"font-weight: 400;\">\u00bfDispones de acceso para discapacitados?: Si<\/span><\/li>\n<li style=\"text-align: justify;\"><span style=\"font-weight: 400;\">\u00bfAcept\u00e1is mascotas?: No<\/span><\/li>\n<\/ul>\n<h2>C\u00f3mo llegar a Villa Delia<\/h2>\n<p style=\"text-align: justify;\"><span style=\"font-weight: 400;\">Villa Delia est\u00e1 ubicada en Picanya, muy pr\u00f3xima al centro de Valencia, y conocida anteriormente como <\/span><span style=\"font-weight: 400;\">Hort de Pla.<\/span><\/p>\n<ul>\n<li><span style=\"font-weight: 400;\">Latitud: 39\u00ba 26\u2019 7.427\u2019\u2019<\/span><\/li>\n<li><span style=\"font-weight: 400;\">Longitud: 26\u2019 9.159\u2019\u2019<\/span><\/li>\n<li><span style=\"font-weight: 400;\">Altitud: 31 metros<\/span><\/li>\n<\/ul>\n<p><\/p>","protected":false},"featured_media":21748,"comment_status":"open","ping_status":"closed","template":"","meta":{"_job_location":"Cami del Hort, s\/n, 46210 Picanya, Valencia","_company_website":"","_company_tagline":"Villa Delia es un preciosa finca con una capacidad para m\u00e1s de 500 invitados, rodeada de jardines, estanques y bosques con todo tipo de vegetaci\u00f3n","_company_twitter":"","_filled":0,"_featured":0},"job_listing_region":[120],"job-categories":[819,823,98],"venue_type":[147,145],"wedding_style":[],"class_list":["post-21739","job_listing","type-job_listing","status-publish","has-post-thumbnail","hentry","job_listing_region-valencian-community","job_listing_category-anniversary","job_listing_category-engagement-party","job_listing_category-wedding","people-237","budget-1311","accommodation-yes","venue_type-estateresort","venue_type-gardensmarquee-site","other-outside-space","job_listing_tag-boda-en-valencia","job_listing_tag-espacios-bodas","job_listing_tag-valencia-wedding-venue","job_listing_tag-venue-for-wedding"],"_links":{"self":[{"href":"https:\/\/perfectvenue.es\/es\/wp-json\/wp\/v2\/job-listings\/21739","targetHints":{"allow":["GET"]}}],"collection":[{"href":"https:\/\/perfectvenue.es\/es\/wp-json\/wp\/v2\/job-listings"}],"about":[{"href":"https:\/\/perfectvenue.es\/es\/wp-json\/wp\/v2\/types\/job_listing"}],"replies":[{"embeddable":true,"href":"https:\/\/perfectvenue.es\/es\/wp-json\/wp\/v2\/comments?post=21739"}],"wp:featuredmedia":[{"embeddable":true,"href":"https:\/\/perfectvenue.es\/es\/wp-json\/wp\/v2\/media\/21748"}],"wp:attachment":[{"href":"https:\/\/perfectvenue.es\/es\/wp-json\/wp\/v2\/media?parent=21739"}],"wp:term":[{"taxonomy":"job_listing_region","embeddable":true,"href":"https:\/\/perfectvenue.es\/es\/wp-json\/wp\/v2\/job_listing_region?post=21739"},{"taxonomy":"job_listing_category","embeddable":true,"href":"https:\/\/perfectvenue.es\/es\/wp-json\/wp\/v2\/job-categories?post=21739"},{"taxonomy":"venue_type","embeddable":true,"href":"https:\/\/perfectvenue.es\/es\/wp-json\/wp\/v2\/venue_type?post=21739"},{"taxonomy":"wedding_style","embeddable":true,"href":"https:\/\/perfectvenue.es\/es\/wp-json\/wp\/v2\/wedding_style?post=21739"}],"curies":[{"name":"wp","href":"https:\/\/api.w.org\/{rel}","templated":true}]}}

<p></p>
<h2>Historia</h2>
<p style="text-align: justify;"><span style="font-weight: 400;">Villa Delia es una preciosa finca situada en el municipio de Picanya, a tan solo 6 kilómetros del centro de Valencia. Esta increíble edificación fue construida en el año 1829 con un espectacular estilo neogótico, que no deja indiferente a nadie. Años después, la familia Barral Navarro restauró por completo la finca manteniendo su gran valor arquitectónico y muchos detalles y elementos barrocos de sus orígenes. El espacio goza de jardines ingleses, estanques y hasta posee una gruta y bosques con distintos tipos de vegetación. </span></p>
<h2>Bodas y Eventos</h2>
<p style="text-align: justify;"><span style="font-weight: 400;">Villa Delia cuenta con un sinfín de espacios y servicios perfectos para realizar en ella cualquier tipo de evento o boda en Valencia. Tiene una capilla en su interior para poder realizar enlaces religiosos y varios patios y bodegas conectadas para poder celebrar bodas civiles. Uno de sus espacios más solicitados es su inmenso jardín, con una espectacular vegetación, ideal para aperitivos o cócteles de bienvenida al aire libre. También goza de una amplia zona ajardinada situada cerca del estanque y con una capacidad de hasta 500 comensales. En el año 2013, como gran novedad, Villa Delia incorpora a sus instalaciones un impresionante espacio acristalado de 450 m2 con vistas a los jardines que rodean la finca. </span></p>
<p style="text-align: justify;"><span style="font-weight: 400;">En 2013, la empresa Ancora asume la labor de elaborar los menús de esta Villa. La cocina se encuentra bajo la dirección de varios chefs que cuentan con estrellas Michelin: Nacho Manzano, Manuel de la Osa y Alejandro. </span></p>
<h3>Detalles</h3>
<ul>
<li style="text-align: justify;"><span style="font-weight: 400;">¿Que tipo de eventos se puede celebrar en el espacio?: Eventos sociales y Bodas</span></li>
<li style="text-align: justify;"><span style="font-weight: 400;">Precio alquiler (desde y hasta): El precio del alquiler depende del tipo de evento, número de personas, zonas que utilice y si necesitan exclusividad, por lo cual se presupuesta por tipología de evento</span></li>
<li style="text-align: justify;"><span style="font-weight: 400;">Precio menú por persona (desde y hasta):  De 96 hasta 150 euros</span></li>
<li style="text-align: justify;"><span style="font-weight: 400;">¿Tenéis cocina propia? ¿Qué tipo de cocina sirves?: Si, de mercado</span></li>
<li style="text-align: justify;"><span style="font-weight: 400;">¿Tenéis alojamiento?: Si</span></li>
<li style="text-align: justify;"><span style="font-weight: 400;">¿Cuántas habitaciones tiene? (Si, tenéis alojamiento): 10</span></li>
<li style="text-align: justify;"><span style="font-weight: 400;">Nº de invitados (desde y hasta): 500</span></li>
<li style="text-align: justify;"><span style="font-weight: 400;">¿Tenéis límite de hora en las celebraciones?:  No</span></li>
<li style="text-align: justify;"><span style="font-weight: 400;">¿Celebras más de un evento al día?: Depende del evento</span></li>
<li style="text-align: justify;"><span style="font-weight: 400;">¿Tenéis exclusividad fotógrafo/música/florista?: Solo de catering y música </span></li>
<li style="text-align: justify;"><span style="font-weight: 400;">¿Cómo se efectúa el pago?: </span><span style="font-weight: 400;">El lunes de la semana de la boda 90% del total de la factura y el 10% restante más las posibles modificaciones el lunes posterior a la boda</span></li>
<li style="text-align: justify;"><span style="font-weight: 400;">¿Dispones de acceso para discapacitados?: Si</span></li>
<li style="text-align: justify;"><span style="font-weight: 400;">¿Aceptáis mascotas?: No</span></li>
</ul>
<h2>Cómo llegar a Villa Delia</h2>
<p style="text-align: justify;"><span style="font-weight: 400;">Villa Delia está ubicada en Picanya, muy próxima al centro de Valencia, y conocida anteriormente como </span><span style="font-weight: 400;">Hort de Pla.</span></p>
<ul>
<li><span style="font-weight: 400;">Latitud: 39º 26’ 7.427’’</span></li>
<li><span style="font-weight: 400;">Longitud: 26’ 9.159’’</span></li>
<li><span style="font-weight: 400;">Altitud: 31 metros</span></li>
</ul>
<p></p>

Villa Delia es un preciosa finca con una capacidad para más de 500 invitados, rodeada de jardines, estanques y bosques con todo tipo de vegetación
