{"id":21028,"date":"2019-07-05T16:17:55","date_gmt":"2019-07-05T13:17:55","guid":{"rendered":"https:\/\/perfectvenue.es\/?post_type=job_listing&#038;p=21028"},"modified":"2022-06-30T11:50:57","modified_gmt":"2022-06-30T08:50:57","slug":"finca-la-concepcion","status":"publish","type":"job_listing","link":"https:\/\/perfectvenue.es\/es\/listings\/finca-la-concepcion\/","title":{"rendered":"Finca La Concepci\u00f3n"},"content":{"rendered":"<p><\/p>\n<h2>Descripci\u00f3n<\/h2>\n<p style=\"text-align: justify;\"><span style=\"font-weight: 400;\">Finca La Concepci\u00f3n tiene un pasado estrechamente ligado a la industria de hierro en Marbella. Esta espectacular finca del siglo XIX, se encontraba situada en un impresionante paraje natural donde viv\u00edan los obreros que trabajaban en una de las primeras fundiciones construidas en Espa\u00f1a. Con el cese de esta actividad, el pueblo fue completamente abandonado. <\/span><\/p>\n<p style=\"text-align: justify;\"><span style=\"font-weight: 400;\">Tiempo despu\u00e9s, el propietario de esta finca decidi\u00f3 rehabilitarla y convertir estas ruinas en una impresionante casa se\u00f1orial t\u00edpica de la Costa del Sol. En la actualidad, esta magn\u00edfica propiedad ofrece un espectacular paisaje lleno de palmeras, plantaciones de aguacates, naranjos y almendros. Adem\u00e1s, a\u00fan se conservan algunos restos de las ruinas de la fundici\u00f3n que dio origen a este lugar. <\/span><\/p>\n<h2>Bodas y Eventos<\/h2>\n<p style=\"text-align: justify;\"><span style=\"font-weight: 400;\">Finca La Concepci\u00f3n, situada en un entorno excepcional donde la vegetaci\u00f3n tropical y el murmullo del agua de sus fuentes son las aut\u00e9nticas protagonistas, cuenta con todas las comodidades para celebrar en ella cualquier boda o evento. <\/span><\/p>\n<p style=\"text-align: justify;\"><span style=\"font-weight: 400;\">Tiene capacidad para m\u00e1s de 500 personas, pero no por ello dejan de realizar actos de menor asistencia. Todos los eventos, desde bodas, actos sociales o espect\u00e1culos son atendidos por un equipo de experimentados profesionales. Cuenta con las zonas vitales para cualquier evento como parking para invitados, accesibilidad de autobuses o servicio de catering. <\/span><\/p>\n<h3>Detalles<\/h3>\n<ul>\n<li style=\"text-align: justify;\"><span style=\"font-weight: 400;\">\u00bfQue tipo de eventos se puede celebrar en el espacio? Cualquier tipo de evento<\/span><\/li>\n<li style=\"text-align: justify;\"><span style=\"font-weight: 400;\">Precio alquiler (desde y hasta): M\u00ednimo 6.000\u20ac hasta 15.000\u20ac por dia<\/span><\/li>\n<li style=\"text-align: justify;\"><span style=\"font-weight: 400;\">Precio men\u00fa por persona: Desde 100\u20ac hasta 300\u20ac<\/span><\/li>\n<li style=\"text-align: justify;\"><span style=\"font-weight: 400;\">\u00bfTen\u00e9is cocina propia? \u00bfQu\u00e9 tipo de cocina sirves?: Trabajamos en colaboraci\u00f3n con varias empresas de catering que realizan cualquier tipo de cocina, tradicional, moderna, kosher, vegana, etc&#8230;<\/span><\/li>\n<li style=\"text-align: justify;\"><span style=\"font-weight: 400;\">\u00bfTen\u00e9is alojamiento?: No<\/span><\/li>\n<li style=\"text-align: justify;\"><span style=\"font-weight: 400;\">N\u00ba de invitados (desde y hasta): De 50 hasta 500<\/span><\/li>\n<li style=\"text-align: justify;\"><span style=\"font-weight: 400;\">\u00bfTen\u00e9is l\u00edmite de hora en las celebraciones?: 03:00<\/span><\/li>\n<li style=\"text-align: justify;\"><span style=\"font-weight: 400;\">\u00bfCelebras m\u00e1s de un evento al d\u00eda?: No<\/span><\/li>\n<li style=\"text-align: justify;\"><span style=\"font-weight: 400;\">\u00bfTen\u00e9is exclusividad fot\u00f3grafo\/m\u00fasica\/florista?: No<\/span><\/li>\n<li style=\"text-align: justify;\"><span style=\"font-weight: 400;\">\u00bfC\u00f3mo se efect\u00faa el pago?: 25% para la reserva en firme del dia y el resto 15 d\u00edas antes del evento<\/span><\/li>\n<li style=\"text-align: justify;\"><span style=\"font-weight: 400;\">\u00bfDispones de acceso para discapacitados?: Si<\/span><\/li>\n<li><span style=\"font-weight: 400;\">\u00bfAcept\u00e1is mascotas?: Si<\/span><\/li>\n<\/ul>\n<h2 style=\"text-align: justify;\">C\u00f3mo llegar a Finca\u00a0La Concepci\u00f3n<\/h2>\n<p style=\"text-align: justify;\"><span style=\"font-weight: 400;\">Se encuentra ubicada a tan solo 5 minutos del centro de Marbella, a 4 minutos de Puerto Ban\u00fas y a 45 minutos del Aeropuerto de M\u00e1laga.<\/span><\/p>\n<div>\n<p class=\"section-hero-header-title\">36\u00b031&#8217;09.8&#8243;N 4\u00b057&#8217;17.6&#8243;W<\/p>\n<\/div>\n<p class=\"section-hero-header-subtitle\">36.519389, -4.954889<\/p>\n<p><\/p>","protected":false},"featured_media":21174,"comment_status":"open","ping_status":"closed","template":"","meta":{"_job_location":"Carretera Ist\u00e1n, km 2, 300, 29602 Marbella, M\u00e1laga","_company_website":"","_company_tagline":"Finca La Concepci\u00f3n es una impresionante casa se\u00f1orial t\u00edpica de la Costa del Sol. Perfecta para bodas de 50 a 500 invitados","_company_twitter":"","_filled":0,"_featured":0},"job_listing_region":[104],"job-categories":[819,823,98],"venue_type":[138,145],"wedding_style":[],"class_list":["post-21028","job_listing","type-job_listing","status-publish","has-post-thumbnail","hentry","job_listing_region-andalusia","job_listing_category-anniversary","job_listing_category-engagement-party","job_listing_category-wedding","people-237","budget-1222","accommodation-no","venue_type-astle-palace","venue_type-gardensmarquee-site","other-outside-space","other-car-parking","other-dog-friendly","job_listing_tag-espacio-bodas-marbella","job_listing_tag-finca-marbella","job_listing_tag-wedding-andalucia","job_listing_tag-wedding-venues-andalucia","job_listing_tag-wedding-venues-marbella","job_listing_tag-4149"],"_links":{"self":[{"href":"https:\/\/perfectvenue.es\/es\/wp-json\/wp\/v2\/job-listings\/21028","targetHints":{"allow":["GET"]}}],"collection":[{"href":"https:\/\/perfectvenue.es\/es\/wp-json\/wp\/v2\/job-listings"}],"about":[{"href":"https:\/\/perfectvenue.es\/es\/wp-json\/wp\/v2\/types\/job_listing"}],"replies":[{"embeddable":true,"href":"https:\/\/perfectvenue.es\/es\/wp-json\/wp\/v2\/comments?post=21028"}],"wp:featuredmedia":[{"embeddable":true,"href":"https:\/\/perfectvenue.es\/es\/wp-json\/wp\/v2\/media\/21174"}],"wp:attachment":[{"href":"https:\/\/perfectvenue.es\/es\/wp-json\/wp\/v2\/media?parent=21028"}],"wp:term":[{"taxonomy":"job_listing_region","embeddable":true,"href":"https:\/\/perfectvenue.es\/es\/wp-json\/wp\/v2\/job_listing_region?post=21028"},{"taxonomy":"job_listing_category","embeddable":true,"href":"https:\/\/perfectvenue.es\/es\/wp-json\/wp\/v2\/job-categories?post=21028"},{"taxonomy":"venue_type","embeddable":true,"href":"https:\/\/perfectvenue.es\/es\/wp-json\/wp\/v2\/venue_type?post=21028"},{"taxonomy":"wedding_style","embeddable":true,"href":"https:\/\/perfectvenue.es\/es\/wp-json\/wp\/v2\/wedding_style?post=21028"}],"curies":[{"name":"wp","href":"https:\/\/api.w.org\/{rel}","templated":true}]}}

Finca La Concepción

<p></p>
<h2>Descripción</h2>
<p style="text-align: justify;"><span style="font-weight: 400;">Finca La Concepción tiene un pasado estrechamente ligado a la industria de hierro en Marbella. Esta espectacular finca del siglo XIX, se encontraba situada en un impresionante paraje natural donde vivían los obreros que trabajaban en una de las primeras fundiciones construidas en España. Con el cese de esta actividad, el pueblo fue completamente abandonado. </span></p>
<p style="text-align: justify;"><span style="font-weight: 400;">Tiempo después, el propietario de esta finca decidió rehabilitarla y convertir estas ruinas en una impresionante casa señorial típica de la Costa del Sol. En la actualidad, esta magnífica propiedad ofrece un espectacular paisaje lleno de palmeras, plantaciones de aguacates, naranjos y almendros. Además, aún se conservan algunos restos de las ruinas de la fundición que dio origen a este lugar. </span></p>
<h2>Bodas y Eventos</h2>
<p style="text-align: justify;"><span style="font-weight: 400;">Finca La Concepción, situada en un entorno excepcional donde la vegetación tropical y el murmullo del agua de sus fuentes son las auténticas protagonistas, cuenta con todas las comodidades para celebrar en ella cualquier boda o evento. </span></p>
<p style="text-align: justify;"><span style="font-weight: 400;">Tiene capacidad para más de 500 personas, pero no por ello dejan de realizar actos de menor asistencia. Todos los eventos, desde bodas, actos sociales o espectáculos son atendidos por un equipo de experimentados profesionales. Cuenta con las zonas vitales para cualquier evento como parking para invitados, accesibilidad de autobuses o servicio de catering. </span></p>
<h3>Detalles</h3>
<ul>
<li style="text-align: justify;"><span style="font-weight: 400;">¿Que tipo de eventos se puede celebrar en el espacio? Cualquier tipo de evento</span></li>
<li style="text-align: justify;"><span style="font-weight: 400;">Precio alquiler (desde y hasta): Mínimo 6.000€ hasta 15.000€ por dia</span></li>
<li style="text-align: justify;"><span style="font-weight: 400;">Precio menú por persona: Desde 100€ hasta 300€</span></li>
<li style="text-align: justify;"><span style="font-weight: 400;">¿Tenéis cocina propia? ¿Qué tipo de cocina sirves?: Trabajamos en colaboración con varias empresas de catering que realizan cualquier tipo de cocina, tradicional, moderna, kosher, vegana, etc&#8230;</span></li>
<li style="text-align: justify;"><span style="font-weight: 400;">¿Tenéis alojamiento?: No</span></li>
<li style="text-align: justify;"><span style="font-weight: 400;">Nº de invitados (desde y hasta): De 50 hasta 500</span></li>
<li style="text-align: justify;"><span style="font-weight: 400;">¿Tenéis límite de hora en las celebraciones?: 03:00</span></li>
<li style="text-align: justify;"><span style="font-weight: 400;">¿Celebras más de un evento al día?: No</span></li>
<li style="text-align: justify;"><span style="font-weight: 400;">¿Tenéis exclusividad fotógrafo/música/florista?: No</span></li>
<li style="text-align: justify;"><span style="font-weight: 400;">¿Cómo se efectúa el pago?: 25% para la reserva en firme del dia y el resto 15 días antes del evento</span></li>
<li style="text-align: justify;"><span style="font-weight: 400;">¿Dispones de acceso para discapacitados?: Si</span></li>
<li><span style="font-weight: 400;">¿Aceptáis mascotas?: Si</span></li>
</ul>
<h2 style="text-align: justify;">Cómo llegar a Finca La Concepción</h2>
<p style="text-align: justify;"><span style="font-weight: 400;">Se encuentra ubicada a tan solo 5 minutos del centro de Marbella, a 4 minutos de Puerto Banús y a 45 minutos del Aeropuerto de Málaga.</span></p>
<div>
<p class="section-hero-header-title">36°31&#8217;09.8&#8243;N 4°57&#8217;17.6&#8243;W</p>
</div>
<p class="section-hero-header-subtitle">36.519389, -4.954889</p>
<p></p>

Carretera Istán, km 2, 300, 29602 Marbella, Málaga

Finca La Concepción es una impresionante casa señorial típica de la Costa del Sol. Perfecta para bodas de 50 a 500 invitados
