{"id":18376,"date":"2018-06-19T12:46:25","date_gmt":"2018-06-19T09:46:25","guid":{"rendered":"https:\/\/perfectvenue.es\/?post_type=job_listing&#038;p=18376"},"modified":"2021-04-07T14:18:59","modified_gmt":"2021-04-07T11:18:59","slug":"cortal-gran","status":"publish","type":"job_listing","link":"https:\/\/perfectvenue.es\/es\/listings\/cortal-gran\/","title":{"rendered":"Cortal Gran"},"content":{"rendered":"<p><\/p>\n<h2 style=\"text-align: justify;\">Historia<\/h2>\n<p style=\"text-align: justify;\">Cortal Gran es una magn\u00edfica casa familiar que se ha ido transmitiendo de generaci\u00f3n en generaci\u00f3n. En los a\u00f1os 80 y hasta el 2000 sufri\u00f3 un gran proceso de restauraci\u00f3n para convertirla en un bonito hogar familiar.<\/p>\n<p style=\"text-align: justify;\">La historia de este espacio comienza en 1365, cuando se concedi\u00f3 a la familia Caramany el Se\u00f1or\u00edo de Sant Pere Pescador, que inclu\u00eda el castillo del pueblo. M\u00e1s tarde, en el siglo XV, se construy\u00f3 el castillo de Cortal Gran en el centro de la finca a modo de fortaleza.<\/p>\n<p style=\"text-align: justify;\">Actualmente su propietario es\u00a0Juan Granada de Caramany que fue el encargado de rehabilitarla. Desde 2011 se convierte en un exclusivo espacio para bodas y eventos.<\/p>\n<h2 style=\"text-align: justify;\">Bodas y Eventos<\/h2>\n<p style=\"text-align: justify;\">Cortal Gran es un lugar \u00fanico para celebrar bodas y eventos de hasta 300 invitados, ya que cuenta con numerosos espacios que se adaptar\u00e1n a vuestras necesidades.<\/p>\n<h3 style=\"text-align: justify;\">Patio de armas<\/h3>\n<p style=\"text-align: justify;\">Cortal Gran dispone de un precioso patio de armas siglo XV donde celebrar una bonita ceremonia civil o un c\u00f3ctel.<\/p>\n<h3 style=\"text-align: justify;\">Invernadero<\/h3>\n<p style=\"text-align: justify;\">Uno de sus lugares m\u00e1s m\u00e1gicos es el invernadero situado en sus jardines, construido en hierro y cristal y con una gran luz natural.<\/p>\n<h3 style=\"text-align: justify;\">El arco principal<\/h3>\n<p style=\"text-align: justify;\">Esta sala de recepci\u00f3n es perfecta para colocar el sitting plan, el phococall, dar la bienvenida a vuestros invitados o incluso colocar la ceremonia.<\/p>\n<h3 style=\"text-align: justify;\">Sal\u00f3n de los arcos<\/h3>\n<p style=\"text-align: justify;\">Este sal\u00f3n toma su nombre por los 3 arcos que lo componen. Es perfecto para celebrar grandes banquetes y lo mejor es que gracias a su claraboya cuenta con gran luz natural.<\/p>\n<h3 style=\"text-align: justify;\">El gran porche<\/h3>\n<p style=\"text-align: justify;\">Este magn\u00edfico porche tiene una capacidad para 300 personas y est\u00e1 totalmente comunicado con el jard\u00edn. Ideal para el banquete o la zona chill out.<\/p>\n<h3 style=\"text-align: justify;\">Discoteca<\/h3>\n<p style=\"text-align: justify;\">Este espacio cuenta con un gran ventanal conectado con el jard\u00edn y en el que pod\u00e9is celebrar un estupendo fin de fiesta.<\/p>\n<p style=\"text-align: justify;\">Por \u00faltimo y no menos importante, Cortal Gran cuenta con unos jardines de\u00a020.000 m2 con diferentes rincones como la zona de palmeras, la piscina o el invernadero, perfectamente cuidados y preparados para cualquier cosa que imagin\u00e9is: un banquete al aire libre, un c\u00f3ctel, un concierto, etc.<\/p>\n<h3 style=\"text-align: justify;\">Detalles<\/h3>\n<p style=\"text-align: justify;\">Precio de alquiler: desde 3000 hasta 6000\u20ac<br \/>\nPrecio men\u00fa por persona: desde 100 hasta 150\u20ac<br \/>\n\u00bfTen\u00e9is cocina propia? No<br \/>\n\u00bfTen\u00e9is alojamiento? S\u00ed, 1 habitaci\u00f3n nupcial<br \/>\nCapacidad: desde 2 hasta 300 invitados<br \/>\n\u00bfTen\u00e9is l\u00edmite de hora en las celebraciones? 4:30 am<br \/>\n\u00bfCelebras m\u00e1s de un evento al d\u00eda? No<br \/>\n\u00bfTen\u00e9is exclusividad con alg\u00fan fot\u00f3grafo\/florista\/m\u00fasico? No<br \/>\n\u00bfC\u00f3mo se efect\u00faa el pago? Por transferencia bancaria<br \/>\n\u00bfDispones de acceso para discapacitados? S\u00ed<\/p>\n<h2 style=\"text-align: justify;\">C\u00f3mo llegar<\/h2>\n<p style=\"text-align: justify;\">Cortal Gran se encuentra a 56 km del Aeropuerto de Girona &#8211; Costa Brava y a 46 km de la ciudad de Girona.<\/p>\n<p style=\"text-align: justify;\">Latitud: N 42\u00ba 9&#8242;\u00a056.172&#8221;<br \/>\nLongitud: E 3\u00ba 6&#8242;\u00a06.911&#8221;<br \/>\nAltitud: 1 metro<\/p>\n<p><\/p>","protected":false},"featured_media":0,"comment_status":"open","ping_status":"closed","template":"","meta":{"_job_location":"Sant Pere Pescador (Girona)","_company_website":"","_company_tagline":"Esta casa familiar en Catalu\u00f1a est\u00e1 completamente restaurada para acoger bodas de hasta 300 invitados en sus salones y grandes jardines.","_company_twitter":"@perfectvenue_es","_filled":0,"_featured":0},"job_listing_region":[113],"job-categories":[819,823,98],"venue_type":[144,138,192],"wedding_style":[],"class_list":["post-18376","job_listing","type-job_listing","status-publish","hentry","job_listing_region-catalonia","job_listing_category-anniversary","job_listing_category-engagement-party","job_listing_category-wedding","people-171","budget-3000e","accommodation-yes","venue_type-hallclubrooms","venue_type-astle-palace","venue_type-espacio-unico","other-outside-space","job_listing_tag-boda-en-cataluna","job_listing_tag-castillo-boda","job_listing_tag-outside-space","job_listing_tag-espacio-eventos","job_listing_tag-espacio-unico","job_listing_tag-uso-exclusivo","job_listing_tag-venue-for-wedding","job_listing_tag-wedding-catalonia","job_listing_tag-wedding-in-castle","job_listing_tag-4241"],"_links":{"self":[{"href":"https:\/\/perfectvenue.es\/es\/wp-json\/wp\/v2\/job-listings\/18376","targetHints":{"allow":["GET"]}}],"collection":[{"href":"https:\/\/perfectvenue.es\/es\/wp-json\/wp\/v2\/job-listings"}],"about":[{"href":"https:\/\/perfectvenue.es\/es\/wp-json\/wp\/v2\/types\/job_listing"}],"replies":[{"embeddable":true,"href":"https:\/\/perfectvenue.es\/es\/wp-json\/wp\/v2\/comments?post=18376"}],"wp:attachment":[{"href":"https:\/\/perfectvenue.es\/es\/wp-json\/wp\/v2\/media?parent=18376"}],"wp:term":[{"taxonomy":"job_listing_region","embeddable":true,"href":"https:\/\/perfectvenue.es\/es\/wp-json\/wp\/v2\/job_listing_region?post=18376"},{"taxonomy":"job_listing_category","embeddable":true,"href":"https:\/\/perfectvenue.es\/es\/wp-json\/wp\/v2\/job-categories?post=18376"},{"taxonomy":"venue_type","embeddable":true,"href":"https:\/\/perfectvenue.es\/es\/wp-json\/wp\/v2\/venue_type?post=18376"},{"taxonomy":"wedding_style","embeddable":true,"href":"https:\/\/perfectvenue.es\/es\/wp-json\/wp\/v2\/wedding_style?post=18376"}],"curies":[{"name":"wp","href":"https:\/\/api.w.org\/{rel}","templated":true}]}}

<p></p>
<h2 style="text-align: justify;">Historia</h2>
<p style="text-align: justify;">Cortal Gran es una magnífica casa familiar que se ha ido transmitiendo de generación en generación. En los años 80 y hasta el 2000 sufrió un gran proceso de restauración para convertirla en un bonito hogar familiar.</p>
<p style="text-align: justify;">La historia de este espacio comienza en 1365, cuando se concedió a la familia Caramany el Señorío de Sant Pere Pescador, que incluía el castillo del pueblo. Más tarde, en el siglo XV, se construyó el castillo de Cortal Gran en el centro de la finca a modo de fortaleza.</p>
<p style="text-align: justify;">Actualmente su propietario es Juan Granada de Caramany que fue el encargado de rehabilitarla. Desde 2011 se convierte en un exclusivo espacio para bodas y eventos.</p>
<h2 style="text-align: justify;">Bodas y Eventos</h2>
<p style="text-align: justify;">Cortal Gran es un lugar único para celebrar bodas y eventos de hasta 300 invitados, ya que cuenta con numerosos espacios que se adaptarán a vuestras necesidades.</p>
<h3 style="text-align: justify;">Patio de armas</h3>
<p style="text-align: justify;">Cortal Gran dispone de un precioso patio de armas siglo XV donde celebrar una bonita ceremonia civil o un cóctel.</p>
<h3 style="text-align: justify;">Invernadero</h3>
<p style="text-align: justify;">Uno de sus lugares más mágicos es el invernadero situado en sus jardines, construido en hierro y cristal y con una gran luz natural.</p>
<h3 style="text-align: justify;">El arco principal</h3>
<p style="text-align: justify;">Esta sala de recepción es perfecta para colocar el sitting plan, el phococall, dar la bienvenida a vuestros invitados o incluso colocar la ceremonia.</p>
<h3 style="text-align: justify;">Salón de los arcos</h3>
<p style="text-align: justify;">Este salón toma su nombre por los 3 arcos que lo componen. Es perfecto para celebrar grandes banquetes y lo mejor es que gracias a su claraboya cuenta con gran luz natural.</p>
<h3 style="text-align: justify;">El gran porche</h3>
<p style="text-align: justify;">Este magnífico porche tiene una capacidad para 300 personas y está totalmente comunicado con el jardín. Ideal para el banquete o la zona chill out.</p>
<h3 style="text-align: justify;">Discoteca</h3>
<p style="text-align: justify;">Este espacio cuenta con un gran ventanal conectado con el jardín y en el que podéis celebrar un estupendo fin de fiesta.</p>
<p style="text-align: justify;">Por último y no menos importante, Cortal Gran cuenta con unos jardines de 20.000 m2 con diferentes rincones como la zona de palmeras, la piscina o el invernadero, perfectamente cuidados y preparados para cualquier cosa que imaginéis: un banquete al aire libre, un cóctel, un concierto, etc.</p>
<h3 style="text-align: justify;">Detalles</h3>
<p style="text-align: justify;">Precio de alquiler: desde 3000 hasta 6000€<br />
Precio menú por persona: desde 100 hasta 150€<br />
¿Tenéis cocina propia? No<br />
¿Tenéis alojamiento? Sí, 1 habitación nupcial<br />
Capacidad: desde 2 hasta 300 invitados<br />
¿Tenéis límite de hora en las celebraciones? 4:30 am<br />
¿Celebras más de un evento al día? No<br />
¿Tenéis exclusividad con algún fotógrafo/florista/músico? No<br />
¿Cómo se efectúa el pago? Por transferencia bancaria<br />
¿Dispones de acceso para discapacitados? Sí</p>
<h2 style="text-align: justify;">Cómo llegar</h2>
<p style="text-align: justify;">Cortal Gran se encuentra a 56 km del Aeropuerto de Girona &#8211; Costa Brava y a 46 km de la ciudad de Girona.</p>
<p style="text-align: justify;">Latitud: N 42º 9&#8242; 56.172&#8221;<br />
Longitud: E 3º 6&#8242; 6.911&#8221;<br />
Altitud: 1 metro</p>
<p></p>

Esta casa familiar en Cataluña está completamente restaurada para acoger bodas de hasta 300 invitados en sus salones y grandes jardines.
