{"id":16544,"date":"2020-04-13T00:16:07","date_gmt":"2020-04-12T21:16:07","guid":{"rendered":"https:\/\/perfectvenue.es\/?post_type=job_listing&#038;p=16544"},"modified":"2023-08-16T14:38:35","modified_gmt":"2023-08-16T11:38:35","slug":"mas-torroella","status":"publish","type":"job_listing","link":"https:\/\/perfectvenue.es\/es\/listings\/mas-torroella\/","title":{"rendered":"Villa Spa Mas Torroella"},"content":{"rendered":"<p><\/p>\n<h2>Historia<\/h2>\n<p style=\"text-align: justify;\">Mas Torroella es una exclusiva finca privada situada en Forallac, Girona. Esta casa catalana data del siglo XIV y est\u00e1 restaurada con un gusto exquisito sin haber perdido su encanto original. Esta lujosa finca se encuentra en un precioso paisaje de bosques y prados que har\u00e1n de tu estancia un viaje inolvidable.<\/p>\n<p style=\"text-align: justify;\">La finca cuenta con varias suites y un exclusivo spa privado con piscina, jacuzzi, sauna finlandesa y gimnasio. En el exterior tambi\u00e9n tiene una piscina, \u00e1reas de barbacoa, terrazas, \u00e1reas de juegos y canchas de tenis y tenis de mesa. Dispone adem\u00e1s de un edificio anexo, La Caseta, antigua casa de campo del groundsman reformada con un estilo r\u00fastico y todas las comodidades.<\/p>\n<p style=\"text-align: justify;\">Mas Torroella cuenta con tres plantas de piedra vista, techos abovedados pintados a mano y combinaci\u00f3n de muebles antiguos y contempor\u00e1neos. Cada una de sus lujosas suites dispone de ba\u00f1o propio, aire acondicionado y calefacci\u00f3n. Cuenta tambi\u00e9n con salas\u00a0salas de estar, sala de billar, sala de televisi\u00f3n y biblioteca, ideal para pasar un rato agradable en familia y amigos<\/p>\n<p style=\"text-align: justify;\">Mas Torroella se encuentra a solo 10 minutos en coche de algunos de los lugares m\u00e1s bonitos de la costa catalana, como\u00a0Aigua Blava, Tamariu o Llafranc.<\/p>\n<h2 style=\"text-align: justify;\">Bodas y Eventos<\/h2>\n<p style=\"text-align: justify;\">La lujosa y exclusiva finca Mas Torroella es un lugar ideal para realizar eventos en un entorno \u00fanico y muy rom\u00e1ntico.<\/p>\n<p style=\"text-align: justify;\">Pod\u00e9is celebrar una boda de lujo como siempre hab\u00e9is so\u00f1ado en un edificio decorado con el m\u00e1s absoluto gusto y que sigue conservando su encanto original, adem\u00e1s de disfrutar de sus hermosos jardines e instalaciones.<\/p>\n<p style=\"text-align: justify;\">Mas Torroella es un espacio perfecto tambi\u00e9n para realizar reuniones de empresa y eventos corporativos. Adem\u00e1s del edificio principal y la casa anexa, dispone del edificio E-vents, con una capacidad para 100 personas, en el que se pueden celebrar desde bodas hasta eventos corporativos, catas de vino, cursos, etc. Junto a la sala de eventos, disponen de una cocina industrial, reservada para empresas de catering profesionales.<\/p>\n<h3>Detalles<\/h3>\n<div class=\"freebirdFormviewerViewItemsItemItem freebirdFormviewerViewItemsTextTextItem\" role=\"listitem\" data-required=\"true\" data-item-id=\"1589150422\">\n<div class=\"freebirdFormviewerViewItemsItemItemHeader\">\n<div class=\"freebirdFormviewerViewItemsItemItemTitleContainer\">\n<div class=\"freebirdFormviewerViewItemsItemItemTitle freebirdCustomFont\" dir=\"auto\" style=\"text-align: justify;\" role=\"heading\" aria-level=\"2\" aria-describedby=\"i.desc.1589150422 c176\">Precio alquiler: desde\u00a0<span style=\"color: inherit; font-family: inherit; font-size: inherit;\">10500\u20ac\/semana en temporada baja hasta 16600\u20ac\/semana en temporada alta<br \/>\n<\/span><span style=\"color: inherit; font-family: inherit; font-size: inherit;\">\u00bfTen\u00e9is cocina propia? \u00bfQu\u00e9 tipo de cocina sirves?\u00a0<\/span><span style=\"color: inherit; font-family: inherit; font-size: inherit;\">Tenemos cocina propia disponible para los clientes que lo soliciten con antelaci\u00f3n. Servimos platos t\u00edpicos de la zona.<\/span><\/div>\n<\/div>\n<\/div>\n<\/div>\n<div class=\"freebirdFormviewerViewItemsItemItem freebirdFormviewerViewItemsTextTextItem\" style=\"text-align: justify;\" role=\"listitem\" data-item-id=\"1602532763\">\n<div class=\"freebirdFormviewerViewItemsItemItemHeader\">\n<div class=\"freebirdFormviewerViewItemsItemItemTitleContainer\">\n<div class=\"freebirdFormviewerViewItemsItemItemTitle freebirdCustomFont\" dir=\"auto\" role=\"heading\" aria-level=\"2\" aria-describedby=\"i.desc.1602532763\">\u00bfTen\u00e9is alojamiento?\u00a0<span style=\"color: inherit; font-family: inherit; font-size: inherit;\">S\u00ed<\/span><\/div>\n<\/div>\n<\/div>\n<\/div>\n<div class=\"freebirdFormviewerViewItemsItemItem freebirdFormviewerViewItemsTextTextItem\" style=\"text-align: justify;\" role=\"listitem\" data-item-id=\"1327184303\">\n<div class=\"freebirdFormviewerViewItemsItemItemHeader\">\n<div class=\"freebirdFormviewerViewItemsItemItemTitleContainer\">\n<div class=\"freebirdFormviewerViewItemsItemItemTitle freebirdCustomFont\" dir=\"auto\" role=\"heading\" aria-level=\"2\" aria-describedby=\"i.desc.1327184303\">\u00bfCu\u00e1ntas habitaciones tiene?\u00a0<span style=\"color: inherit; font-family: inherit; font-size: inherit;\">En la casa principal hay 8 habitaciones y en la Casita aneja (disponible pagando un suplemento) hay 2 habitaciones<\/span><\/div>\n<\/div>\n<\/div>\n<\/div>\n<div class=\"freebirdFormviewerViewItemsItemItem freebirdFormviewerViewItemsTextTextItem\" style=\"text-align: justify;\" role=\"listitem\" data-item-id=\"1586149334\">\n<div class=\"freebirdFormviewerViewItemsItemItemHeader\">\n<div class=\"freebirdFormviewerViewItemsItemItemTitleContainer\">\n<div class=\"freebirdFormviewerViewItemsItemItemTitle freebirdCustomFont\" dir=\"auto\" role=\"heading\" aria-level=\"2\" aria-describedby=\"i.desc.1586149334\">N\u00ba de invitados:\u00a0<span style=\"color: inherit; font-family: inherit; font-size: inherit;\">En la mas\u00eda se pueden alojar 22 personas en la casa principal y 6 personas en la casita aneja. El n\u00famero m\u00e1ximo de invitados a la boda es de 250<\/span><\/div>\n<\/div>\n<\/div>\n<\/div>\n<div class=\"freebirdFormviewerViewItemsItemItem freebirdFormviewerViewItemsTextTextItem\" style=\"text-align: justify;\" role=\"listitem\" data-item-id=\"21452213\">\n<div class=\"freebirdFormviewerViewItemsItemItemHeader\">\n<div class=\"freebirdFormviewerViewItemsItemItemTitleContainer\">\n<div class=\"freebirdFormviewerViewItemsItemItemTitle freebirdCustomFont\" dir=\"auto\" role=\"heading\" aria-level=\"2\" aria-describedby=\"i.desc.21452213\">\u00bfCu\u00e1l es el recargo en caso de no llegar al m\u00ednimo de invitados?\u00a0<span style=\"color: inherit; font-family: inherit; font-size: inherit;\">No hay un nombre m\u00ednimo de invitados<\/span><\/div>\n<\/div>\n<\/div>\n<\/div>\n<div class=\"freebirdFormviewerViewItemsItemItem freebirdFormviewerViewItemsTextTextItem\" style=\"text-align: justify;\" role=\"listitem\" data-item-id=\"1565217007\">\n<div class=\"freebirdFormviewerViewItemsItemItemHeader\">\n<div class=\"freebirdFormviewerViewItemsItemItemTitleContainer\">\n<div class=\"freebirdFormviewerViewItemsItemItemTitle freebirdCustomFont\" dir=\"auto\" role=\"heading\" aria-level=\"2\" aria-describedby=\"i.desc.1565217007\">\u00bfTen\u00e9is l\u00edmite de hora en las celebraciones?\u00a0<span style=\"color: inherit; font-family: inherit; font-size: inherit;\">No<\/span><\/div>\n<\/div>\n<\/div>\n<\/div>\n<div class=\"freebirdFormviewerViewItemsItemItem freebirdFormviewerViewItemsTextTextItem\" style=\"text-align: justify;\" role=\"listitem\" data-item-id=\"1576917061\">\n<div class=\"freebirdFormviewerViewItemsItemItemHeader\">\n<div class=\"freebirdFormviewerViewItemsItemItemTitleContainer\">\n<div class=\"freebirdFormviewerViewItemsItemItemTitle freebirdCustomFont\" dir=\"auto\" role=\"heading\" aria-level=\"2\" aria-describedby=\"i.desc.1576917061\">\u00bfCelebras m\u00e1s de un evento al d\u00eda?\u00a0<span style=\"color: inherit; font-family: inherit; font-size: inherit;\">No<\/span><\/div>\n<\/div>\n<\/div>\n<\/div>\n<div class=\"freebirdFormviewerViewItemsItemItem freebirdFormviewerViewItemsTextTextItem\" style=\"text-align: justify;\" role=\"listitem\" data-item-id=\"609606903\">\n<div class=\"freebirdFormviewerViewItemsItemItemHeader\">\n<div class=\"freebirdFormviewerViewItemsItemItemTitleContainer\">\n<div class=\"freebirdFormviewerViewItemsItemItemTitle freebirdCustomFont\" dir=\"auto\" role=\"heading\" aria-level=\"2\" aria-describedby=\"i.desc.609606903\">\u00bfTen\u00e9is exclusividad fot\u00f3grafo\/m\u00fasica\/florista?\u00a0<span style=\"color: inherit; font-family: inherit; font-size: inherit;\">No<\/span><\/div>\n<\/div>\n<\/div>\n<\/div>\n<div class=\"freebirdFormviewerViewItemsItemItem freebirdFormviewerViewItemsTextTextItem\" style=\"text-align: justify;\" role=\"listitem\" data-item-id=\"1823366370\">\n<div class=\"freebirdFormviewerViewItemsItemItemHeader\">\n<div class=\"freebirdFormviewerViewItemsItemItemTitleContainer\">\n<div class=\"freebirdFormviewerViewItemsItemItemTitle freebirdCustomFont\" dir=\"auto\" role=\"heading\" aria-level=\"2\" aria-describedby=\"i.desc.1823366370\">\u00bfC\u00f3mo se efect\u00faa el pago?\u00a0<span style=\"color: inherit; font-family: inherit; font-size: inherit;\">Mediante transferencia bancaria<\/span><\/div>\n<\/div>\n<\/div>\n<\/div>\n<div class=\"freebirdFormviewerViewItemsItemItem freebirdFormviewerViewItemsTextTextItem\" role=\"listitem\" data-item-id=\"438126646\">\n<div class=\"freebirdFormviewerViewItemsItemItemHeader\">\n<div class=\"freebirdFormviewerViewItemsItemItemTitleContainer\">\n<div class=\"freebirdFormviewerViewItemsItemItemTitle freebirdCustomFont\" dir=\"auto\" style=\"text-align: justify;\" role=\"heading\" aria-level=\"2\" aria-describedby=\"i.desc.438126646\">\u00bfDispones de acceso para discapacitados?\u00a0<span style=\"color: inherit; font-family: inherit; font-size: inherit;\">S\u00ed<\/span><\/div>\n<\/div>\n<\/div>\n<\/div>\n<h2>C\u00f3mo llegar<\/h2>\n<p style=\"text-align: justify;\">Mas Torroella se encuentra a 53 km de Gerona, en Catalu\u00f1a,\u00a0 a 49 km del Aeropuerto de Girona-Costa Brava.<\/p>\n<p>Latitud: N 41\u00ba 54&#8242;\u00a016.064 &#8221;<br \/>\nLongitud: E 3\u00ba 5&#8242;\u00a027.182&#8221;<br \/>\nAltitud: 269m<\/p>","protected":false},"featured_media":16610,"comment_status":"open","ping_status":"closed","template":"","meta":{"_job_location":"Cam\u00ed de Fitor, s \/ n 17110 Forallac","_company_website":"","_company_tagline":"Mas Torroella es una exclusiva finca catalana del siglo XIV, reformada con el mayor lujo y conservando su encanto original para acoger eventos inolvidables.","_company_twitter":"","_filled":0,"_featured":0},"job_listing_region":[113],"job-categories":[1368,822,1249,173,98],"venue_type":[147,144,145],"wedding_style":[],"class_list":["post-16544","job_listing","type-job_listing","status-publish","has-post-thumbnail","hentry","job_listing_region-catalonia","job_listing_category-elopement","job_listing_category-kids-party-venues","job_listing_category-mice-venues","job_listing_category-newyear","job_listing_category-wedding","people-175","budget-10500e","accommodation-yes","venue_type-estateresort","venue_type-hallclubrooms","venue_type-gardensmarquee-site","other-outside-space","job_listing_tag-boda-en-cataluna","job_listing_tag-outside-space","job_listing_tag-espacio-eventos","job_listing_tag-espacio-unico","job_listing_tag-uso-exclusivo","job_listing_tag-venue-for-wedding"],"_links":{"self":[{"href":"https:\/\/perfectvenue.es\/es\/wp-json\/wp\/v2\/job-listings\/16544","targetHints":{"allow":["GET"]}}],"collection":[{"href":"https:\/\/perfectvenue.es\/es\/wp-json\/wp\/v2\/job-listings"}],"about":[{"href":"https:\/\/perfectvenue.es\/es\/wp-json\/wp\/v2\/types\/job_listing"}],"replies":[{"embeddable":true,"href":"https:\/\/perfectvenue.es\/es\/wp-json\/wp\/v2\/comments?post=16544"}],"wp:featuredmedia":[{"embeddable":true,"href":"https:\/\/perfectvenue.es\/es\/wp-json\/wp\/v2\/media\/16610"}],"wp:attachment":[{"href":"https:\/\/perfectvenue.es\/es\/wp-json\/wp\/v2\/media?parent=16544"}],"wp:term":[{"taxonomy":"job_listing_region","embeddable":true,"href":"https:\/\/perfectvenue.es\/es\/wp-json\/wp\/v2\/job_listing_region?post=16544"},{"taxonomy":"job_listing_category","embeddable":true,"href":"https:\/\/perfectvenue.es\/es\/wp-json\/wp\/v2\/job-categories?post=16544"},{"taxonomy":"venue_type","embeddable":true,"href":"https:\/\/perfectvenue.es\/es\/wp-json\/wp\/v2\/venue_type?post=16544"},{"taxonomy":"wedding_style","embeddable":true,"href":"https:\/\/perfectvenue.es\/es\/wp-json\/wp\/v2\/wedding_style?post=16544"}],"curies":[{"name":"wp","href":"https:\/\/api.w.org\/{rel}","templated":true}]}}

<p></p>
<h2>Historia</h2>
<p style="text-align: justify;">Mas Torroella es una exclusiva finca privada situada en Forallac, Girona. Esta casa catalana data del siglo XIV y está restaurada con un gusto exquisito sin haber perdido su encanto original. Esta lujosa finca se encuentra en un precioso paisaje de bosques y prados que harán de tu estancia un viaje inolvidable.</p>
<p style="text-align: justify;">La finca cuenta con varias suites y un exclusivo spa privado con piscina, jacuzzi, sauna finlandesa y gimnasio. En el exterior también tiene una piscina, áreas de barbacoa, terrazas, áreas de juegos y canchas de tenis y tenis de mesa. Dispone además de un edificio anexo, La Caseta, antigua casa de campo del groundsman reformada con un estilo rústico y todas las comodidades.</p>
<p style="text-align: justify;">Mas Torroella cuenta con tres plantas de piedra vista, techos abovedados pintados a mano y combinación de muebles antiguos y contemporáneos. Cada una de sus lujosas suites dispone de baño propio, aire acondicionado y calefacción. Cuenta también con salas salas de estar, sala de billar, sala de televisión y biblioteca, ideal para pasar un rato agradable en familia y amigos</p>
<p style="text-align: justify;">Mas Torroella se encuentra a solo 10 minutos en coche de algunos de los lugares más bonitos de la costa catalana, como Aigua Blava, Tamariu o Llafranc.</p>
<h2 style="text-align: justify;">Bodas y Eventos</h2>
<p style="text-align: justify;">La lujosa y exclusiva finca Mas Torroella es un lugar ideal para realizar eventos en un entorno único y muy romántico.</p>
<p style="text-align: justify;">Podéis celebrar una boda de lujo como siempre habéis soñado en un edificio decorado con el más absoluto gusto y que sigue conservando su encanto original, además de disfrutar de sus hermosos jardines e instalaciones.</p>
<p style="text-align: justify;">Mas Torroella es un espacio perfecto también para realizar reuniones de empresa y eventos corporativos. Además del edificio principal y la casa anexa, dispone del edificio E-vents, con una capacidad para 100 personas, en el que se pueden celebrar desde bodas hasta eventos corporativos, catas de vino, cursos, etc. Junto a la sala de eventos, disponen de una cocina industrial, reservada para empresas de catering profesionales.</p>
<h3>Detalles</h3>
<div class="freebirdFormviewerViewItemsItemItem freebirdFormviewerViewItemsTextTextItem" role="listitem" data-required="true" data-item-id="1589150422">
<div class="freebirdFormviewerViewItemsItemItemHeader">
<div class="freebirdFormviewerViewItemsItemItemTitleContainer">
<div class="freebirdFormviewerViewItemsItemItemTitle freebirdCustomFont" dir="auto" style="text-align: justify;" role="heading" aria-level="2" aria-describedby="i.desc.1589150422 c176">Precio alquiler: desde <span style="color: inherit; font-family: inherit; font-size: inherit;">10500€/semana en temporada baja hasta 16600€/semana en temporada alta<br />
</span><span style="color: inherit; font-family: inherit; font-size: inherit;">¿Tenéis cocina propia? ¿Qué tipo de cocina sirves? </span><span style="color: inherit; font-family: inherit; font-size: inherit;">Tenemos cocina propia disponible para los clientes que lo soliciten con antelación. Servimos platos típicos de la zona.</span></div>
</div>
</div>
</div>
<div class="freebirdFormviewerViewItemsItemItem freebirdFormviewerViewItemsTextTextItem" style="text-align: justify;" role="listitem" data-item-id="1602532763">
<div class="freebirdFormviewerViewItemsItemItemHeader">
<div class="freebirdFormviewerViewItemsItemItemTitleContainer">
<div class="freebirdFormviewerViewItemsItemItemTitle freebirdCustomFont" dir="auto" role="heading" aria-level="2" aria-describedby="i.desc.1602532763">¿Tenéis alojamiento? <span style="color: inherit; font-family: inherit; font-size: inherit;">Sí</span></div>
</div>
</div>
</div>
<div class="freebirdFormviewerViewItemsItemItem freebirdFormviewerViewItemsTextTextItem" style="text-align: justify;" role="listitem" data-item-id="1327184303">
<div class="freebirdFormviewerViewItemsItemItemHeader">
<div class="freebirdFormviewerViewItemsItemItemTitleContainer">
<div class="freebirdFormviewerViewItemsItemItemTitle freebirdCustomFont" dir="auto" role="heading" aria-level="2" aria-describedby="i.desc.1327184303">¿Cuántas habitaciones tiene? <span style="color: inherit; font-family: inherit; font-size: inherit;">En la casa principal hay 8 habitaciones y en la Casita aneja (disponible pagando un suplemento) hay 2 habitaciones</span></div>
</div>
</div>
</div>
<div class="freebirdFormviewerViewItemsItemItem freebirdFormviewerViewItemsTextTextItem" style="text-align: justify;" role="listitem" data-item-id="1586149334">
<div class="freebirdFormviewerViewItemsItemItemHeader">
<div class="freebirdFormviewerViewItemsItemItemTitleContainer">
<div class="freebirdFormviewerViewItemsItemItemTitle freebirdCustomFont" dir="auto" role="heading" aria-level="2" aria-describedby="i.desc.1586149334">Nº de invitados: <span style="color: inherit; font-family: inherit; font-size: inherit;">En la masía se pueden alojar 22 personas en la casa principal y 6 personas en la casita aneja. El número máximo de invitados a la boda es de 250</span></div>
</div>
</div>
</div>
<div class="freebirdFormviewerViewItemsItemItem freebirdFormviewerViewItemsTextTextItem" style="text-align: justify;" role="listitem" data-item-id="21452213">
<div class="freebirdFormviewerViewItemsItemItemHeader">
<div class="freebirdFormviewerViewItemsItemItemTitleContainer">
<div class="freebirdFormviewerViewItemsItemItemTitle freebirdCustomFont" dir="auto" role="heading" aria-level="2" aria-describedby="i.desc.21452213">¿Cuál es el recargo en caso de no llegar al mínimo de invitados? <span style="color: inherit; font-family: inherit; font-size: inherit;">No hay un nombre mínimo de invitados</span></div>
</div>
</div>
</div>
<div class="freebirdFormviewerViewItemsItemItem freebirdFormviewerViewItemsTextTextItem" style="text-align: justify;" role="listitem" data-item-id="1565217007">
<div class="freebirdFormviewerViewItemsItemItemHeader">
<div class="freebirdFormviewerViewItemsItemItemTitleContainer">
<div class="freebirdFormviewerViewItemsItemItemTitle freebirdCustomFont" dir="auto" role="heading" aria-level="2" aria-describedby="i.desc.1565217007">¿Tenéis límite de hora en las celebraciones? <span style="color: inherit; font-family: inherit; font-size: inherit;">No</span></div>
</div>
</div>
</div>
<div class="freebirdFormviewerViewItemsItemItem freebirdFormviewerViewItemsTextTextItem" style="text-align: justify;" role="listitem" data-item-id="1576917061">
<div class="freebirdFormviewerViewItemsItemItemHeader">
<div class="freebirdFormviewerViewItemsItemItemTitleContainer">
<div class="freebirdFormviewerViewItemsItemItemTitle freebirdCustomFont" dir="auto" role="heading" aria-level="2" aria-describedby="i.desc.1576917061">¿Celebras más de un evento al día? <span style="color: inherit; font-family: inherit; font-size: inherit;">No</span></div>
</div>
</div>
</div>
<div class="freebirdFormviewerViewItemsItemItem freebirdFormviewerViewItemsTextTextItem" style="text-align: justify;" role="listitem" data-item-id="609606903">
<div class="freebirdFormviewerViewItemsItemItemHeader">
<div class="freebirdFormviewerViewItemsItemItemTitleContainer">
<div class="freebirdFormviewerViewItemsItemItemTitle freebirdCustomFont" dir="auto" role="heading" aria-level="2" aria-describedby="i.desc.609606903">¿Tenéis exclusividad fotógrafo/música/florista? <span style="color: inherit; font-family: inherit; font-size: inherit;">No</span></div>
</div>
</div>
</div>
<div class="freebirdFormviewerViewItemsItemItem freebirdFormviewerViewItemsTextTextItem" style="text-align: justify;" role="listitem" data-item-id="1823366370">
<div class="freebirdFormviewerViewItemsItemItemHeader">
<div class="freebirdFormviewerViewItemsItemItemTitleContainer">
<div class="freebirdFormviewerViewItemsItemItemTitle freebirdCustomFont" dir="auto" role="heading" aria-level="2" aria-describedby="i.desc.1823366370">¿Cómo se efectúa el pago? <span style="color: inherit; font-family: inherit; font-size: inherit;">Mediante transferencia bancaria</span></div>
</div>
</div>
</div>
<div class="freebirdFormviewerViewItemsItemItem freebirdFormviewerViewItemsTextTextItem" role="listitem" data-item-id="438126646">
<div class="freebirdFormviewerViewItemsItemItemHeader">
<div class="freebirdFormviewerViewItemsItemItemTitleContainer">
<div class="freebirdFormviewerViewItemsItemItemTitle freebirdCustomFont" dir="auto" style="text-align: justify;" role="heading" aria-level="2" aria-describedby="i.desc.438126646">¿Dispones de acceso para discapacitados? <span style="color: inherit; font-family: inherit; font-size: inherit;">Sí</span></div>
</div>
</div>
</div>
<h2>Cómo llegar</h2>
<p style="text-align: justify;">Mas Torroella se encuentra a 53 km de Gerona, en Cataluña,  a 49 km del Aeropuerto de Girona-Costa Brava.</p>
<p>Latitud: N 41º 54&#8242; 16.064 &#8221;<br />
Longitud: E 3º 5&#8242; 27.182&#8221;<br />
Altitud: 269m</p>

Camí de Fitor, s / n 17110 Forallac
