{"id":15946,"date":"2018-02-23T18:31:28","date_gmt":"2018-02-23T15:31:28","guid":{"rendered":"https:\/\/perfectvenue.es\/?post_type=job_listing&#038;p=15946"},"modified":"2020-12-14T15:11:51","modified_gmt":"2020-12-14T12:11:51","slug":"villa-lucia","status":"publish","type":"job_listing","link":"https:\/\/perfectvenue.es\/es\/listings\/villa-lucia\/","title":{"rendered":"Villa Luc\u00eda"},"content":{"rendered":"<p><\/p>\n<h2 style=\"text-align: justify;\">Historia<\/h2>\n<p style=\"font-weight: 400; text-align: justify;\">Villa Luc\u00eda es un precioso espacio situado en Laguardia, en pleno coraz\u00f3n de La Rioja Alavesa, un lugar de obligada visita para los amantes del mundo del vino. Fue la antigua finca de recreo del fabulista Samaniego y su origen data de finales del siglo XVII principios del XVIII. Este lugar est\u00e1 rodeado de naturaleza: grandes jardines, cascadas, arroyos, vi\u00f1edos&#8230;<\/p>\n<p style=\"font-weight: 400; text-align: justify;\">El complejo es un \u00e1rea de 10.000m2 y cuenta con amplias salas y salones, espacios abiertos con carpas climatizadas con vistas a los vi\u00f1edos y un espectacular jard\u00edn bot\u00e1nico.<\/p>\n<h2 style=\"font-weight: 400; text-align: justify;\">Bodas y eventos<\/h2>\n<p style=\"text-align: justify;\">Villa Luc\u00eda es un espacio de ensue\u00f1o donde poder llevar acabo cualquier evento que teng\u00e1is en mente. Un lugar lleno de paz y tranquilidad, con mucha naturaleza a su alrededor.<\/p>\n<p style=\"text-align: justify;\">Cuenta con multitud de espacios interiores y exteriores con gran versatilidad para acoger diferentes tipos de eventos seg\u00fan las necesidades. Adem\u00e1s, todos los salones pueden ser decorados en funci\u00f3n de los gustos del cliente.<\/p>\n<p style=\"text-align: justify;\">Cuenta adem\u00e1s con un parking privado, un museo del vino interactivo donde aprender la historia y rituales del vino, \u00e1reas de recreo para los m\u00e1s peque\u00f1os, preciosos jardines y una terraza vintage.<\/p>\n<p style=\"text-align: justify;\">La oferta gastron\u00f3mica de Villa Luc\u00eda, que ha recibido numerosos premios, est\u00e1 basada en la cocina tradicional vasco-riojana y en los productos km 0, procedentes de caser\u00edos, de huertas, del mar Cant\u00e1brico y de productores locales. Al disponer de tres cocinas, proporcionan un servicio excelente en todos los espacios del complejo. Adem\u00e1s, cuentan con un nuevo asador para las zonas de las carpas climatizadas.<\/p>\n<p style=\"text-align: justify;\">Tambi\u00e9n organizan visitas a bodegas, recorridos por los vi\u00f1edos, experiencias enogastron\u00f3micas y todo tipo de actividades para los d\u00edas previos y posteriores a la boda.<\/p>\n<h3 style=\"font-weight: 400;\">Detalles<\/h3>\n<div class=\"freebirdFormviewerViewItemsItemItem freebirdFormviewerViewItemsTextTextItem\" data-required=\"true\" data-item-id=\"1589150422\">\n<div class=\"freebirdFormviewerViewItemsItemItemHeader\">\n<div class=\"freebirdFormviewerViewItemsItemItemTitleContainer\">\n<div class=\"freebirdFormviewerViewItemsItemItemTitle freebirdCustomFont\" dir=\"auto\">Precio alquiler: Desde 195,00 \u20ac hasta 795,00 \u20ac<\/div>\n<\/div>\n<\/div>\n<\/div>\n<div class=\"freebirdFormviewerViewItemsItemItem freebirdFormviewerViewItemsTextTextItem\" data-item-id=\"1391956565\">\n<div class=\"freebirdFormviewerViewItemsItemItemHeader\">\n<div class=\"freebirdFormviewerViewItemsItemItemTitleContainer\">\n<div class=\"freebirdFormviewerViewItemsItemItemTitle freebirdCustomFont\" dir=\"auto\">Precio men\u00fa por persona: desde 84,60 \u20ac hasta 116,35 \u20ac + 10% IVA<\/div>\n<\/div>\n<\/div>\n<\/div>\n<div class=\"freebirdFormviewerViewItemsItemItem freebirdFormviewerViewItemsTextTextItem\" data-item-id=\"1242848262\">\n<div class=\"freebirdFormviewerViewItemsItemItemHeader\">\n<div class=\"freebirdFormviewerViewItemsItemItemTitleContainer\">\n<div class=\"freebirdFormviewerViewItemsItemItemTitle freebirdCustomFont\" dir=\"auto\">\u00bfTen\u00e9is cocina propia? \u00bfQu\u00e9 tipo de cocina sirves? S\u00ed. Cocina con productos km0 y familiar<\/div>\n<\/div>\n<\/div>\n<\/div>\n<div class=\"freebirdFormviewerViewItemsItemItem freebirdFormviewerViewItemsTextTextItem\" data-item-id=\"1602532763\">\n<div class=\"freebirdFormviewerViewItemsItemItemHeader\">\n<div class=\"freebirdFormviewerViewItemsItemItemTitleContainer\">\n<div class=\"freebirdFormviewerViewItemsItemItemTitle freebirdCustomFont\" dir=\"auto\">\u00bfTen\u00e9is alojamiento? Tenemos convenci\u00f3n con Hotel 4* con SPA, situado a 100 metros<\/div>\n<\/div>\n<\/div>\n<\/div>\n<div class=\"freebirdFormviewerViewItemsItemItem freebirdFormviewerViewItemsTextTextItem\" data-item-id=\"1327184303\">\n<div class=\"freebirdFormviewerViewItemsItemItemHeader\">\n<div class=\"freebirdFormviewerViewItemsItemItemTitleContainer\">\n<div class=\"freebirdFormviewerViewItemsItemItemTitle freebirdCustomFont\" dir=\"auto\">\u00bfCu\u00e1ntas habitaciones tiene?\u00a0 84<\/div>\n<\/div>\n<\/div>\n<\/div>\n<div class=\"freebirdFormviewerViewItemsItemItem freebirdFormviewerViewItemsTextTextItem\" data-item-id=\"1586149334\">\n<div class=\"freebirdFormviewerViewItemsItemItemHeader\">\n<div class=\"freebirdFormviewerViewItemsItemItemTitleContainer\">\n<div class=\"freebirdFormviewerViewItemsItemItemTitle freebirdCustomFont\" dir=\"auto\">N\u00ba de invitados: hasta 700 personas<\/div>\n<\/div>\n<\/div>\n<\/div>\n<div class=\"freebirdFormviewerViewItemsItemItem freebirdFormviewerViewItemsTextTextItem\" data-item-id=\"21452213\">\n<div class=\"freebirdFormviewerViewItemsItemItemHeader\">\n<div class=\"freebirdFormviewerViewItemsItemItemTitleContainer\">\n<div class=\"freebirdFormviewerViewItemsItemItemTitle freebirdCustomFont\" dir=\"auto\">\u00bfCu\u00e1l es el recargo en caso de no llegar al m\u00ednimo de invitados? Se valorar\u00eda seg\u00fan los casos<\/div>\n<\/div>\n<\/div>\n<\/div>\n<div class=\"freebirdFormviewerViewItemsItemItem freebirdFormviewerViewItemsTextTextItem\" data-item-id=\"1565217007\">\n<div class=\"freebirdFormviewerViewItemsItemItemHeader\">\n<div class=\"freebirdFormviewerViewItemsItemItemTitleContainer\">\n<div class=\"freebirdFormviewerViewItemsItemItemTitle freebirdCustomFont\" dir=\"auto\">\u00bfTen\u00e9is l\u00edmite de hora en las celebraciones? 2:00<\/div>\n<\/div>\n<\/div>\n<\/div>\n<div class=\"freebirdFormviewerViewItemsItemItem freebirdFormviewerViewItemsTextTextItem\" data-item-id=\"1576917061\">\n<div class=\"freebirdFormviewerViewItemsItemItemHeader\">\n<div class=\"freebirdFormviewerViewItemsItemItemTitleContainer\">\n<div class=\"freebirdFormviewerViewItemsItemItemTitle freebirdCustomFont\" dir=\"auto\">\u00bfCelebras m\u00e1s de un evento al d\u00eda? No<\/div>\n<\/div>\n<\/div>\n<\/div>\n<div class=\"freebirdFormviewerViewItemsItemItem freebirdFormviewerViewItemsTextTextItem\" data-item-id=\"609606903\">\n<div class=\"freebirdFormviewerViewItemsItemItemHeader\">\n<div class=\"freebirdFormviewerViewItemsItemItemTitleContainer\">\n<div class=\"freebirdFormviewerViewItemsItemItemTitle freebirdCustomFont\" dir=\"auto\">\u00bfTen\u00e9is exclusividad fot\u00f3grafo\/m\u00fasica\/florista? No<\/div>\n<\/div>\n<\/div>\n<\/div>\n<div class=\"freebirdFormviewerViewItemsItemItem freebirdFormviewerViewItemsTextTextItem\" data-item-id=\"1823366370\">\n<div class=\"freebirdFormviewerViewItemsItemItemHeader\">\n<div class=\"freebirdFormviewerViewItemsItemItemTitleContainer\">\n<div class=\"freebirdFormviewerViewItemsItemItemTitle freebirdCustomFont\" dir=\"auto\">\u00bfC\u00f3mo se efect\u00faa el pago? Fianza para confirmar reserva de los espacios y a la prueba de los men\u00fas, resto de los pagos a consensuar con los novios.<\/div>\n<\/div>\n<\/div>\n<\/div>\n<div class=\"freebirdFormviewerViewItemsItemItem freebirdFormviewerViewItemsTextTextItem\" data-item-id=\"438126646\">\n<div class=\"freebirdFormviewerViewItemsItemItemHeader\">\n<div class=\"freebirdFormviewerViewItemsItemItemTitleContainer\">\n<div class=\"freebirdFormviewerViewItemsItemItemTitle freebirdCustomFont\" dir=\"auto\">\u00bfDispones de acceso para discapacitados? S\u00ed<\/div>\n<\/div>\n<\/div>\n<\/div>\n<div class=\"freebirdFormviewerViewItemsItemItem freebirdFormviewerViewItemsTextTextItem\" data-item-id=\"1158072057\">\n<div class=\"freebirdFormviewerViewItemsItemItemHeader\">\n<div class=\"freebirdFormviewerViewItemsItemItemTitleContainer\">\n<div class=\"freebirdFormviewerViewItemsItemItemTitle freebirdCustomFont\" dir=\"auto\">\u00bfAcept\u00e1is mascotas? S\u00ed<\/div>\n<\/div>\n<\/div>\n<\/div>\n<h2>C\u00f3mo llegar<\/h2>\n<p style=\"font-weight: 400;\">Villa Luc\u00eda est\u00e1 situado en Laguardia. Se encuentra a\u00a015 km de Logro\u00f1o, 45 km de Vitoria-Gasteiz, 6 km de Elciego, 12 km de la autopista vasco-aragonesa (AP68) y a 20 minutos de Haro y a 90 minutos en coche de Bilbao y Pamplona.<\/p>\n<p style=\"font-weight: 400;\">Latitud: N 42\u00ba 32&#8242;\u00a051.45&#8221;<br \/>\nLongitud: O 2\u00ba 34&#8242;\u00a040.018&#8221;<br \/>\nAltitud: 569m<\/p>\n<p><\/p>","protected":false},"featured_media":15950,"comment_status":"open","ping_status":"closed","template":"","meta":{"_job_location":"Logro\u00f1o Errepidea, s\/n, 01300 Guardia, Araba","_company_website":"","_company_tagline":"Villa Luc\u00eda es un espacio para bodas y eventos situado en La Rioja Alavesa, con amplios salones y rodeado de vi\u00f1edos. Tiene capacidad de hasta 700 pax","_company_twitter":"@perfectvenue_es","_filled":0,"_featured":0},"job_listing_region":[108],"job-categories":[173,98],"venue_type":[142,144,192],"wedding_style":[],"class_list":["post-15946","job_listing","type-job_listing","status-publish","has-post-thumbnail","hentry","job_listing_region-basque-country","job_listing_category-newyear","job_listing_category-wedding","people-229","budget-195e","accommodation-yes","venue_type-mountain-view","venue_type-hallclubrooms","venue_type-espacio-unico","other-outside-space","other-dog-friendly","job_listing_tag-boda-en-bodega","job_listing_tag-boda-en-pais-vasco","job_listing_tag-dog-friendly","job_listing_tag-outside-space","job_listing_tag-espacio-eventos","job_listing_tag-espacio-unico","job_listing_tag-venue-for-wedding","job_listing_tag-wedding-in-la-rioja","job_listing_tag-winery"],"_links":{"self":[{"href":"https:\/\/perfectvenue.es\/es\/wp-json\/wp\/v2\/job-listings\/15946","targetHints":{"allow":["GET"]}}],"collection":[{"href":"https:\/\/perfectvenue.es\/es\/wp-json\/wp\/v2\/job-listings"}],"about":[{"href":"https:\/\/perfectvenue.es\/es\/wp-json\/wp\/v2\/types\/job_listing"}],"replies":[{"embeddable":true,"href":"https:\/\/perfectvenue.es\/es\/wp-json\/wp\/v2\/comments?post=15946"}],"wp:featuredmedia":[{"embeddable":true,"href":"https:\/\/perfectvenue.es\/es\/wp-json\/wp\/v2\/media\/15950"}],"wp:attachment":[{"href":"https:\/\/perfectvenue.es\/es\/wp-json\/wp\/v2\/media?parent=15946"}],"wp:term":[{"taxonomy":"job_listing_region","embeddable":true,"href":"https:\/\/perfectvenue.es\/es\/wp-json\/wp\/v2\/job_listing_region?post=15946"},{"taxonomy":"job_listing_category","embeddable":true,"href":"https:\/\/perfectvenue.es\/es\/wp-json\/wp\/v2\/job-categories?post=15946"},{"taxonomy":"venue_type","embeddable":true,"href":"https:\/\/perfectvenue.es\/es\/wp-json\/wp\/v2\/venue_type?post=15946"},{"taxonomy":"wedding_style","embeddable":true,"href":"https:\/\/perfectvenue.es\/es\/wp-json\/wp\/v2\/wedding_style?post=15946"}],"curies":[{"name":"wp","href":"https:\/\/api.w.org\/{rel}","templated":true}]}}

Villa Lucía

<p></p>
<h2 style="text-align: justify;">Historia</h2>
<p style="font-weight: 400; text-align: justify;">Villa Lucía es un precioso espacio situado en Laguardia, en pleno corazón de La Rioja Alavesa, un lugar de obligada visita para los amantes del mundo del vino. Fue la antigua finca de recreo del fabulista Samaniego y su origen data de finales del siglo XVII principios del XVIII. Este lugar está rodeado de naturaleza: grandes jardines, cascadas, arroyos, viñedos&#8230;</p>
<p style="font-weight: 400; text-align: justify;">El complejo es un área de 10.000m2 y cuenta con amplias salas y salones, espacios abiertos con carpas climatizadas con vistas a los viñedos y un espectacular jardín botánico.</p>
<h2 style="font-weight: 400; text-align: justify;">Bodas y eventos</h2>
<p style="text-align: justify;">Villa Lucía es un espacio de ensueño donde poder llevar acabo cualquier evento que tengáis en mente. Un lugar lleno de paz y tranquilidad, con mucha naturaleza a su alrededor.</p>
<p style="text-align: justify;">Cuenta con multitud de espacios interiores y exteriores con gran versatilidad para acoger diferentes tipos de eventos según las necesidades. Además, todos los salones pueden ser decorados en función de los gustos del cliente.</p>
<p style="text-align: justify;">Cuenta además con un parking privado, un museo del vino interactivo donde aprender la historia y rituales del vino, áreas de recreo para los más pequeños, preciosos jardines y una terraza vintage.</p>
<p style="text-align: justify;">La oferta gastronómica de Villa Lucía, que ha recibido numerosos premios, está basada en la cocina tradicional vasco-riojana y en los productos km 0, procedentes de caseríos, de huertas, del mar Cantábrico y de productores locales. Al disponer de tres cocinas, proporcionan un servicio excelente en todos los espacios del complejo. Además, cuentan con un nuevo asador para las zonas de las carpas climatizadas.</p>
<p style="text-align: justify;">También organizan visitas a bodegas, recorridos por los viñedos, experiencias enogastronómicas y todo tipo de actividades para los días previos y posteriores a la boda.</p>
<h3 style="font-weight: 400;">Detalles</h3>
<div class="freebirdFormviewerViewItemsItemItem freebirdFormviewerViewItemsTextTextItem" data-required="true" data-item-id="1589150422">
<div class="freebirdFormviewerViewItemsItemItemHeader">
<div class="freebirdFormviewerViewItemsItemItemTitleContainer">
<div class="freebirdFormviewerViewItemsItemItemTitle freebirdCustomFont" dir="auto">Precio alquiler: Desde 195,00 € hasta 795,00 €</div>
</div>
</div>
</div>
<div class="freebirdFormviewerViewItemsItemItem freebirdFormviewerViewItemsTextTextItem" data-item-id="1391956565">
<div class="freebirdFormviewerViewItemsItemItemHeader">
<div class="freebirdFormviewerViewItemsItemItemTitleContainer">
<div class="freebirdFormviewerViewItemsItemItemTitle freebirdCustomFont" dir="auto">Precio menú por persona: desde 84,60 € hasta 116,35 € + 10% IVA</div>
</div>
</div>
</div>
<div class="freebirdFormviewerViewItemsItemItem freebirdFormviewerViewItemsTextTextItem" data-item-id="1242848262">
<div class="freebirdFormviewerViewItemsItemItemHeader">
<div class="freebirdFormviewerViewItemsItemItemTitleContainer">
<div class="freebirdFormviewerViewItemsItemItemTitle freebirdCustomFont" dir="auto">¿Tenéis cocina propia? ¿Qué tipo de cocina sirves? Sí. Cocina con productos km0 y familiar</div>
</div>
</div>
</div>
<div class="freebirdFormviewerViewItemsItemItem freebirdFormviewerViewItemsTextTextItem" data-item-id="1602532763">
<div class="freebirdFormviewerViewItemsItemItemHeader">
<div class="freebirdFormviewerViewItemsItemItemTitleContainer">
<div class="freebirdFormviewerViewItemsItemItemTitle freebirdCustomFont" dir="auto">¿Tenéis alojamiento? Tenemos convención con Hotel 4* con SPA, situado a 100 metros</div>
</div>
</div>
</div>
<div class="freebirdFormviewerViewItemsItemItem freebirdFormviewerViewItemsTextTextItem" data-item-id="1327184303">
<div class="freebirdFormviewerViewItemsItemItemHeader">
<div class="freebirdFormviewerViewItemsItemItemTitleContainer">
<div class="freebirdFormviewerViewItemsItemItemTitle freebirdCustomFont" dir="auto">¿Cuántas habitaciones tiene?  84</div>
</div>
</div>
</div>
<div class="freebirdFormviewerViewItemsItemItem freebirdFormviewerViewItemsTextTextItem" data-item-id="1586149334">
<div class="freebirdFormviewerViewItemsItemItemHeader">
<div class="freebirdFormviewerViewItemsItemItemTitleContainer">
<div class="freebirdFormviewerViewItemsItemItemTitle freebirdCustomFont" dir="auto">Nº de invitados: hasta 700 personas</div>
</div>
</div>
</div>
<div class="freebirdFormviewerViewItemsItemItem freebirdFormviewerViewItemsTextTextItem" data-item-id="21452213">
<div class="freebirdFormviewerViewItemsItemItemHeader">
<div class="freebirdFormviewerViewItemsItemItemTitleContainer">
<div class="freebirdFormviewerViewItemsItemItemTitle freebirdCustomFont" dir="auto">¿Cuál es el recargo en caso de no llegar al mínimo de invitados? Se valoraría según los casos</div>
</div>
</div>
</div>
<div class="freebirdFormviewerViewItemsItemItem freebirdFormviewerViewItemsTextTextItem" data-item-id="1565217007">
<div class="freebirdFormviewerViewItemsItemItemHeader">
<div class="freebirdFormviewerViewItemsItemItemTitleContainer">
<div class="freebirdFormviewerViewItemsItemItemTitle freebirdCustomFont" dir="auto">¿Tenéis límite de hora en las celebraciones? 2:00</div>
</div>
</div>
</div>
<div class="freebirdFormviewerViewItemsItemItem freebirdFormviewerViewItemsTextTextItem" data-item-id="1576917061">
<div class="freebirdFormviewerViewItemsItemItemHeader">
<div class="freebirdFormviewerViewItemsItemItemTitleContainer">
<div class="freebirdFormviewerViewItemsItemItemTitle freebirdCustomFont" dir="auto">¿Celebras más de un evento al día? No</div>
</div>
</div>
</div>
<div class="freebirdFormviewerViewItemsItemItem freebirdFormviewerViewItemsTextTextItem" data-item-id="609606903">
<div class="freebirdFormviewerViewItemsItemItemHeader">
<div class="freebirdFormviewerViewItemsItemItemTitleContainer">
<div class="freebirdFormviewerViewItemsItemItemTitle freebirdCustomFont" dir="auto">¿Tenéis exclusividad fotógrafo/música/florista? No</div>
</div>
</div>
</div>
<div class="freebirdFormviewerViewItemsItemItem freebirdFormviewerViewItemsTextTextItem" data-item-id="1823366370">
<div class="freebirdFormviewerViewItemsItemItemHeader">
<div class="freebirdFormviewerViewItemsItemItemTitleContainer">
<div class="freebirdFormviewerViewItemsItemItemTitle freebirdCustomFont" dir="auto">¿Cómo se efectúa el pago? Fianza para confirmar reserva de los espacios y a la prueba de los menús, resto de los pagos a consensuar con los novios.</div>
</div>
</div>
</div>
<div class="freebirdFormviewerViewItemsItemItem freebirdFormviewerViewItemsTextTextItem" data-item-id="438126646">
<div class="freebirdFormviewerViewItemsItemItemHeader">
<div class="freebirdFormviewerViewItemsItemItemTitleContainer">
<div class="freebirdFormviewerViewItemsItemItemTitle freebirdCustomFont" dir="auto">¿Dispones de acceso para discapacitados? Sí</div>
</div>
</div>
</div>
<div class="freebirdFormviewerViewItemsItemItem freebirdFormviewerViewItemsTextTextItem" data-item-id="1158072057">
<div class="freebirdFormviewerViewItemsItemItemHeader">
<div class="freebirdFormviewerViewItemsItemItemTitleContainer">
<div class="freebirdFormviewerViewItemsItemItemTitle freebirdCustomFont" dir="auto">¿Aceptáis mascotas? Sí</div>
</div>
</div>
</div>
<h2>Cómo llegar</h2>
<p style="font-weight: 400;">Villa Lucía está situado en Laguardia. Se encuentra a 15 km de Logroño, 45 km de Vitoria-Gasteiz, 6 km de Elciego, 12 km de la autopista vasco-aragonesa (AP68) y a 20 minutos de Haro y a 90 minutos en coche de Bilbao y Pamplona.</p>
<p style="font-weight: 400;">Latitud: N 42º 32&#8242; 51.45&#8221;<br />
Longitud: O 2º 34&#8242; 40.018&#8221;<br />
Altitud: 569m</p>
<p></p>

Logroño Errepidea, s/n, 01300 Guardia, Araba

Villa Lucía es un espacio para bodas y eventos situado en La Rioja Alavesa, con amplios salones y rodeado de viñedos. Tiene capacidad de hasta 700 pax
