{"id":15830,"date":"2018-07-26T18:20:36","date_gmt":"2018-07-26T15:20:36","guid":{"rendered":"https:\/\/perfectvenue.es\/?post_type=job_listing&#038;p=15830"},"modified":"2019-11-14T15:46:27","modified_gmt":"2019-11-14T12:46:27","slug":"castle-jalpi","status":"publish","type":"job_listing","link":"https:\/\/perfectvenue.es\/es\/listings\/castle-jalpi\/","title":{"rendered":"Castell Jalp\u00ed"},"content":{"rendered":"<p><\/p>\n<h2>Historia<\/h2>\n<p style=\"text-align: justify;\">Castillo Jalp\u00ed es una finca se\u00f1orial situada en\u00a0Arenys de Munt, provincia de Barcelona.<\/p>\n<p style=\"text-align: justify;\">El Castillo fue propiedad de\u00a0Don Augusto Borr\u00e0s i Jalp\u00ed, heredero de una familia de terratenientes, y su esposa, Do\u00f1a Sof\u00eda de Algorta y Albaroa, doncella de Lequeitio y perteneciente a una familia acaudalada.\u00a0 Su hijo, Don Miguel, se enamor\u00f3 de una joven cuya familia nunca acept\u00f3, y ah\u00ed comenz\u00f3 el descenso social de la familia.<\/p>\n<p style=\"text-align: justify;\">El Castillo fue adem\u00e1s, en a\u00f1os posteriores, una casa de acogida durante la guerra para ni\u00f1os del Pa\u00eds Vasco, despu\u00e9s pas\u00f3 a due\u00f1os particulares. Posteriormente, el Grupo Serhs se hizo con la propiedad y la restaur\u00f3 hasta convertirla en lo que hoy es: un lugar lleno de encanto e historia.<\/p>\n<h2 style=\"text-align: justify;\">Bodas y eventos<\/h2>\n<p style=\"text-align: justify;\">A d\u00eda de hoy, Castillo Jalp\u00ed es un precioso lugar para organizar eventos sociales y empresariales.<\/p>\n<p style=\"text-align: justify;\">La finca dispone de preciosas instalaciones ideales para acoger el evento m\u00e1s importante de vuestras vidas. Cuenta con un interior restaurado y una gran sala August Borr\u00e0s con capacidad de hasta 300 personas.<\/p>\n<p style=\"text-align: justify;\">Tambi\u00e9n ofrecen espacios \u00fanicos y rom\u00e1nticos para acoger una celebraci\u00f3n civil. Aunque el castillo no tiene alojamiento, dispone de una preciosa suite nupcial.<\/p>\n<p style=\"text-align: justify;\">En cuanto a la gastronom\u00eda, est\u00e1 basada en la cocina mediterr\u00e1nea, y sus platos cuentan con ingredientes de mejor calidad.<\/p>\n<h3 style=\"text-align: justify;\">Detalles<\/h3>\n<div class=\"freebirdFormviewerViewItemsItemItem freebirdFormviewerViewItemsTextTextItem\" data-required=\"true\" data-item-id=\"1589150422\">\n<div class=\"freebirdFormviewerViewItemsItemItemHeader\">\n<div class=\"freebirdFormviewerViewItemsItemItemTitleContainer\">\n<div class=\"freebirdFormviewerViewItemsItemItemTitle freebirdCustomFont\" dir=\"auto\">Precio alquiler: 2500\u20ac<\/div>\n<\/div>\n<\/div>\n<\/div>\n<div class=\"freebirdFormviewerViewItemsItemItem freebirdFormviewerViewItemsTextTextItem\" data-item-id=\"1391956565\">\n<div class=\"freebirdFormviewerViewItemsItemItemHeader\">\n<div class=\"freebirdFormviewerViewItemsItemItemTitleContainer\">\n<div class=\"freebirdFormviewerViewItemsItemItemTitle freebirdCustomFont\" dir=\"auto\">Precio men\u00fa por persona: de 138\u20ac a 158\u20ac<\/div>\n<\/div>\n<\/div>\n<\/div>\n<div class=\"freebirdFormviewerViewItemsItemItem freebirdFormviewerViewItemsTextTextItem\" data-item-id=\"1242848262\">\n<div class=\"freebirdFormviewerViewItemsItemItemHeader\">\n<div class=\"freebirdFormviewerViewItemsItemItemTitleContainer\">\n<div class=\"freebirdFormviewerViewItemsItemItemTitle freebirdCustomFont\" dir=\"auto\">\u00bfTen\u00e9is cocina propia? \u00bfQu\u00e9 tipo de cocina sirves? S\u00ed, tradicional mediterr\u00e1nea con toques modernos<\/div>\n<\/div>\n<\/div>\n<\/div>\n<div class=\"freebirdFormviewerViewItemsItemItem freebirdFormviewerViewItemsTextTextItem\" data-item-id=\"1602532763\">\n<div class=\"freebirdFormviewerViewItemsItemItemHeader\">\n<div class=\"freebirdFormviewerViewItemsItemItemTitleContainer\">\n<div class=\"freebirdFormviewerViewItemsItemItemTitle freebirdCustomFont\" dir=\"auto\">\u00bfTen\u00e9is alojamiento? \u00danicamente una suite para los novios<\/div>\n<\/div>\n<\/div>\n<\/div>\n<div class=\"freebirdFormviewerViewItemsItemItem freebirdFormviewerViewItemsTextTextItem\" data-item-id=\"1327184303\">\u00a0<span style=\"color: inherit; font-family: inherit; font-size: inherit;\">N\u00ba de invitados: hasta 300<\/span><\/div>\n<div class=\"freebirdFormviewerViewItemsItemItem freebirdFormviewerViewItemsTextTextItem\" data-item-id=\"21452213\"><span style=\"color: inherit; font-family: inherit; font-size: inherit;\">\u00bfTen\u00e9is l\u00edmite de hora en las celebraciones?\u00a0Las 5 de la madrugada<\/span><\/div>\n<div class=\"freebirdFormviewerViewItemsItemItem freebirdFormviewerViewItemsTextTextItem\" data-item-id=\"1576917061\">\n<div class=\"freebirdFormviewerViewItemsItemItemHeader\">\n<div class=\"freebirdFormviewerViewItemsItemItemTitleContainer\">\n<div class=\"freebirdFormviewerViewItemsItemItemTitle freebirdCustomFont\" dir=\"auto\">\u00bfCelebras m\u00e1s de un evento al d\u00eda? No<\/div>\n<\/div>\n<\/div>\n<\/div>\n<div class=\"freebirdFormviewerViewItemsItemItem freebirdFormviewerViewItemsTextTextItem\" data-item-id=\"609606903\">\n<div class=\"freebirdFormviewerViewItemsItemItemHeader\">\n<div class=\"freebirdFormviewerViewItemsItemItemTitleContainer\">\n<div class=\"freebirdFormviewerViewItemsItemItemTitle freebirdCustomFont\" dir=\"auto\">\u00bfTen\u00e9is exclusividad fot\u00f3grafo\/m\u00fasica\/florista? No<\/div>\n<\/div>\n<\/div>\n<\/div>\n<div class=\"freebirdFormviewerViewItemsItemItem freebirdFormviewerViewItemsTextTextItem\" data-item-id=\"1823366370\">\n<div class=\"freebirdFormviewerViewItemsItemItemHeader\">\n<div class=\"freebirdFormviewerViewItemsItemItemTitleContainer\">\n<div class=\"freebirdFormviewerViewItemsItemItemTitle freebirdCustomFont\" dir=\"auto\">\u00bfC\u00f3mo se efect\u00faa el pago? 2500\u20ac paga y se\u00f1al, 60% un mes antes y 40% restante antes de la boda 72 horas<\/div>\n<\/div>\n<\/div>\n<\/div>\n<div class=\"freebirdFormviewerViewItemsItemItem freebirdFormviewerViewItemsTextTextItem\" data-item-id=\"438126646\">\n<div class=\"freebirdFormviewerViewItemsItemItemHeader\">\n<div class=\"freebirdFormviewerViewItemsItemItemTitleContainer\">\n<div class=\"freebirdFormviewerViewItemsItemItemTitle freebirdCustomFont\" dir=\"auto\">\u00bfDispones de acceso para discapacitados? S\u00ed<\/div>\n<\/div>\n<\/div>\n<\/div>\n<h2 class=\"freebirdFormviewerViewItemsTextItemWrapper\">C\u00f3mo llegar<\/h2>\n<p>Castillo Jalp\u00ed se encuentra a 45 km de Barcelona y a 60 km del Aeropuerto El Prat.<\/p>\n<p>Latitud: N 41\u00ba 35&#8242;\u00a057.322\u00bb<br \/>\nLongitud: E 2\u00ba 32&#8242;\u00a023.706\u00bb<br \/>\nAltitud: 108m<\/p>","protected":false},"featured_media":16053,"comment_status":"open","ping_status":"closed","template":"","meta":{"_job_location":"Castell Jalp\u00ed, Carretera Arenys de Munt (B-551), 08358 Arenys de Munt, Barcelona","_company_website":"","_company_tagline":"El Castell Jalp\u00ed en Arenys de Munt, es una finca con capacidad para 300 invitados. Lugar perfecto para la celebraci\u00f3n de eventos sociales y empresariales.","_company_twitter":"@perfectvenue_es","_filled":0,"_featured":0},"job_listing_region":[113],"job-categories":[819,823,1249,173,98],"venue_type":[144,138,192,145],"wedding_style":[],"class_list":["post-15830","job_listing","type-job_listing","status-publish","has-post-thumbnail","hentry","job_listing_region-catalonia","job_listing_category-anniversary","job_listing_category-engagement-party","job_listing_category-mice-venues","job_listing_category-newyear","job_listing_category-wedding","people-171","budget-2500e","accommodation-no","venue_type-hallclubrooms","venue_type-astle-palace","venue_type-espacio-unico","venue_type-gardensmarquee-site","other-outside-space","other-car-parking","job_listing_tag-boda-en-barcelona","job_listing_tag-outside-space","job_listing_tag-espacio-eventos","job_listing_tag-espacio-unico","job_listing_tag-eventos-empresa","job_listing_tag-car-parking","job_listing_tag-uso-exclusivo","job_listing_tag-venue-for-wedding","job_listing_tag-wedding-catalonia"],"_links":{"self":[{"href":"https:\/\/perfectvenue.es\/es\/wp-json\/wp\/v2\/job-listings\/15830","targetHints":{"allow":["GET"]}}],"collection":[{"href":"https:\/\/perfectvenue.es\/es\/wp-json\/wp\/v2\/job-listings"}],"about":[{"href":"https:\/\/perfectvenue.es\/es\/wp-json\/wp\/v2\/types\/job_listing"}],"replies":[{"embeddable":true,"href":"https:\/\/perfectvenue.es\/es\/wp-json\/wp\/v2\/comments?post=15830"}],"wp:featuredmedia":[{"embeddable":true,"href":"https:\/\/perfectvenue.es\/es\/wp-json\/wp\/v2\/media\/16053"}],"wp:attachment":[{"href":"https:\/\/perfectvenue.es\/es\/wp-json\/wp\/v2\/media?parent=15830"}],"wp:term":[{"taxonomy":"job_listing_region","embeddable":true,"href":"https:\/\/perfectvenue.es\/es\/wp-json\/wp\/v2\/job_listing_region?post=15830"},{"taxonomy":"job_listing_category","embeddable":true,"href":"https:\/\/perfectvenue.es\/es\/wp-json\/wp\/v2\/job-categories?post=15830"},{"taxonomy":"venue_type","embeddable":true,"href":"https:\/\/perfectvenue.es\/es\/wp-json\/wp\/v2\/venue_type?post=15830"},{"taxonomy":"wedding_style","embeddable":true,"href":"https:\/\/perfectvenue.es\/es\/wp-json\/wp\/v2\/wedding_style?post=15830"}],"curies":[{"name":"wp","href":"https:\/\/api.w.org\/{rel}","templated":true}]}}

Castell Jalpí

<p></p>
<h2>Historia</h2>
<p style="text-align: justify;">Castillo Jalpí es una finca señorial situada en Arenys de Munt, provincia de Barcelona.</p>
<p style="text-align: justify;">El Castillo fue propiedad de Don Augusto Borràs i Jalpí, heredero de una familia de terratenientes, y su esposa, Doña Sofía de Algorta y Albaroa, doncella de Lequeitio y perteneciente a una familia acaudalada.  Su hijo, Don Miguel, se enamoró de una joven cuya familia nunca aceptó, y ahí comenzó el descenso social de la familia.</p>
<p style="text-align: justify;">El Castillo fue además, en años posteriores, una casa de acogida durante la guerra para niños del País Vasco, después pasó a dueños particulares. Posteriormente, el Grupo Serhs se hizo con la propiedad y la restauró hasta convertirla en lo que hoy es: un lugar lleno de encanto e historia.</p>
<h2 style="text-align: justify;">Bodas y eventos</h2>
<p style="text-align: justify;">A día de hoy, Castillo Jalpí es un precioso lugar para organizar eventos sociales y empresariales.</p>
<p style="text-align: justify;">La finca dispone de preciosas instalaciones ideales para acoger el evento más importante de vuestras vidas. Cuenta con un interior restaurado y una gran sala August Borràs con capacidad de hasta 300 personas.</p>
<p style="text-align: justify;">También ofrecen espacios únicos y románticos para acoger una celebración civil. Aunque el castillo no tiene alojamiento, dispone de una preciosa suite nupcial.</p>
<p style="text-align: justify;">En cuanto a la gastronomía, está basada en la cocina mediterránea, y sus platos cuentan con ingredientes de mejor calidad.</p>
<h3 style="text-align: justify;">Detalles</h3>
<div class="freebirdFormviewerViewItemsItemItem freebirdFormviewerViewItemsTextTextItem" data-required="true" data-item-id="1589150422">
<div class="freebirdFormviewerViewItemsItemItemHeader">
<div class="freebirdFormviewerViewItemsItemItemTitleContainer">
<div class="freebirdFormviewerViewItemsItemItemTitle freebirdCustomFont" dir="auto">Precio alquiler: 2500€</div>
</div>
</div>
</div>
<div class="freebirdFormviewerViewItemsItemItem freebirdFormviewerViewItemsTextTextItem" data-item-id="1391956565">
<div class="freebirdFormviewerViewItemsItemItemHeader">
<div class="freebirdFormviewerViewItemsItemItemTitleContainer">
<div class="freebirdFormviewerViewItemsItemItemTitle freebirdCustomFont" dir="auto">Precio menú por persona: de 138€ a 158€</div>
</div>
</div>
</div>
<div class="freebirdFormviewerViewItemsItemItem freebirdFormviewerViewItemsTextTextItem" data-item-id="1242848262">
<div class="freebirdFormviewerViewItemsItemItemHeader">
<div class="freebirdFormviewerViewItemsItemItemTitleContainer">
<div class="freebirdFormviewerViewItemsItemItemTitle freebirdCustomFont" dir="auto">¿Tenéis cocina propia? ¿Qué tipo de cocina sirves? Sí, tradicional mediterránea con toques modernos</div>
</div>
</div>
</div>
<div class="freebirdFormviewerViewItemsItemItem freebirdFormviewerViewItemsTextTextItem" data-item-id="1602532763">
<div class="freebirdFormviewerViewItemsItemItemHeader">
<div class="freebirdFormviewerViewItemsItemItemTitleContainer">
<div class="freebirdFormviewerViewItemsItemItemTitle freebirdCustomFont" dir="auto">¿Tenéis alojamiento? Únicamente una suite para los novios</div>
</div>
</div>
</div>
<div class="freebirdFormviewerViewItemsItemItem freebirdFormviewerViewItemsTextTextItem" data-item-id="1327184303"> <span style="color: inherit; font-family: inherit; font-size: inherit;">Nº de invitados: hasta 300</span></div>
<div class="freebirdFormviewerViewItemsItemItem freebirdFormviewerViewItemsTextTextItem" data-item-id="21452213"><span style="color: inherit; font-family: inherit; font-size: inherit;">¿Tenéis límite de hora en las celebraciones? Las 5 de la madrugada</span></div>
<div class="freebirdFormviewerViewItemsItemItem freebirdFormviewerViewItemsTextTextItem" data-item-id="1576917061">
<div class="freebirdFormviewerViewItemsItemItemHeader">
<div class="freebirdFormviewerViewItemsItemItemTitleContainer">
<div class="freebirdFormviewerViewItemsItemItemTitle freebirdCustomFont" dir="auto">¿Celebras más de un evento al día? No</div>
</div>
</div>
</div>
<div class="freebirdFormviewerViewItemsItemItem freebirdFormviewerViewItemsTextTextItem" data-item-id="609606903">
<div class="freebirdFormviewerViewItemsItemItemHeader">
<div class="freebirdFormviewerViewItemsItemItemTitleContainer">
<div class="freebirdFormviewerViewItemsItemItemTitle freebirdCustomFont" dir="auto">¿Tenéis exclusividad fotógrafo/música/florista? No</div>
</div>
</div>
</div>
<div class="freebirdFormviewerViewItemsItemItem freebirdFormviewerViewItemsTextTextItem" data-item-id="1823366370">
<div class="freebirdFormviewerViewItemsItemItemHeader">
<div class="freebirdFormviewerViewItemsItemItemTitleContainer">
<div class="freebirdFormviewerViewItemsItemItemTitle freebirdCustomFont" dir="auto">¿Cómo se efectúa el pago? 2500€ paga y señal, 60% un mes antes y 40% restante antes de la boda 72 horas</div>
</div>
</div>
</div>
<div class="freebirdFormviewerViewItemsItemItem freebirdFormviewerViewItemsTextTextItem" data-item-id="438126646">
<div class="freebirdFormviewerViewItemsItemItemHeader">
<div class="freebirdFormviewerViewItemsItemItemTitleContainer">
<div class="freebirdFormviewerViewItemsItemItemTitle freebirdCustomFont" dir="auto">¿Dispones de acceso para discapacitados? Sí</div>
</div>
</div>
</div>
<h2 class="freebirdFormviewerViewItemsTextItemWrapper">Cómo llegar</h2>
<p>Castillo Jalpí se encuentra a 45 km de Barcelona y a 60 km del Aeropuerto El Prat.</p>
<p>Latitud: N 41º 35&#8242; 57.322»<br />
Longitud: E 2º 32&#8242; 23.706»<br />
Altitud: 108m</p>

Castell Jalpí, Carretera Arenys de Munt (B-551), 08358 Arenys de Munt, Barcelona

El Castell Jalpí en Arenys de Munt, es una finca con capacidad para 300 invitados. Lugar perfecto para la celebración de eventos sociales y empresariales.
