{"id":14597,"date":"2019-10-27T18:26:49","date_gmt":"2019-10-27T15:26:49","guid":{"rendered":"https:\/\/perfectvenue.es\/?post_type=job_listing&#038;p=14597"},"modified":"2023-02-20T16:30:14","modified_gmt":"2023-02-20T13:30:14","slug":"torre-visco","status":"publish","type":"job_listing","link":"https:\/\/perfectvenue.es\/es\/listings\/torre-visco\/","title":{"rendered":"La Torre del Visco"},"content":{"rendered":"<p><\/p>\n<h2>Historia<\/h2>\n<p style=\"text-align: justify;\">La Torre del Visco es una mas\u00eda noble perteneciente a la prestigiosa\u00a0asociaci\u00f3n\u00a0Relais &amp; Ch\u00e2teaux que data del siglo XV. Situada en una preciosa finca llena de huertos, bosques de pinos y olivos, a esta mas\u00eda se accede por una espectacular pista forestal de seis kil\u00f3metros.<\/p>\n<p style=\"text-align: justify;\">Los brit\u00e1nicos\u00a0Jemma Markham y\u00a0Piers Dutton llegaron a Espa\u00f1a en los a\u00f1os 70 para trabajar en las principales editoriales brit\u00e1nicas con sede en Madrid y 20 a\u00f1os despu\u00e9s decidieron cambiar de rumbo y volver a sus ra\u00edces rurales. Pronto se enamoraron de la mas\u00eda y de su Torre, en la comarca del Matarranya, donde hoy alojan a sus hu\u00e9spedes.<\/p>\n<h2>Bodas y Eventos<\/h2>\n<p style=\"text-align: justify;\">La Torre del Visco es un espacio\u00a0exclusivo y con encanto, ideal para celebrar una boda \u00edntima y rom\u00e1ntica. Cuenta con elegantes salones con chimenea y preciosos patios con fuentes, terrazas y espectaculares jardines. Si quer\u00e9is celebrar una ceremonia religiosa, cerca del hotel se encuentra la peque\u00f1a ermita de San Pedro de Verona.<\/p>\n<h3 style=\"text-align: justify;\">Celebraciones<\/h3>\n<p style=\"text-align: justify;\">Este espacio cuenta con un equipo excepcional para ayudar a los clientes a organizar el evento a medida, cuidando los detalles al m\u00e1ximo y asegurando su \u00e9xito ya sea un aniversario, un cumplea\u00f1os, un bautizo, una boda o cualquier reuni\u00f3n.<\/p>\n<p style=\"text-align: justify;\">La elegante y luminosa sala con chimenea y vistas a los jardines y a lo lejos a las monta\u00f1as que rodean el valle del r\u00edo Tastavins, tiene capacidad para 30 personas. Para reuniones m\u00e1s distendidas o trabajos en grupo est\u00e1 la biblioteca y los salones.<\/p>\n<h3 style=\"text-align: justify;\">Uso exclusivo<\/h3>\n<p style=\"text-align: justify;\">El hotel se puede\u00a0cerrar para disfrutar de todas sus estancias de manera exclusiva, como si de vuestra propia casa de campo se tratara, y con total privacidad.<\/p>\n<h3 style=\"text-align: justify;\">Reuniones y retreats<\/h3>\n<p style=\"text-align: justify;\">La Torre del Visco tambi\u00e9n es el lugar id\u00f3neo para celebrar reuniones de negocios y equipos, como un consejo de direcci\u00f3n en la m\u00e1s absoluta confidencialidad, ya que es un espacio tranquilo donde las interrupciones no tienen cabida y el tiempo se aprovecha al m\u00e1ximo.<\/p>\n<p style=\"text-align: justify;\">Por otro lado, las caracter\u00edsticas del entorno se prestan especialmente para la presentaciones de nuevos modelos de coches, sobre todo los 4&#215;4.<\/p>\n<p style=\"text-align: justify;\">Acceso helic\u00f3pteros y mini bus.<\/p>\n<h3>Detalles<\/h3>\n<p style=\"text-align: justify;\"><span class=\"gmail-strong\">\u00bfCelebras m\u00e1s de un evento al d\u00eda?\u00a0<\/span>No<br \/>\n<span class=\"gmail-strong\">\u00bfDispones de cocina propia? S\u00ed<br \/>\n<\/span><span class=\"gmail-strong\">\u00bfQu\u00e9 tipo de cocina sirves? Tradicional, t\u00edpica regional, de autor.<br \/>\n<\/span><span class=\"gmail-strong\">\u00bfTienes l\u00edmite de hora en las celebraciones?\u00a0S\u00ed, 02:00.<br \/>\n<\/span><span class=\"gmail-strong\">Exclusividad fot\u00f3grafo: No<br \/>\n<\/span><span class=\"gmail-strong\">Exclusividad m\u00fasica: No<br \/>\n<\/span><span class=\"gmail-strong\">Exclusividad floristas: No<br \/>\n<\/span><span class=\"gmail-strong\">\u00bfExiste alg\u00fan pago fijo por el lugar? No<br \/>\n<\/span><span class=\"gmail-strong\">\u00bfAcept\u00e1is mascotas?\u00a0<\/span>S\u00ed<br \/>\n\u00bfTen\u00e9is alojamiento? S\u00ed, situado en un punto estrat\u00e9gico entre Madrid y Barcelona el hotel ofrece 17 habitaciones y distintos ambientes que se adaptan a las necesidades de cada programa de trabajo.<br \/>\nPrecio men\u00fa: desde 150\u20ac<\/p>\n<h3>Notas<\/h3>\n<ul>\n<li style=\"text-align: justify;\">Barreras arquitect\u00f3nicas.\u00a0Por las caracter\u00edsticas del hotel, medieval, laber\u00edntico, construido en una ladera, lamentablemente no hemos podido adaptarlo para personas de movilidad limitada.<\/li>\n<li style=\"text-align: justify;\">No hay televisi\u00f3n.<\/li>\n<li style=\"text-align: justify;\">Fumadores.\u00a0No est\u00e1 permitido fumar en todo el interior del hotel, pero s\u00ed en las terrazas.<\/li>\n<li style=\"text-align: justify;\">Ni\u00f1os.\u00a0Bienvenidos a partir de los 8 a\u00f1os. Por favor, consultar posibles fechas si est\u00e1n planificando un evento familia con peque\u00f1os.<\/li>\n<li style=\"text-align: justify;\">Mascotas.\u00a0Por favor consultar.<\/li>\n<\/ul>\n<h2>Qu\u00e9 hacer<\/h2>\n<p style=\"text-align: justify;\">Hay una amplia gama de actividades como catas de vino, cursos de cocina, excursiones guiadas, para complementar el programa de trabajo y fomentar el esp\u00edritu de equipo.<\/p>\n<h3>Cursos de cocina<\/h3>\n<p style=\"text-align: justify;\">\u00bfLe fascina el mundo de la cocina profesional, sus secretos y trucos, su ajetreo? \u00bfLe gusta ver chefs \u201cen directo\u201d y preparar junto con ellos algunos de sus platos favoritos y charlar con ellos sobre el mundo de la gastronom\u00eda?<\/p>\n<p style=\"text-align: justify;\">\u00bfEst\u00e1 convencido de que la alimentaci\u00f3n tiene que ser sana y saludable?<\/p>\n<p style=\"text-align: justify;\">\u00bfCree tambi\u00e9n que de vez en cuando un break es imprescindible para poder enfrentarse con tranquilidad a los retos que nos plantea la vida en todos los campos, tanto profesional como personal?<\/p>\n<p style=\"text-align: justify;\">Durante dos d\u00edas convivir\u00e1n y compartir\u00e1n\u00a0 una experiencia \u00fanica con grandes chefs\u00a0 &#8211; su visi\u00f3n, sus inquietudes y sus preocupaciones. Los grandes protagonistas ser\u00e1n los productos que la tierra y la naturaleza nos proveen en sorprendente abundancia, verdadero \u201ckil\u00f3metro cero\u201d, con materia prima del campo al plato en el m\u00ednimo de tiempo<\/p>\n<p style=\"text-align: justify;\">Y como no es aconsejable solo cocinar, comer y tomar buenos caldos, haremos ejercicio f\u00edsico con excursiones por el huerto y el campo de alrededor para recolectar hierbas, plantas y verduras que luego estar\u00e1n elaboradas en las sesiones \u201cmano a mano\u201d con nuestros chefs colaboradores.<\/p>\n<h3>Cursos de arte<\/h3>\n<p style=\"text-align: justify;\">Aut\u00e9nticos paisajes v\u00edrgenes donde todav\u00eda el hombre no ha puesto su mano, y magnificas vistas ofrecen el contexto perfecto para realizar cursos de Arte y Pintura. La comarca Matarranya compite en belleza mediterr\u00e1nea con la Provenza francesa que inspir\u00f3 a los impresionistas como C\u00e9zanne y Matisse y el pueblo cercano de Horta de Joan y els Ports de Beceite sirvieron de inspiraci\u00f3n a\u00a0 Picasso cuando pas\u00f3 los veranos de 1898 y 1909.<\/p>\n<h3>Catas de vinos, cavas y champagnes<\/h3>\n<p style=\"text-align: justify;\">Catas en la propia bodega medieval del hotel realizadas por en\u00f3logos reconocidos, con especial \u00e9nfasis en dar a conocer los vinos de la comarca y de las denominaciones vecinas de Montsant, Priorat y Terra Alta.<\/p>\n<h2>C\u00f3mo llegar<\/h2>\n<p style=\"text-align: justify;\">La Torre del Visco se encuentra a 174 km de Teruel, a 164 km del Aeropuerto de Zaragoza y a 179 km del Aeropuerto de Huesca.<\/p>\n<p>Latitud: N 40\u00ba 51&#8242;\u00a030.043&#8221;<br \/>\nLongitud: E 0\u00ba 4&#8242;\u00a035.839&#8221;<br \/>\nAltitud: 544m<\/p>","protected":false},"featured_media":14793,"comment_status":"open","ping_status":"closed","template":"","meta":{"_job_location":"Partida Torre del Visco s\/n 44587 Fuentespalda Teruel, Espa\u00f1a","_company_website":"","_company_tagline":"Jardines, patios, fuentes, terrazas y plantas arom\u00e1ticas enmarcan esta mas\u00eda noble del siglo XV perteneciente a la prestigiosa asociaci\u00f3n Relais & Ch\u00e2teaux.","_company_twitter":"","_filled":0,"_featured":0},"job_listing_region":[105],"job-categories":[97,173,98],"venue_type":[150,142,138,149,145],"wedding_style":[],"class_list":["post-14597","job_listing","type-job_listing","status-publish","has-post-thumbnail","hentry","job_listing_region-aragon","job_listing_category-room","job_listing_category-newyear","job_listing_category-wedding","people-335","budget-212","accommodation-yes","venue_type-boutique-hotel","venue_type-mountain-view","venue_type-astle-palace","venue_type-hotel","venue_type-gardensmarquee-site","other-outside-space","other-car-parking","other-exclusive-use","job_listing_tag-boda-en-castillo","job_listing_tag-boda-en-teruel","job_listing_tag-outside-space","job_listing_tag-espacio-eventos","job_listing_tag-espacio-unico","job_listing_tag-eventos-empresa","job_listing_tag-car-parking","job_listing_tag-venue-for-wedding"],"_links":{"self":[{"href":"https:\/\/perfectvenue.es\/es\/wp-json\/wp\/v2\/job-listings\/14597","targetHints":{"allow":["GET"]}}],"collection":[{"href":"https:\/\/perfectvenue.es\/es\/wp-json\/wp\/v2\/job-listings"}],"about":[{"href":"https:\/\/perfectvenue.es\/es\/wp-json\/wp\/v2\/types\/job_listing"}],"replies":[{"embeddable":true,"href":"https:\/\/perfectvenue.es\/es\/wp-json\/wp\/v2\/comments?post=14597"}],"wp:featuredmedia":[{"embeddable":true,"href":"https:\/\/perfectvenue.es\/es\/wp-json\/wp\/v2\/media\/14793"}],"wp:attachment":[{"href":"https:\/\/perfectvenue.es\/es\/wp-json\/wp\/v2\/media?parent=14597"}],"wp:term":[{"taxonomy":"job_listing_region","embeddable":true,"href":"https:\/\/perfectvenue.es\/es\/wp-json\/wp\/v2\/job_listing_region?post=14597"},{"taxonomy":"job_listing_category","embeddable":true,"href":"https:\/\/perfectvenue.es\/es\/wp-json\/wp\/v2\/job-categories?post=14597"},{"taxonomy":"venue_type","embeddable":true,"href":"https:\/\/perfectvenue.es\/es\/wp-json\/wp\/v2\/venue_type?post=14597"},{"taxonomy":"wedding_style","embeddable":true,"href":"https:\/\/perfectvenue.es\/es\/wp-json\/wp\/v2\/wedding_style?post=14597"}],"curies":[{"name":"wp","href":"https:\/\/api.w.org\/{rel}","templated":true}]}}

<p></p>
<h2>Historia</h2>
<p style="text-align: justify;">La Torre del Visco es una masía noble perteneciente a la prestigiosa asociación Relais &amp; Châteaux que data del siglo XV. Situada en una preciosa finca llena de huertos, bosques de pinos y olivos, a esta masía se accede por una espectacular pista forestal de seis kilómetros.</p>
<p style="text-align: justify;">Los británicos Jemma Markham y Piers Dutton llegaron a España en los años 70 para trabajar en las principales editoriales británicas con sede en Madrid y 20 años después decidieron cambiar de rumbo y volver a sus raíces rurales. Pronto se enamoraron de la masía y de su Torre, en la comarca del Matarranya, donde hoy alojan a sus huéspedes.</p>
<h2>Bodas y Eventos</h2>
<p style="text-align: justify;">La Torre del Visco es un espacio exclusivo y con encanto, ideal para celebrar una boda íntima y romántica. Cuenta con elegantes salones con chimenea y preciosos patios con fuentes, terrazas y espectaculares jardines. Si queréis celebrar una ceremonia religiosa, cerca del hotel se encuentra la pequeña ermita de San Pedro de Verona.</p>
<h3 style="text-align: justify;">Celebraciones</h3>
<p style="text-align: justify;">Este espacio cuenta con un equipo excepcional para ayudar a los clientes a organizar el evento a medida, cuidando los detalles al máximo y asegurando su éxito ya sea un aniversario, un cumpleaños, un bautizo, una boda o cualquier reunión.</p>
<p style="text-align: justify;">La elegante y luminosa sala con chimenea y vistas a los jardines y a lo lejos a las montañas que rodean el valle del río Tastavins, tiene capacidad para 30 personas. Para reuniones más distendidas o trabajos en grupo está la biblioteca y los salones.</p>
<h3 style="text-align: justify;">Uso exclusivo</h3>
<p style="text-align: justify;">El hotel se puede cerrar para disfrutar de todas sus estancias de manera exclusiva, como si de vuestra propia casa de campo se tratara, y con total privacidad.</p>
<h3 style="text-align: justify;">Reuniones y retreats</h3>
<p style="text-align: justify;">La Torre del Visco también es el lugar idóneo para celebrar reuniones de negocios y equipos, como un consejo de dirección en la más absoluta confidencialidad, ya que es un espacio tranquilo donde las interrupciones no tienen cabida y el tiempo se aprovecha al máximo.</p>
<p style="text-align: justify;">Por otro lado, las características del entorno se prestan especialmente para la presentaciones de nuevos modelos de coches, sobre todo los 4&#215;4.</p>
<p style="text-align: justify;">Acceso helicópteros y mini bus.</p>
<h3>Detalles</h3>
<p style="text-align: justify;"><span class="gmail-strong">¿Celebras más de un evento al día? </span>No<br />
<span class="gmail-strong">¿Dispones de cocina propia? Sí<br />
</span><span class="gmail-strong">¿Qué tipo de cocina sirves? Tradicional, típica regional, de autor.<br />
</span><span class="gmail-strong">¿Tienes límite de hora en las celebraciones? Sí, 02:00.<br />
</span><span class="gmail-strong">Exclusividad fotógrafo: No<br />
</span><span class="gmail-strong">Exclusividad música: No<br />
</span><span class="gmail-strong">Exclusividad floristas: No<br />
</span><span class="gmail-strong">¿Existe algún pago fijo por el lugar? No<br />
</span><span class="gmail-strong">¿Aceptáis mascotas? </span>Sí<br />
¿Tenéis alojamiento? Sí, situado en un punto estratégico entre Madrid y Barcelona el hotel ofrece 17 habitaciones y distintos ambientes que se adaptan a las necesidades de cada programa de trabajo.<br />
Precio menú: desde 150€</p>
<h3>Notas</h3>
<ul>
<li style="text-align: justify;">Barreras arquitectónicas. Por las características del hotel, medieval, laberíntico, construido en una ladera, lamentablemente no hemos podido adaptarlo para personas de movilidad limitada.</li>
<li style="text-align: justify;">No hay televisión.</li>
<li style="text-align: justify;">Fumadores. No está permitido fumar en todo el interior del hotel, pero sí en las terrazas.</li>
<li style="text-align: justify;">Niños. Bienvenidos a partir de los 8 años. Por favor, consultar posibles fechas si están planificando un evento familia con pequeños.</li>
<li style="text-align: justify;">Mascotas. Por favor consultar.</li>
</ul>
<h2>Qué hacer</h2>
<p style="text-align: justify;">Hay una amplia gama de actividades como catas de vino, cursos de cocina, excursiones guiadas, para complementar el programa de trabajo y fomentar el espíritu de equipo.</p>
<h3>Cursos de cocina</h3>
<p style="text-align: justify;">¿Le fascina el mundo de la cocina profesional, sus secretos y trucos, su ajetreo? ¿Le gusta ver chefs “en directo” y preparar junto con ellos algunos de sus platos favoritos y charlar con ellos sobre el mundo de la gastronomía?</p>
<p style="text-align: justify;">¿Está convencido de que la alimentación tiene que ser sana y saludable?</p>
<p style="text-align: justify;">¿Cree también que de vez en cuando un break es imprescindible para poder enfrentarse con tranquilidad a los retos que nos plantea la vida en todos los campos, tanto profesional como personal?</p>
<p style="text-align: justify;">Durante dos días convivirán y compartirán  una experiencia única con grandes chefs  &#8211; su visión, sus inquietudes y sus preocupaciones. Los grandes protagonistas serán los productos que la tierra y la naturaleza nos proveen en sorprendente abundancia, verdadero “kilómetro cero”, con materia prima del campo al plato en el mínimo de tiempo</p>
<p style="text-align: justify;">Y como no es aconsejable solo cocinar, comer y tomar buenos caldos, haremos ejercicio físico con excursiones por el huerto y el campo de alrededor para recolectar hierbas, plantas y verduras que luego estarán elaboradas en las sesiones “mano a mano” con nuestros chefs colaboradores.</p>
<h3>Cursos de arte</h3>
<p style="text-align: justify;">Auténticos paisajes vírgenes donde todavía el hombre no ha puesto su mano, y magnificas vistas ofrecen el contexto perfecto para realizar cursos de Arte y Pintura. La comarca Matarranya compite en belleza mediterránea con la Provenza francesa que inspiró a los impresionistas como Cézanne y Matisse y el pueblo cercano de Horta de Joan y els Ports de Beceite sirvieron de inspiración a  Picasso cuando pasó los veranos de 1898 y 1909.</p>
<h3>Catas de vinos, cavas y champagnes</h3>
<p style="text-align: justify;">Catas en la propia bodega medieval del hotel realizadas por enólogos reconocidos, con especial énfasis en dar a conocer los vinos de la comarca y de las denominaciones vecinas de Montsant, Priorat y Terra Alta.</p>
<h2>Cómo llegar</h2>
<p style="text-align: justify;">La Torre del Visco se encuentra a 174 km de Teruel, a 164 km del Aeropuerto de Zaragoza y a 179 km del Aeropuerto de Huesca.</p>
<p>Latitud: N 40º 51&#8242; 30.043&#8221;<br />
Longitud: E 0º 4&#8242; 35.839&#8221;<br />
Altitud: 544m</p>

Partida Torre del Visco s/n 44587 Fuentespalda Teruel, España

Jardines, patios, fuentes, terrazas y plantas aromáticas enmarcan esta masía noble del siglo XV perteneciente a la prestigiosa asociación Relais & Châteaux.
