{"id":14559,"date":"2017-10-27T12:22:46","date_gmt":"2017-10-27T09:22:46","guid":{"rendered":"https:\/\/perfectvenue.es\/?post_type=job_listing&#038;p=14559"},"modified":"2023-02-20T16:00:52","modified_gmt":"2023-02-20T13:00:52","slug":"hotel-aire-de-bardenas","status":"publish","type":"job_listing","link":"https:\/\/perfectvenue.es\/es\/listings\/hotel-aire-de-bardenas\/","title":{"rendered":"Hotel Aire de Bardenas"},"content":{"rendered":"<p><\/p>\n<h2>Historia<\/h2>\n<p style=\"text-align: justify;\">Ubicado a unos 7 km del centro de Tudela, junto al Parque Natural de las Bardenas Reales de Navarra, se encuentra el exclusivo hotel Aire de Bardenas. En medio del campo de trigo, integrado en la naturaleza y aislado de todo ruido, este hotel cuenta con un dise\u00f1o \u00fanico, muy buena gastronom\u00eda y mucha comodidad.<\/p>\n<h2>Bodas y Eventos<\/h2>\n<p style=\"text-align: justify;\">Su arquitectura e interiorismo han sido premiados en 26 ocasiones y sus im\u00e1genes son conocidas a nivel mundial gracias a las m\u00e1s de 350 publicaciones donde ha aparecido, algo que no es de extra\u00f1ar debido a su espectacular dise\u00f1o. Celebrar una boda en el hotel Aire de Bardenas es sin\u00f3nimo de celebraci\u00f3n \u00fanica. Con unas maravillosas vistas, en este entorno se respira paz y tranquilidad.<\/p>\n<p style=\"text-align: justify;\">El espacio cuenta con dos restaurantes y las instalaciones de su carpa, id\u00f3nea para bodas en exterior. Este lugar exclusivo sin duda sorprender\u00e1 a los asistentes por su originalidad.<\/p>\n<p style=\"text-align: justify;\">Adem\u00e1s, el Hotel Aire de Bardenas se ha convertido en varias ocasiones en un set de rodaje para anuncios y videoclips, as\u00ed como para sesiones fotogr\u00e1ficas.<\/p>\n<h3>Detalles<\/h3>\n<ul>\n<li><span class=\"gmail-strong\">\u00bfCelebras m\u00e1s de un evento al d\u00eda?\u00a0<\/span>No<\/li>\n<li><span class=\"gmail-strong\">\u00bfDispones de cocina propia? S\u00ed<\/span><\/li>\n<li><span class=\"gmail-strong\">\u00bfQu\u00e9 tipo de cocina sirves? Tradicional, t\u00edpica regional, de autor.<\/span><\/li>\n<li><span class=\"gmail-strong\">\u00bfTienes l\u00edmite de hora en las celebraciones? No<\/span><\/li>\n<li><span class=\"gmail-strong\">Exclusividad fot\u00f3grafo: S\u00ed<\/span><\/li>\n<li><span class=\"gmail-strong\">Exclusividad m\u00fasica: S\u00ed<\/span><\/li>\n<li><span class=\"gmail-strong\">Exclusividad floristas:\u00a0<\/span>S\u00ed<\/li>\n<li><span class=\"gmail-strong\">\u00bfExiste alg\u00fan pago fijo por el lugar? No<\/span><\/li>\n<li><span class=\"gmail-strong\">\u00bfAcept\u00e1is mascotas?\u00a0<\/span>S\u00ed.<\/li>\n<\/ul>\n<h2>Alojamiento<\/h2>\n<p style=\"text-align: justify;\">El hotel dispone de distintos tipos de habitaciones, desde cubos exentos con vistas sobre el campo de trigo a habitaciones dobles con patio privado y una gran ba\u00f1era exterior, para disfrutarla al aire libre.<\/p>\n<p style=\"text-align: justify;\">Adem\u00e1s si aun no tienes hijos y quieres sorpdender a tu pareja hay habitaciones denominadas BUBBLE. Esta habitaci\u00f3n, dise\u00f1ada en forma de burbuja, ofrece techo panor\u00e1mico transparente. Adem\u00e1s, hay calefacci\u00f3n y ba\u00f1o con ducha.<\/p>\n<p style=\"text-align: justify;\">Todas las habitaciones de este hotel de dise\u00f1o incluyen TV de pantalla plana, albornoces y zapatillas. Adem\u00e1s, est\u00e1n totalmente insonorizadas.<\/p>\n<h2>C\u00f3mo llegar<\/h2>\n<p>Hotel aire de Bardenas esta situado a 3km\u00a0de Tudela, Navarra.\u00a0Aproximadamente a 1 hora del aeropuerto de Zaragoza,\u00a0ya a 250km\u00a0de Bilbao.<\/p>\n<p>Latitud: N 42\u00ba 4&#8242;\u00a043.519&#8221;<br \/>\nLongitud: O 1\u00ba 33&#8242;\u00a055.522&#8221;<br \/>\nAltitud: 287m<\/p>","protected":false},"featured_media":23076,"comment_status":"open","ping_status":"closed","template":"","meta":{"_job_location":"Carretera de Ejea, km. 1,5, 31500 Tudela, Navarra, Espa\u00f1a","_company_website":"","_company_tagline":"Un oasis en medio del desierto. El dise\u00f1o del Aire de Bardenas y su impresionante entorno le han convertido en un solicitado set de rodaje.","_company_twitter":"","_filled":0,"_featured":0},"job_listing_region":[118],"job-categories":[819,1368,98],"venue_type":[150,143,192,149],"wedding_style":[],"class_list":["post-14559","job_listing","type-job_listing","status-publish","has-post-thumbnail","hentry","job_listing_region-navarra","job_listing_category-anniversary","job_listing_category-elopement","job_listing_category-wedding","people-167","budget-334","accommodation-yes","venue_type-boutique-hotel","venue_type-desert-view","venue_type-espacio-unico","venue_type-hotel","other-outside-space","other-car-parking","other-dog-friendly","job_listing_tag-boda-en-navarra","job_listing_tag-dog-friendly","job_listing_tag-outside-space","job_listing_tag-espacio-unico","job_listing_tag-eventos-empresa","job_listing_tag-car-parking","job_listing_tag-uso-exclusivo","job_listing_tag-venue-for-wedding"],"_links":{"self":[{"href":"https:\/\/perfectvenue.es\/es\/wp-json\/wp\/v2\/job-listings\/14559","targetHints":{"allow":["GET"]}}],"collection":[{"href":"https:\/\/perfectvenue.es\/es\/wp-json\/wp\/v2\/job-listings"}],"about":[{"href":"https:\/\/perfectvenue.es\/es\/wp-json\/wp\/v2\/types\/job_listing"}],"replies":[{"embeddable":true,"href":"https:\/\/perfectvenue.es\/es\/wp-json\/wp\/v2\/comments?post=14559"}],"wp:featuredmedia":[{"embeddable":true,"href":"https:\/\/perfectvenue.es\/es\/wp-json\/wp\/v2\/media\/23076"}],"wp:attachment":[{"href":"https:\/\/perfectvenue.es\/es\/wp-json\/wp\/v2\/media?parent=14559"}],"wp:term":[{"taxonomy":"job_listing_region","embeddable":true,"href":"https:\/\/perfectvenue.es\/es\/wp-json\/wp\/v2\/job_listing_region?post=14559"},{"taxonomy":"job_listing_category","embeddable":true,"href":"https:\/\/perfectvenue.es\/es\/wp-json\/wp\/v2\/job-categories?post=14559"},{"taxonomy":"venue_type","embeddable":true,"href":"https:\/\/perfectvenue.es\/es\/wp-json\/wp\/v2\/venue_type?post=14559"},{"taxonomy":"wedding_style","embeddable":true,"href":"https:\/\/perfectvenue.es\/es\/wp-json\/wp\/v2\/wedding_style?post=14559"}],"curies":[{"name":"wp","href":"https:\/\/api.w.org\/{rel}","templated":true}]}}

<p></p>
<h2>Historia</h2>
<p style="text-align: justify;">Ubicado a unos 7 km del centro de Tudela, junto al Parque Natural de las Bardenas Reales de Navarra, se encuentra el exclusivo hotel Aire de Bardenas. En medio del campo de trigo, integrado en la naturaleza y aislado de todo ruido, este hotel cuenta con un diseño único, muy buena gastronomía y mucha comodidad.</p>
<h2>Bodas y Eventos</h2>
<p style="text-align: justify;">Su arquitectura e interiorismo han sido premiados en 26 ocasiones y sus imágenes son conocidas a nivel mundial gracias a las más de 350 publicaciones donde ha aparecido, algo que no es de extrañar debido a su espectacular diseño. Celebrar una boda en el hotel Aire de Bardenas es sinónimo de celebración única. Con unas maravillosas vistas, en este entorno se respira paz y tranquilidad.</p>
<p style="text-align: justify;">El espacio cuenta con dos restaurantes y las instalaciones de su carpa, idónea para bodas en exterior. Este lugar exclusivo sin duda sorprenderá a los asistentes por su originalidad.</p>
<p style="text-align: justify;">Además, el Hotel Aire de Bardenas se ha convertido en varias ocasiones en un set de rodaje para anuncios y videoclips, así como para sesiones fotográficas.</p>
<h3>Detalles</h3>
<ul>
<li><span class="gmail-strong">¿Celebras más de un evento al día? </span>No</li>
<li><span class="gmail-strong">¿Dispones de cocina propia? Sí</span></li>
<li><span class="gmail-strong">¿Qué tipo de cocina sirves? Tradicional, típica regional, de autor.</span></li>
<li><span class="gmail-strong">¿Tienes límite de hora en las celebraciones? No</span></li>
<li><span class="gmail-strong">Exclusividad fotógrafo: Sí</span></li>
<li><span class="gmail-strong">Exclusividad música: Sí</span></li>
<li><span class="gmail-strong">Exclusividad floristas: </span>Sí</li>
<li><span class="gmail-strong">¿Existe algún pago fijo por el lugar? No</span></li>
<li><span class="gmail-strong">¿Aceptáis mascotas? </span>Sí.</li>
</ul>
<h2>Alojamiento</h2>
<p style="text-align: justify;">El hotel dispone de distintos tipos de habitaciones, desde cubos exentos con vistas sobre el campo de trigo a habitaciones dobles con patio privado y una gran bañera exterior, para disfrutarla al aire libre.</p>
<p style="text-align: justify;">Además si aun no tienes hijos y quieres sorpdender a tu pareja hay habitaciones denominadas BUBBLE. Esta habitación, diseñada en forma de burbuja, ofrece techo panorámico transparente. Además, hay calefacción y baño con ducha.</p>
<p style="text-align: justify;">Todas las habitaciones de este hotel de diseño incluyen TV de pantalla plana, albornoces y zapatillas. Además, están totalmente insonorizadas.</p>
<h2>Cómo llegar</h2>
<p>Hotel aire de Bardenas esta situado a 3km de Tudela, Navarra. Aproximadamente a 1 hora del aeropuerto de Zaragoza, ya a 250km de Bilbao.</p>
<p>Latitud: N 42º 4&#8242; 43.519&#8221;<br />
Longitud: O 1º 33&#8242; 55.522&#8221;<br />
Altitud: 287m</p>

Carretera de Ejea, km. 1,5, 31500 Tudela, Navarra, España

Un oasis en medio del desierto. El diseño del Aire de Bardenas y su impresionante entorno le han convertido en un solicitado set de rodaje.
