{"id":13140,"date":"2019-07-20T14:27:55","date_gmt":"2019-07-20T11:27:55","guid":{"rendered":"https:\/\/perfectvenue.es\/?post_type=job_listing&#038;p=13140"},"modified":"2021-12-01T16:46:20","modified_gmt":"2021-12-01T13:46:20","slug":"parador-de-zafra","status":"publish","type":"job_listing","link":"https:\/\/perfectvenue.es\/es\/listings\/parador-de-zafra\/","title":{"rendered":"Castillo de Zafra"},"content":{"rendered":"<p><\/p>\n<h2 style=\"text-align: justify;\">Historia<\/h2>\n<p style=\"text-align: justify;\">El Castillo de Zafra, Palacio de los Duques de Feria, se alza sobre un majestuoso castillo del siglo XV de amplias y elegantes estancias, que comenz\u00f3 a construirse en 1437 como residencia de los duques de Feria. El valor del palacio se expresa a trav\u00e9s de una espectacular fachada y de su majestuoso Patio Renacentista, en un enclave id\u00f3neo para descubrir el entorno monumental y los parajes de la zona. Te sorprender\u00e1 el grandioso interior, que conserva hermosos artesonados, arcones, herrajes, pasamanos y elementos decorativos pertenecientes al antiguo palacio. Habitaciones espaciosas y se\u00f1oriales, piscina y un cuidado jard\u00edn completan la oferta de Parador.<\/p>\n<p style=\"text-align: justify;\">Podr\u00e1s acceder a la preciosa ciudad de Zafra a trav\u00e9s de las puertas de su muralla. Una de las entradas m\u00e1s bellas es a trav\u00e9s de la Puerta de Jerez, donde la callejuela del Clavel te embelesar\u00e1. Enmarcada por un arco y decorada con azulejos, a la calle asoman peque\u00f1os y floridos balcones que dibujan la postal perfecta. Dar un paseo por las plazas, la Grande y la Chica, el comercio de la calle Sevilla, la Colegiata o visitar impresionantes iglesias como la de la Candelaria son los principales atractivos de esta localidad, tambi\u00e9n conocida como La Sevilla Chica.<\/p>\n<p style=\"text-align: justify;\">Te encantar\u00e1 conocer esta tierra de Templarios y Se\u00f1or\u00edos, pueblos de gente sencilla y encantadora, ricos en cultura y sabios en gastronom\u00eda.<\/p>\n<h2>Bodas y Eventos<\/h2>\n<p>Entre sus instalaciones destaca la capilla, con c\u00fapula g\u00f3tico-mud\u00e9jar, la Sala Dorada y su espectacular patio renacentista. Son unas estancias majestuosas para reunir hasta 300 invitados en las que os sentir\u00e9is como los nobles que vivieron all\u00ed hace cientos de a\u00f1os.<\/p>\n<p>El jard\u00edn de inspiraci\u00f3n \u00e1rabe es una joya paisaj\u00edstica por su vegetaci\u00f3n y por las murallas del parador de tel\u00f3n de fondo. Un lugar inmejorable para degustar un c\u00f3ctel de bienvenida inolvidable y para que tus fotos sean maravillosas.<\/p>\n<p>Y para una ceremonia recogida, con gran encanto y romanticismo, nada mejor que la capilla del recinto.<\/p>\n<h3>Detalles<\/h3>\n<div class=\"storefront-section\" data-order=\"4\">\n<ul class=\"bullet-list\">\n<li><span class=\"strong\"><span style=\"font-weight: 400;\">\u00bfQu\u00e9 tipo de eventos se puede celebrar en el espacio?: Bodas, MICE<\/span><\/span><\/li>\n<li><span class=\"strong\"><span style=\"font-weight: 400;\">Precio men\u00fa por persona (desde y hasta): a partir de<\/span> 95<span class=\"precio\">\u20ac<\/span>\u00a0<\/span><\/li>\n<li><span class=\"strong\">\u00bfCelebras m\u00e1s de un evento al d\u00eda?\u00a0<\/span>No<\/li>\n<li><span class=\"strong\">\u00bfDispones de catering\/cocina propia?\u00a0S\u00ed<\/span><\/li>\n<li><span class=\"strong\">\u00bfQu\u00e9 tipo de cocina sirves?\u00a0<\/span>Tradicional, t\u00edpica regional<\/li>\n<li>\u00bfEs posible adaptar o modificar los men\u00fas? S\u00ed<\/li>\n<li><span class=\"strong\">\u00bfTienes l\u00edmite de hora en las celebraciones?\u00a0<\/span>No<\/li>\n<li><span class=\"strong\">\u00bfDispones de alojamiento para invitados?\u00a0<\/span>S\u00ed<\/li>\n<li><span class=\"strong\">Exclusividad fot\u00f3grafo:\u00a0<\/span>No<\/li>\n<li><span class=\"strong\">Exclusividad m\u00fasica:\u00a0<\/span>No<\/li>\n<li><span class=\"strong\">Exclusividad catering:\u00a0<\/span>S\u00ed<\/li>\n<li><span class=\"strong\">\u00bfExiste alg\u00fan pago fijo por el lugar?\u00a0<\/span>No<\/li>\n<li><span class=\"strong\">\u00bfCu\u00e1l es el recargo en caso de no llegar al m\u00ednimo de invitados?\u00a0<\/span>No hay ning\u00fan recargo, ya que no hay n\u00famero m\u00ednimo de invitados<\/li>\n<li><span class=\"strong\">\u00bfDispones de acceso para discapacitados?\u00a0<\/span>S\u00ed<\/li>\n<\/ul>\n<\/div>\n<div class=\"storefront-section storefront-section-noBorder\" data-order=\"1\">\n<div id=\"app-vendor-slider-box\" class=\"storefront-slider\" data-sector=\"1\" data-id-empresa=\"3719\">\n<div data-section=\"photos\">\n<div class=\"swiper-container-load\">\n<div class=\"app-slider-container swiper-container dnone swiper-container-horizontal\" data-total-imgs=\"47\">\n<div class=\"swiper-wrapper\">\n<h2 class=\"swiper-slide swiper-slide-visible swiper-slide-prev\">Habitaciones<\/h2>\n<\/div>\n<\/div>\n<\/div>\n<\/div>\n<\/div>\n<\/div>\n<div class=\"views-field\"><\/div>\n<div class=\"views-field\"><span class=\"views-label views-label-field-rooms-accesible\">Total plazas:\u00a0<\/span>102<\/div>\n<div class=\"views-field\"><span class=\"views-label views-label-field-rooms-accesible\">Total habitaciones:\u00a0<\/span>51<\/div>\n<div class=\"views-field\"><\/div>\n<div class=\"views-field\">\n<h2>\u00bfQu\u00e9 hacer en Zafra?<\/h2>\n<p style=\"text-align: justify;\">Situada en un amplio valle, entre las sierras del Castellar y San Cristobal, la ciudad se encuentra muy bien comunicada con el resto de la provincia por su ubicaci\u00f3n, especialmente con Badajoz y Portugal. Durante los siglos XVI y XVII fue conocida por sus afamados talleres de artesan\u00eda y su importante industria del cuero.\u00a0Hoy d\u00eda es una ciudad moderna, dotada de una importante infraestructura comercial hotelera y de servicios.<\/p>\n<p style=\"text-align: justify;\"><span data-mce-mark=\"1\">Entre sus monumentos m\u00e1s afamados se encuentran el Alc\u00e1zar de los Duques de Feria, que alberga al Parador &#8220;Duques de Feria&#8221;, la Colegiata de St\u00aa Mar\u00eda de Candelaria, el Monasterio de Santa Clara, el Convento de Santa Catalina, la Iglesia de Santa Marina\u00a0(adosada al Alc\u00e1zar), y la\u00a0\u00a0Iglesia del Rosario, adem\u00e1s de sus plazas: Plaza Grande y Chica, Plaza de Espa\u00f1a o Plaza del Alc\u00e1zar.<\/span><\/p>\n<p style=\"text-align: justify;\">Visita y catas en Bodegas Medina.Visita a la almazara Molino de Zafra. Balneario El Raposo a 7 Kms de Zafra.Safari del jam\u00f3n por la Dehesa Extreme\u00f1a.Descubra el Toro de Lidia de la mano de un Maestro.Es posible realizar varias rutas de naturaleza en el entorno, como por ejemplo el Parque de Cornalvo (65 km), la Sierra de Hornachos (45 km), la Sierra de Tentudia (40 km), la Sierra de Aracena (180 km.)<\/p>\n<\/div>\n<h2>C\u00f3mo llegar al Castillo de Zafra<\/h2>\n<p style=\"text-align: justify;\">Zafra se encuentra a 141 km de Sevilla y a 60 km de M\u00e9rida por la Ruta de la Plata (N-630). Dista 73 km de Badajoz por la N-432 Badajoz-Granada. El Castillo de Zafra se encuentra en el centro de la ciudad<\/p>\n<p><\/p>","protected":false},"featured_media":13123,"comment_status":"open","ping_status":"closed","template":"","meta":{"_job_location":"Plaza Coraz\u00f3n de Mar\u00eda, 7 06300 Zafra Badajoz","_company_website":"","_company_tagline":"Castillo de Zafra se alza sobre un majestuoso castillo del s. XV, que comenz\u00f3 a construirse en el a\u00f1o 1437 como residencia de los Duques de Feria.","_company_twitter":"@perfectvenues_es","_filled":0,"_featured":0},"job_listing_region":[114],"job-categories":[97,1249,173,98],"venue_type":[138],"wedding_style":[],"class_list":["post-13140","job_listing","type-job_listing","status-publish","has-post-thumbnail","hentry","job_listing_region-extremadura","job_listing_category-room","job_listing_category-mice-venues","job_listing_category-newyear","job_listing_category-wedding","people-171","budget-324","accommodation-yes","venue_type-astle-palace","other-outside-space","other-exclusive-use","job_listing_tag-boda-badajoz","job_listing_tag-casarse-badajoz","job_listing_tag-castillo-de-zafra","job_listing_tag-wedding-extremadura","job_listing_tag-wedding-in-castle"],"_links":{"self":[{"href":"https:\/\/perfectvenue.es\/es\/wp-json\/wp\/v2\/job-listings\/13140","targetHints":{"allow":["GET"]}}],"collection":[{"href":"https:\/\/perfectvenue.es\/es\/wp-json\/wp\/v2\/job-listings"}],"about":[{"href":"https:\/\/perfectvenue.es\/es\/wp-json\/wp\/v2\/types\/job_listing"}],"replies":[{"embeddable":true,"href":"https:\/\/perfectvenue.es\/es\/wp-json\/wp\/v2\/comments?post=13140"}],"wp:featuredmedia":[{"embeddable":true,"href":"https:\/\/perfectvenue.es\/es\/wp-json\/wp\/v2\/media\/13123"}],"wp:attachment":[{"href":"https:\/\/perfectvenue.es\/es\/wp-json\/wp\/v2\/media?parent=13140"}],"wp:term":[{"taxonomy":"job_listing_region","embeddable":true,"href":"https:\/\/perfectvenue.es\/es\/wp-json\/wp\/v2\/job_listing_region?post=13140"},{"taxonomy":"job_listing_category","embeddable":true,"href":"https:\/\/perfectvenue.es\/es\/wp-json\/wp\/v2\/job-categories?post=13140"},{"taxonomy":"venue_type","embeddable":true,"href":"https:\/\/perfectvenue.es\/es\/wp-json\/wp\/v2\/venue_type?post=13140"},{"taxonomy":"wedding_style","embeddable":true,"href":"https:\/\/perfectvenue.es\/es\/wp-json\/wp\/v2\/wedding_style?post=13140"}],"curies":[{"name":"wp","href":"https:\/\/api.w.org\/{rel}","templated":true}]}}

<p></p>
<h2 style="text-align: justify;">Historia</h2>
<p style="text-align: justify;">El Castillo de Zafra, Palacio de los Duques de Feria, se alza sobre un majestuoso castillo del siglo XV de amplias y elegantes estancias, que comenzó a construirse en 1437 como residencia de los duques de Feria. El valor del palacio se expresa a través de una espectacular fachada y de su majestuoso Patio Renacentista, en un enclave idóneo para descubrir el entorno monumental y los parajes de la zona. Te sorprenderá el grandioso interior, que conserva hermosos artesonados, arcones, herrajes, pasamanos y elementos decorativos pertenecientes al antiguo palacio. Habitaciones espaciosas y señoriales, piscina y un cuidado jardín completan la oferta de Parador.</p>
<p style="text-align: justify;">Podrás acceder a la preciosa ciudad de Zafra a través de las puertas de su muralla. Una de las entradas más bellas es a través de la Puerta de Jerez, donde la callejuela del Clavel te embelesará. Enmarcada por un arco y decorada con azulejos, a la calle asoman pequeños y floridos balcones que dibujan la postal perfecta. Dar un paseo por las plazas, la Grande y la Chica, el comercio de la calle Sevilla, la Colegiata o visitar impresionantes iglesias como la de la Candelaria son los principales atractivos de esta localidad, también conocida como La Sevilla Chica.</p>
<p style="text-align: justify;">Te encantará conocer esta tierra de Templarios y Señoríos, pueblos de gente sencilla y encantadora, ricos en cultura y sabios en gastronomía.</p>
<h2>Bodas y Eventos</h2>
<p>Entre sus instalaciones destaca la capilla, con cúpula gótico-mudéjar, la Sala Dorada y su espectacular patio renacentista. Son unas estancias majestuosas para reunir hasta 300 invitados en las que os sentiréis como los nobles que vivieron allí hace cientos de años.</p>
<p>El jardín de inspiración árabe es una joya paisajística por su vegetación y por las murallas del parador de telón de fondo. Un lugar inmejorable para degustar un cóctel de bienvenida inolvidable y para que tus fotos sean maravillosas.</p>
<p>Y para una ceremonia recogida, con gran encanto y romanticismo, nada mejor que la capilla del recinto.</p>
<h3>Detalles</h3>
<div class="storefront-section" data-order="4">
<ul class="bullet-list">
<li><span class="strong"><span style="font-weight: 400;">¿Qué tipo de eventos se puede celebrar en el espacio?: Bodas, MICE</span></span></li>
<li><span class="strong"><span style="font-weight: 400;">Precio menú por persona (desde y hasta): a partir de</span> 95<span class="precio">€</span> </span></li>
<li><span class="strong">¿Celebras más de un evento al día? </span>No</li>
<li><span class="strong">¿Dispones de catering/cocina propia? Sí</span></li>
<li><span class="strong">¿Qué tipo de cocina sirves? </span>Tradicional, típica regional</li>
<li>¿Es posible adaptar o modificar los menús? Sí</li>
<li><span class="strong">¿Tienes límite de hora en las celebraciones? </span>No</li>
<li><span class="strong">¿Dispones de alojamiento para invitados? </span>Sí</li>
<li><span class="strong">Exclusividad fotógrafo: </span>No</li>
<li><span class="strong">Exclusividad música: </span>No</li>
<li><span class="strong">Exclusividad catering: </span>Sí</li>
<li><span class="strong">¿Existe algún pago fijo por el lugar? </span>No</li>
<li><span class="strong">¿Cuál es el recargo en caso de no llegar al mínimo de invitados? </span>No hay ningún recargo, ya que no hay número mínimo de invitados</li>
<li><span class="strong">¿Dispones de acceso para discapacitados? </span>Sí</li>
</ul>
</div>
<div class="storefront-section storefront-section-noBorder" data-order="1">
<div id="app-vendor-slider-box" class="storefront-slider" data-sector="1" data-id-empresa="3719">
<div data-section="photos">
<div class="swiper-container-load">
<div class="app-slider-container swiper-container dnone swiper-container-horizontal" data-total-imgs="47">
<div class="swiper-wrapper">
<h2 class="swiper-slide swiper-slide-visible swiper-slide-prev">Habitaciones</h2>
</div>
</div>
</div>
</div>
</div>
</div>
<div class="views-field"></div>
<div class="views-field"><span class="views-label views-label-field-rooms-accesible">Total plazas: </span>102</div>
<div class="views-field"><span class="views-label views-label-field-rooms-accesible">Total habitaciones: </span>51</div>
<div class="views-field"></div>
<div class="views-field">
<h2>¿Qué hacer en Zafra?</h2>
<p style="text-align: justify;">Situada en un amplio valle, entre las sierras del Castellar y San Cristobal, la ciudad se encuentra muy bien comunicada con el resto de la provincia por su ubicación, especialmente con Badajoz y Portugal. Durante los siglos XVI y XVII fue conocida por sus afamados talleres de artesanía y su importante industria del cuero. Hoy día es una ciudad moderna, dotada de una importante infraestructura comercial hotelera y de servicios.</p>
<p style="text-align: justify;"><span data-mce-mark="1">Entre sus monumentos más afamados se encuentran el Alcázar de los Duques de Feria, que alberga al Parador &#8220;Duques de Feria&#8221;, la Colegiata de Stª María de Candelaria, el Monasterio de Santa Clara, el Convento de Santa Catalina, la Iglesia de Santa Marina (adosada al Alcázar), y la  Iglesia del Rosario, además de sus plazas: Plaza Grande y Chica, Plaza de España o Plaza del Alcázar.</span></p>
<p style="text-align: justify;">Visita y catas en Bodegas Medina.Visita a la almazara Molino de Zafra. Balneario El Raposo a 7 Kms de Zafra.Safari del jamón por la Dehesa Extremeña.Descubra el Toro de Lidia de la mano de un Maestro.Es posible realizar varias rutas de naturaleza en el entorno, como por ejemplo el Parque de Cornalvo (65 km), la Sierra de Hornachos (45 km), la Sierra de Tentudia (40 km), la Sierra de Aracena (180 km.)</p>
</div>
<h2>Cómo llegar al Castillo de Zafra</h2>
<p style="text-align: justify;">Zafra se encuentra a 141 km de Sevilla y a 60 km de Mérida por la Ruta de la Plata (N-630). Dista 73 km de Badajoz por la N-432 Badajoz-Granada. El Castillo de Zafra se encuentra en el centro de la ciudad</p>
<p></p>

Plaza Corazón de María, 7 06300 Zafra Badajoz

Castillo de Zafra se alza sobre un majestuoso castillo del s. XV, que comenzó a construirse en el año 1437 como residencia de los Duques de Feria.
