{"id":12808,"date":"2012-05-26T14:07:22","date_gmt":"2012-05-26T11:07:22","guid":{"rendered":"https:\/\/perfectvenue.es\/?post_type=job_listing&#038;p=12808"},"modified":"2022-02-21T17:20:54","modified_gmt":"2022-02-21T14:20:54","slug":"royal-monastery-of-guadalupe","status":"publish","type":"job_listing","link":"https:\/\/perfectvenue.es\/es\/listings\/royal-monastery-of-guadalupe\/","title":{"rendered":"Real Monasterio de Guadalupe"},"content":{"rendered":"<p><\/p>\n<h2>Historia<\/h2>\n<p style=\"text-align: justify;\">El hotel Real Monasterio de Guadalupe est\u00e1 declarado Patrimonio de la Humanidad y se encuentra en la comarca cacere\u00f1a de Las Villuercas. El pueblo de Guadalupe posee un conjunto hist\u00f3rico de gran valor que se remonta a los siglos XV y XVI y que a\u00fan conserva su encanto original.<\/p>\n<p style=\"text-align: justify;\">El parador se encuentra en la Plaza de Santa Mar\u00eda y est\u00e1 formado por el templo-bas\u00edlica, el claustro mud\u00e9jar, el claustro g\u00f3tico y el edificio del audit\u00f3rium. Destaca adem\u00e1s su precioso jard\u00edn lleno de flores y fuentes y sus acogedoras habitaciones.<\/p>\n<p style=\"text-align: justify;\">Te sentir\u00e1s en la \u00e9poca medieval recorriendo su patio interior lleno de naranjos y limoneros, el sal\u00f3n chimenea o la piscina. El espacio cuenta con unas vistas incre\u00edbles a la sierra.<\/p>\n<p style=\"text-align: justify;\">Desde este lugar podr\u00e9is visitar bellos pueblos de la zona como Ca\u00f1amero, Logros\u00e1n o Berzocana, adem\u00e1s de disfrutar de la excelente gastronom\u00eda extreme\u00f1a.<\/p>\n<h2>Bodas y eventos<\/h2>\n<p><strong>Espacios y capacidades<\/strong><\/p>\n<p style=\"text-align: justify;\">Este parador cuenta con varias zonas dotadas de todos los equipamientos necesarios para realizar vuestro enlace:<\/p>\n<ul>\n<li style=\"text-align: justify;\">Sal\u00f3n Guadalupe, \u00edntimo y familiar, con una capacidad m\u00e1xima de 60 invitados<\/li>\n<li style=\"text-align: justify;\">Sal\u00f3n Altamira con una capacidad total para 100 personas<\/li>\n<li style=\"text-align: justify;\">Sal\u00f3n Mirabel con un amplio aforo para un m\u00e1ximo de 120 comensales<\/li>\n<li style=\"text-align: justify;\">Jard\u00edn (junto a fuentes de estilo \u00e1rabe) con capacidad para 180 comensales.<\/li>\n<\/ul>\n<h3>Deatalles<\/h3>\n<div class=\"storefrontFaqs__item\">\n<ul>\n<li class=\"storefrontFaqs__itemTitle\">\u00bfCelebras m\u00e1s de un evento al d\u00eda? <span style=\"color: inherit; font-family: inherit; font-size: inherit;\">No<\/span><\/li>\n<li class=\"storefrontFaqs__itemTitle\">\u00bfQu\u00e9 incluye el men\u00fa? Todos nuestros men\u00fas incluyen aperitivo, men\u00fa, dos horas de barra libre e IVA<\/li>\n<li class=\"storefrontFaqs__itemTitle\">\u00bfEs posible alquilar \u00fanicamente el espacio, sin el servicio de restauraci\u00f3n? <span style=\"color: inherit; font-family: inherit; font-size: inherit;\">No<\/span><\/li>\n<li class=\"storefrontFaqs__itemTitle\">\u00bfDispones de catering\/cocina propia? Cocina propia<\/li>\n<li class=\"storefrontFaqs__itemTitle\">\u00bfQu\u00e9 tipo de cocina sirves? <span style=\"color: inherit; font-family: inherit; font-size: inherit;\">Tradicional, t\u00edpica regional<\/span><\/li>\n<li class=\"storefrontFaqs__itemTitle\">\u00bfEs posible adaptar o modificar los men\u00fas? <span style=\"color: inherit; font-family: inherit; font-size: inherit;\">S\u00ed<\/span><\/li>\n<li class=\"storefrontFaqs__itemTitle\">\u00bfTienes l\u00edmite de hora en las celebraciones? <span style=\"color: inherit; font-family: inherit; font-size: inherit;\">S\u00ed, 05:00<\/span><\/li>\n<li class=\"storefrontFaqs__itemTitle\">\u00bfTeneis exclusividad fot\u00f3grafo\/catering\/musica?: <span style=\"color: inherit; font-family: inherit; font-size: inherit;\">No<\/span><\/li>\n<li class=\"storefrontFaqs__itemTitle\">\u00bfExiste alg\u00fan pago fijo por el lugar? <span style=\"color: inherit; font-family: inherit; font-size: inherit;\">S\u00ed, 2.000\u20ac de dep\u00f3sito como garant\u00eda por la reserva<\/span><\/li>\n<li class=\"storefrontFaqs__itemTitle\">\u00bfCu\u00e1l es el recargo en caso de no llegar al m\u00ednimo de invitados? <span style=\"color: inherit; font-family: inherit; font-size: inherit;\">7 d\u00edas antes necesitamos conocer el n\u00famero final de comensales<\/span><\/li>\n<li class=\"storefrontFaqs__itemTitle\">\u00bfC\u00f3mo se efect\u00faa el pago? <span style=\"color: inherit; font-family: inherit; font-size: inherit;\">Por transferencia bancaria, cheque conformado y 1.500\u20ac, como m\u00e1ximo, en efectivo<\/span><\/li>\n<li class=\"storefrontFaqs__itemTitle\">\u00bfDispones de acceso para personas con discapacidad? <span style=\"color: inherit; font-family: inherit; font-size: inherit;\">S\u00ed<\/span><\/li>\n<\/ul>\n<\/div>\n<h2>Habitaciones<\/h2>\n<p>Dobles: 6<br \/>\nDobles (cama matrimonio): 10<br \/>\nIndividuales: 2<br \/>\nDoble Superior: 20<br \/>\nJunior Suite: 3<br \/>\nTotal plazas: 80<br \/>\nTotal habitaciones: 41<\/p>\n<h2>C\u00f3mo llegar al Real Monasterio de Guadalupe<\/h2>\n<p style=\"text-align: justify;\">El Parador est\u00e1 situado en pleno centro de la localidad, junto al Real Monasterio, Patrimonio de la Humanidad. El punto de referencia desde Madrid (A-5) y norte de la Pen\u00ednsula (N-630) es Navalmoral de la Mata, distante 65 km del Parador. Desde C\u00e1ceres venimos por la N-521 hasta Trujillo, donde viramos direcci\u00f3n Zorita (EX208) y Logrosan-Guadalupe (EX102). Los accesos desde Portugal, Badajoz y Sur Peninsular van encaminados a M\u00e9rida por la N-630. Siguiendo hacia Madrid (A-5) nos salimos direcci\u00f3n Ciudad Real (N-430) hasta Obando donde nos desviamos a la izquierda por la EX116 hasta Guadalupe.<\/p>\n<p style=\"text-align: justify;\">Latitud: N 39\u00ba 27&#8242;\u00a08.769&#8221;<br \/>\nLongitud: O 5\u00ba 19&#8242;\u00a035.141&#8221;<br \/>\nAltitud: 652m<\/p>\n<p><\/p>","protected":false},"featured_media":12502,"comment_status":"open","ping_status":"closed","template":"","meta":{"_job_location":"C\/ Marqu\u00e9s de la Romana, 12 10140 Guadalupe C\u00e1ceres","_company_website":"","_company_tagline":"Con su precioso patio interior poblado de limoneros y naranjos, su recogida piscina, el sal\u00f3n chimenea, y sus vistas a la sierra y al monasterio","_company_twitter":"","_filled":0,"_featured":0},"job_listing_region":[114],"job-categories":[819,97,823,1249,98],"venue_type":[138],"wedding_style":[],"class_list":["post-12808","job_listing","type-job_listing","status-publish","has-post-thumbnail","hentry","job_listing_region-extremadura","job_listing_category-anniversary","job_listing_category-room","job_listing_category-engagement-party","job_listing_category-mice-venues","job_listing_category-wedding","people-167","budget-169","accommodation-yes","venue_type-astle-palace","other-outside-space","other-car-parking","other-exclusive-use","job_listing_tag-outside-space","job_listing_tag-espacio-eventos","job_listing_tag-eventos-empresa","job_listing_tag-car-parking","job_listing_tag-uso-exclusivo","job_listing_tag-venue-for-wedding","job_listing_tag-wedding-extremadura"],"_links":{"self":[{"href":"https:\/\/perfectvenue.es\/es\/wp-json\/wp\/v2\/job-listings\/12808","targetHints":{"allow":["GET"]}}],"collection":[{"href":"https:\/\/perfectvenue.es\/es\/wp-json\/wp\/v2\/job-listings"}],"about":[{"href":"https:\/\/perfectvenue.es\/es\/wp-json\/wp\/v2\/types\/job_listing"}],"replies":[{"embeddable":true,"href":"https:\/\/perfectvenue.es\/es\/wp-json\/wp\/v2\/comments?post=12808"}],"wp:featuredmedia":[{"embeddable":true,"href":"https:\/\/perfectvenue.es\/es\/wp-json\/wp\/v2\/media\/12502"}],"wp:attachment":[{"href":"https:\/\/perfectvenue.es\/es\/wp-json\/wp\/v2\/media?parent=12808"}],"wp:term":[{"taxonomy":"job_listing_region","embeddable":true,"href":"https:\/\/perfectvenue.es\/es\/wp-json\/wp\/v2\/job_listing_region?post=12808"},{"taxonomy":"job_listing_category","embeddable":true,"href":"https:\/\/perfectvenue.es\/es\/wp-json\/wp\/v2\/job-categories?post=12808"},{"taxonomy":"venue_type","embeddable":true,"href":"https:\/\/perfectvenue.es\/es\/wp-json\/wp\/v2\/venue_type?post=12808"},{"taxonomy":"wedding_style","embeddable":true,"href":"https:\/\/perfectvenue.es\/es\/wp-json\/wp\/v2\/wedding_style?post=12808"}],"curies":[{"name":"wp","href":"https:\/\/api.w.org\/{rel}","templated":true}]}}

<p></p>
<h2>Historia</h2>
<p style="text-align: justify;">El hotel Real Monasterio de Guadalupe está declarado Patrimonio de la Humanidad y se encuentra en la comarca cacereña de Las Villuercas. El pueblo de Guadalupe posee un conjunto histórico de gran valor que se remonta a los siglos XV y XVI y que aún conserva su encanto original.</p>
<p style="text-align: justify;">El parador se encuentra en la Plaza de Santa María y está formado por el templo-basílica, el claustro mudéjar, el claustro gótico y el edificio del auditórium. Destaca además su precioso jardín lleno de flores y fuentes y sus acogedoras habitaciones.</p>
<p style="text-align: justify;">Te sentirás en la época medieval recorriendo su patio interior lleno de naranjos y limoneros, el salón chimenea o la piscina. El espacio cuenta con unas vistas increíbles a la sierra.</p>
<p style="text-align: justify;">Desde este lugar podréis visitar bellos pueblos de la zona como Cañamero, Logrosán o Berzocana, además de disfrutar de la excelente gastronomía extremeña.</p>
<h2>Bodas y eventos</h2>
<p><strong>Espacios y capacidades</strong></p>
<p style="text-align: justify;">Este parador cuenta con varias zonas dotadas de todos los equipamientos necesarios para realizar vuestro enlace:</p>
<ul>
<li style="text-align: justify;">Salón Guadalupe, íntimo y familiar, con una capacidad máxima de 60 invitados</li>
<li style="text-align: justify;">Salón Altamira con una capacidad total para 100 personas</li>
<li style="text-align: justify;">Salón Mirabel con un amplio aforo para un máximo de 120 comensales</li>
<li style="text-align: justify;">Jardín (junto a fuentes de estilo árabe) con capacidad para 180 comensales.</li>
</ul>
<h3>Deatalles</h3>
<div class="storefrontFaqs__item">
<ul>
<li class="storefrontFaqs__itemTitle">¿Celebras más de un evento al día? <span style="color: inherit; font-family: inherit; font-size: inherit;">No</span></li>
<li class="storefrontFaqs__itemTitle">¿Qué incluye el menú? Todos nuestros menús incluyen aperitivo, menú, dos horas de barra libre e IVA</li>
<li class="storefrontFaqs__itemTitle">¿Es posible alquilar únicamente el espacio, sin el servicio de restauración? <span style="color: inherit; font-family: inherit; font-size: inherit;">No</span></li>
<li class="storefrontFaqs__itemTitle">¿Dispones de catering/cocina propia? Cocina propia</li>
<li class="storefrontFaqs__itemTitle">¿Qué tipo de cocina sirves? <span style="color: inherit; font-family: inherit; font-size: inherit;">Tradicional, típica regional</span></li>
<li class="storefrontFaqs__itemTitle">¿Es posible adaptar o modificar los menús? <span style="color: inherit; font-family: inherit; font-size: inherit;">Sí</span></li>
<li class="storefrontFaqs__itemTitle">¿Tienes límite de hora en las celebraciones? <span style="color: inherit; font-family: inherit; font-size: inherit;">Sí, 05:00</span></li>
<li class="storefrontFaqs__itemTitle">¿Teneis exclusividad fotógrafo/catering/musica?: <span style="color: inherit; font-family: inherit; font-size: inherit;">No</span></li>
<li class="storefrontFaqs__itemTitle">¿Existe algún pago fijo por el lugar? <span style="color: inherit; font-family: inherit; font-size: inherit;">Sí, 2.000€ de depósito como garantía por la reserva</span></li>
<li class="storefrontFaqs__itemTitle">¿Cuál es el recargo en caso de no llegar al mínimo de invitados? <span style="color: inherit; font-family: inherit; font-size: inherit;">7 días antes necesitamos conocer el número final de comensales</span></li>
<li class="storefrontFaqs__itemTitle">¿Cómo se efectúa el pago? <span style="color: inherit; font-family: inherit; font-size: inherit;">Por transferencia bancaria, cheque conformado y 1.500€, como máximo, en efectivo</span></li>
<li class="storefrontFaqs__itemTitle">¿Dispones de acceso para personas con discapacidad? <span style="color: inherit; font-family: inherit; font-size: inherit;">Sí</span></li>
</ul>
</div>
<h2>Habitaciones</h2>
<p>Dobles: 6<br />
Dobles (cama matrimonio): 10<br />
Individuales: 2<br />
Doble Superior: 20<br />
Junior Suite: 3<br />
Total plazas: 80<br />
Total habitaciones: 41</p>
<h2>Cómo llegar al Real Monasterio de Guadalupe</h2>
<p style="text-align: justify;">El Parador está situado en pleno centro de la localidad, junto al Real Monasterio, Patrimonio de la Humanidad. El punto de referencia desde Madrid (A-5) y norte de la Península (N-630) es Navalmoral de la Mata, distante 65 km del Parador. Desde Cáceres venimos por la N-521 hasta Trujillo, donde viramos dirección Zorita (EX208) y Logrosan-Guadalupe (EX102). Los accesos desde Portugal, Badajoz y Sur Peninsular van encaminados a Mérida por la N-630. Siguiendo hacia Madrid (A-5) nos salimos dirección Ciudad Real (N-430) hasta Obando donde nos desviamos a la izquierda por la EX116 hasta Guadalupe.</p>
<p style="text-align: justify;">Latitud: N 39º 27&#8242; 8.769&#8221;<br />
Longitud: O 5º 19&#8242; 35.141&#8221;<br />
Altitud: 652m</p>
<p></p>

C/ Marqués de la Romana, 12 10140 Guadalupe Cáceres

Con su precioso patio interior poblado de limoneros y naranjos, su recogida piscina, el salón chimenea, y sus vistas a la sierra y al monasterio
